000
CXUS54 KHGX 011417
CF6GLS
PRELIMINARY LOCAL CLIMATOLOGICAL DATA (WS FORM: F-6)

                                          STATION:   GALVESTON
                                          MONTH:     JANUARY
                                          YEAR:      2015
                                          LATITUDE:   29 16 N
                                          LONGITUDE:  94 52 W

  TEMPERATURE IN F:       :PCPN:    SNOW:  WIND      :SUNSHINE: SKY     :PK WND
================================================================================
1   2   3   4   5  6A  6B    7    8   9   10  11  12  13   14  15   16   17  18
                                     12Z  AVG MX 2MIN
DY MAX MIN AVG DEP HDD CDD  WTR  SNW DPTH SPD SPD DIR MIN PSBL S-S WX    SPD DR
================================================================================

 1  49  44  47  -8  18   0 0.06    M    0 14.6 24  20   M    M  10 1      28  20
 2  65  48  57   2   8   0 0.11  0.0    0 12.4 18 150   M    M  10 123    24 350
 3  66  47  57   2   8   0 0.05  0.0    0  6.7 23 270   M    M   8 13     27 280
 4  52  42  47  -8  18   0 0.00    M    0 16.1 29 340   M    M   0        35 350
 5  47  36  42 -13  23   0 0.00  0.0    0 12.1 28  10   M    M   0        35  10
 6  58  40  49  -6  16   0 0.00  0.0    0  3.3  9 130   M    M   0        11 130
 7  58  42  50  -5  15   0 0.00  0.0    0 12.6 29  20   M    M   6 1      37  20
 8  45  31  38 -17  27   0    T  0.0    0 10.6 25  20   M    M   1        31  20
 9  46  38  42 -13  23   0 0.04  0.0    0 16.1 24  10   M    M  10 18     29  10
10  49  39  44 -11  21   0 0.43    M    0 16.0 23  60   M    M  10 1      30  60
11  57  43  50  -5  15   0 1.36    M    0  8.8 23  10   M    M  10 13     26  10
12  49  46  48  -7  17   0 0.00  0.0    0 13.6 24 360   M    M  10 1      29 360
13  47  43  45 -10  20   0    T  0.0    0 15.0 22  10   M    M  10        28  20
14  44  41  43 -12  22   0 0.05  0.0    0 12.1 17 360   M    M  10 1      20 350
15  50  40  45 -10  20   0 0.22  0.0    0 10.6 21 350   M    M   6 1      26 350
16  55  41  48  -7  17   0 0.00  0.0    0  5.2  8 160   M    M   0        10 150
17  61  45  53  -2  12   0 0.00  0.0    0  5.2 14 200   M    M   2 1      18 190
18  62  45  54  -1  11   0 0.00  0.0    0  5.7 13  10   M    M   0 1      16  10
19  64  42  53  -2  12   0 0.00  0.0    0  6.8 14 140   M    M   0 1      17 150
20  66  52  59   4   6   0 0.00  0.0    0  5.5 13 130   M    M   4 128    15 130
21  62  56  59   4   6   0 0.02  0.0    0 10.4 22  60   M    M   7 12     28  50
22  61  46  54  -1  11   0 3.02    M    0 20.5 38 350   M    M  10 13     46 350
23  47  42  45 -10  20   0 0.08    M    0 18.7 29 340   M    M   9 1      35 340
24  58  41  50  -5  15   0 0.00  0.0    0 10.6 21 270   M    M   0        26 270
25  67  46  57   2   8   0 0.00  0.0    0  9.5 20 230   M    M   0        25 240
26  66  44  55   0  10   0 0.00  0.0    0  6.5 13 320   M    M   0        15 230
27  75  50  63   8   2   0 0.00  0.0    0  5.9 10 280   M    M   0        15 260
28  68  49  59   3   6   0 0.00  0.0    0  5.8 15 170   M    M   0 1      18 170
29  71  55  63   7   2   0 0.00  0.0    0  6.0 14 190   M    M   1 1      19 200
30  61  53  57   1   8   0 0.00  0.0    0 13.3 20  40   M    M   0        25  10
31  63  54  59   3   6   0 0.00  0.0    0 14.2 21  80   M    M   6 1      26 100
================================================================================
SM 1789 1381       423   0  5.44     0.0 330.4          M      140
================================================================================
AV 57.7 44.5                              10.7 FASTST   M    M   5    MAX(MPH)
                                 MISC ---->  # 38 350               # 46  350
================================================================================
NOTES:
# LAST OF SEVERAL OCCURRENCES

COLUMN 17 PEAK WIND IN M.P.H.

PRELIMINARY LOCAL CLIMATOLOGICAL DATA (WS FORM: F-6) , PAGE 2

                                          STATION:  GALVESTON
                                          MONTH:    JANUARY
                                          YEAR:     2015
                                          LATITUDE:   29 16 N
                                          LONGITUDE:  94 52 W

[TEMPERATURE DATA]      [PRECIPITATION DATA]       SYMBOLS USED IN COLUMN 16

AVERAGE MONTHLY: 51.1   TOTAL FOR MONTH:   5.44    1 = FOG OR MIST
DPTR FM NORMAL:  -4.1   DPTR FM NORMAL:    1.24    2 = FOG REDUCING VISIBILITY
HIGHEST:    75 ON 27    GRTST 24HR  3.10 ON 22-23      TO 1/4 MILE OR LESS
LOWEST:     31 ON  8                               3 = THUNDER
                        SNOW, ICE PELLETS, HAIL    4 = ICE PELLETS
                        TOTAL MONTH:   0.0 INCH    5 = HAIL
                        GRTST 24HR     0.0         6 = FREEZING RAIN OR DRIZZLE
                        GRTST DEPTH:   0           7 = DUSTSTORM OR SANDSTORM:
                                                       VSBY 1/2 MILE OR LESS
                                                   8 = SMOKE OR HAZE
[NO. OF DAYS WITH]      [WEATHER - DAYS WITH]      9 = BLOWING SNOW
                                                   X = TORNADO
MAX 32 OR BELOW:   0    0.01 INCH OR MORE:  11
MAX 90 OR ABOVE:   0    0.10 INCH OR MORE:   5
MIN 32 OR BELOW:   1    0.50 INCH OR MORE:   2
MIN  0 OR BELOW:   0    1.00 INCH OR MORE:   2

[HDD (BASE 65) ]
TOTAL THIS MO.   423    CLEAR  (SCALE 0-3)  15
DPTR FM NORMAL   114    PTCLDY (SCALE 4-7)   6
TOTAL FM JUL 1   769    CLOUDY (SCALE 8-10) 10
DPTR FM NORMAL   100

[CDD (BASE 65) ]
TOTAL THIS MO.     0
DPTR FM NORMAL    -5    [PRESSURE DATA]
TOTAL FM JAN 1     0    HIGHEST SLP 30.67 ON  8
DPTR FM NORMAL     0    LOWEST  SLP 29.86 ON  3

[REMARKS]
#FINAL-01-15#
