000
CXUS54 KFWD 300730
CF6GOP
PRELIMINARY LOCAL CLIMATOLOGICAL DATA (WS FORM: F-6)

                                          STATION:   GATESVILLE
                                          MONTH:     JUNE
                                          YEAR:      2015
                                          LATITUDE:   31 25 N
                                          LONGITUDE:  97 48 W

  TEMPERATURE IN F:       :PCPN:    SNOW:  WIND      :SUNSHINE: SKY     :PK WND
================================================================================
1   2   3   4   5  6A  6B    7    8   9   10  11  12  13   14  15   16   17  18
                                     12Z  AVG MX 2MIN
DY MAX MIN AVG DEP HDD CDD  WTR  SNW DPTH SPD SPD DIR MIN PSBL S-S WX    SPD DR
================================================================================

 1  84  63  74  -2   0   9 0.00  0.0    0  1.2  6 150   M    M   1         M  M
 2  90  66  78   2   0  13 0.00  0.0    0  3.0  9 150   M    M   1         M  M
 3  90  66  78   2   0  13 0.00  0.0    0  5.3 10 170   M    M   0        18 170
 4  90  68  79   2   0  14 0.00  0.0    0  4.3 10 150   M    M   0 1      17 140
 5  90  70  80   3   0  15 0.00  0.0    0  3.0  8 180   M    M   0 1       M  M
 6  91  70  81   4   0  16 0.00  0.0    0  2.0  6 150   M    M   0 1       M  M
 7  91  68  80   3   0  15 0.00  0.0    0  4.4 13 160   M    M   1         M  M
 8  93  72  83   5   0  18 0.00  0.0    0  2.7  8 250   M    M   0         M  M
 9  95  72  84   6   0  19 0.00  0.0    0  2.0  9 270   M    M   0         M  M
10  93  75  84   6   0  19 0.00  0.0    0  3.2  8 140   M    M   0        17 130
11  93  72  83   5   0  18 0.00  0.0    0  7.6 16 200   M    M   0        20 200
12  93  72  83   5   0  18 0.00  0.0    0  7.4 15 150   M    M   1 18     20 150
13  93  73  83   5   0  18 0.00  0.0    0  7.3 12 150   M    M   2 1      18 150
14  84  73  79   0   0  14 0.04  0.0    0  7.3 14 200   M    M   2        21 150
15  91  73  82   3   0  17 0.00  0.0    0  4.3  8 130   M    M   3 1      16 110
16  84  73  79   0   0  14 0.43  0.0    0  6.2  9  60   M    M   5 13     17 110
17  90  72  81   2   0  16 0.15  0.0    0 11.0 18 340   M    M   5 1      27 270
18  90  73  82   3   0  17 0.06  0.0    0  4.3 13 170   M    M   1 3      20 170
19  91  72  82   2   0  17 0.00  0.0    0  6.5 12 240   M    M   1 8      20 230
20  82  73  78  -2   0  13 0.01  0.0    0  6.6 15 190   M    M   0 18     22 190
21  88  72  80   0   0  15 0.03  0.0    0  6.8 13 180   M    M   3 138    20 190
22  91  72  82   2   0  17 0.00  0.0    0  5.8 14 200   M    M   3 18     23 200
23  91  72  82   2   0  17 0.00  0.0    0  3.9  9 150   M    M   1 1       M  M
24  91  72  82   2   0  17 0.00  0.0    0  2.9  8 150   M    M   1 1       M  M
25  93  73  83   3   0  18 0.00  0.0    0  4.6 10 160   M    M   0         M  M
26  93  75  84   3   0  19 0.00  0.0    0  6.5 12 210   M    M   1         M  M
27  88  72  80  -1   0  15 0.16  0.0    0  3.7 12 350   M    M   2 3      17 350
28  91  72  82   1   0  17 0.00  0.0    0  0.7  5 160   M    M   0 8       M  M
29  93  73  83   2   0  18 0.00  0.0    0  4.2 12 200   M    M   1 38      M  M
================================================================================
SM 2617 2069         0 466  0.88     0.0 138.7          M       35
================================================================================
AV 90.2 71.3                               4.8 FASTST   M    M   1    MAX(MPH)
                                 MISC ---->    18   M               # 27  270
================================================================================
NOTES:
# LAST OF SEVERAL OCCURRENCES

COLUMN 17 PEAK WIND IN M.P.H.

PRELIMINARY LOCAL CLIMATOLOGICAL DATA (WS FORM: F-6) , PAGE 2

                                          STATION:  GATESVILLE
                                          MONTH:    JUNE
                                          YEAR:     2015
                                          LATITUDE:   31 25 N
                                          LONGITUDE:  97 48 W

[TEMPERATURE DATA]      [PRECIPITATION DATA]       SYMBOLS USED IN COLUMN 16

AVERAGE MONTHLY: 80.8   TOTAL FOR MONTH:   0.88    1 = FOG OR MIST
DPTR FM NORMAL:   2.1   DPTR FM NORMAL:       M    2 = FOG REDUCING VISIBILITY
HIGHEST:    95 ON  9    GRTST 24HR  0.43 ON 16-16      TO 1/4 MILE OR LESS
LOWEST:     63 ON  1                               3 = THUNDER
                        SNOW, ICE PELLETS, HAIL    4 = ICE PELLETS
                        TOTAL MONTH:   0.0 INCH    5 = HAIL
                        GRTST 24HR     0.0         6 = FREEZING RAIN OR DRIZZLE
                        GRTST DEPTH:   0           7 = DUSTSTORM OR SANDSTORM:
                                                       VSBY 1/2 MILE OR LESS
                                                   8 = SMOKE OR HAZE
[NO. OF DAYS WITH]      [WEATHER - DAYS WITH]      9 = BLOWING SNOW
                                                   X = TORNADO
MAX 32 OR BELOW:   0    0.01 INCH OR MORE:   7
MAX 90 OR ABOVE:  23    0.10 INCH OR MORE:   3
MIN 32 OR BELOW:   0    0.50 INCH OR MORE:   0
MIN  0 OR BELOW:   0    1.00 INCH OR MORE:   0

[HDD (BASE 65) ]
TOTAL THIS MO.     0    CLEAR  (SCALE 0-3)  26
DPTR FM NORMAL     0    PTCLDY (SCALE 4-7)   3
TOTAL FM JUL 1  2077    CLOUDY (SCALE 8-10)  0
DPTR FM NORMAL  -380

[CDD (BASE 65) ]
TOTAL THIS MO.   466
DPTR FM NORMAL    69    [PRESSURE DATA]
TOTAL FM JAN 1   913    HIGHEST SLP M ON M
DPTR FM NORMAL   183    LOWEST  SLP M ON M

[REMARKS]
