958
CXUS55 KMSO 210900
CF6GPI
PRELIMINARY LOCAL CLIMATOLOGICAL DATA (WS FORM: F-6)

                                          STATION:   KALISPELL MT
                                          MONTH:     SEPTEMBER
                                          YEAR:      2017
                                          LATITUDE:   48 17 N
                                          LONGITUDE: 114 16 W

  TEMPERATURE IN F:       :PCPN:    SNOW:  WIND      :SUNSHINE: SKY     :PK WND
================================================================================
1   2   3   4   5  6A  6B    7    8   9   10  11  12  13   14  15   16   17  18
                                     12Z  AVG MX 2MIN
DY MAX MIN AVG DEP HDD CDD  WTR  SNW DPTH SPD SPD DIR MIN PSBL S-S WX    SPD DR
================================================================================

 1  89  40  65   5   0   0 0.00  0.0    0  7.2 22 170   M    M   0 8      27 150
 2  90  44  67   8   0   2 0.00  0.0    0  5.1 16 160   M    M   1 8      23 160
 3  89  42  66   7   0   1 0.00  0.0    0  6.4 28  20   M    M   6 18     35  10
 4  81  49  65   7   0   0 0.00  0.0    0 11.4 28  20   M    M   6 8      37  30
 5  80  40  60   2   5   0 0.00  0.0    0  2.5 13  30   M    M   7 18     19  20
 6  79  40  60   2   5   0 0.00  0.0    0  1.8  8  60   M    M  10 18     11  20
 7  80  43  62   4   3   0 0.00  0.0    0  1.7 10  50   M    M  10 18     14  40
 8  77  43  60   3   5   0 0.00  0.0    0  0.9  7 270   M    M  10 18      8  30
 9  87  45  66   9   0   1    T  0.0    0  7.3 22 270   M    M   7 18      M  M
10  82  48  65   9   0   0 0.00  0.0    0  8.1 18 220   M    M   3 8      22 220
11  82  36  59   3   6   0 0.00  0.0    0  4.5 16 180   M    M   0 8      22 160
12  84  36  60   4   5   0 0.00  0.0    0  3.1 18 160   M    M   1 18     22 160
13  76  41  59   4   6   0 0.00  0.0    0  9.7 30  30   M    M   5 18     39  40
14  55  47  51  -4  14   0 0.00  0.0    0 14.1 23  20   M    M   7 8      30  30
15  56  38  47  -7  18   0 0.00  0.0    0 10.1 18  30   M    M  10 8      23  40
16  60  33  47  -7  18   0 0.00  0.0    0  8.0 20 170   M    M   3 8      25 150
17  66  27  47  -7  18   0 0.00  0.0    0  5.9 20 170   M    M   3        24 170
18  59  40  50  -3  15   0 0.32  0.0    0  8.0 17 150   M    M  10 18     23 150
19  52  40  46  -7  19   0 0.01  0.0    0  4.7 16 200   M    M   9 13     20 200
20  56   M   M   M   M   M 0.09  0.0    0  8.3 16 210   M    M   9 1      22 200
================================================================================
SM 1480  772       137   4  0.42     0.0 128.8          M      117
================================================================================
AV 74.0 40.6                               6.4 FASTST   M    M   6    MAX(MPH)
                                 MISC ---->  # 30  30               # 39   40
================================================================================
NOTES:
# LAST OF SEVERAL OCCURRENCES

COLUMN 17 PEAK WIND IN M.P.H.

PRELIMINARY LOCAL CLIMATOLOGICAL DATA (WS FORM: F-6) , PAGE 2

                                          STATION:  KALISPELL MT
                                          MONTH:    SEPTEMBER
                                          YEAR:     2017
                                          LATITUDE:   48 17 N
                                          LONGITUDE: 114 16 W

[TEMPERATURE DATA]      [PRECIPITATION DATA]       SYMBOLS USED IN COLUMN 16

AVERAGE MONTHLY: 57.3   TOTAL FOR MONTH:   0.42    1 = FOG OR MIST
DPTR FM NORMAL:   1.2   DPTR FM NORMAL:   -0.55    2 = FOG REDUCING VISIBILITY
HIGHEST:    90 ON  2    GRTST 24HR  0.32 ON 17-18      TO 1/4 MILE OR LESS
LOWEST:     27 ON 17                               3 = THUNDER
                        SNOW, ICE PELLETS, HAIL    4 = ICE PELLETS
                        TOTAL MONTH:   0.0 INCH    5 = HAIL
                        GRTST 24HR     0.0         6 = FREEZING RAIN OR DRIZZLE
                        GRTST DEPTH:   0           7 = DUSTSTORM OR SANDSTORM:
                                                       VSBY 1/2 MILE OR LESS
                                                   8 = SMOKE OR HAZE
[NO. OF DAYS WITH]      [WEATHER - DAYS WITH]      9 = BLOWING SNOW
                                                   X = TORNADO
MAX 32 OR BELOW:   0    0.01 INCH OR MORE:   3
MAX 90 OR ABOVE:   1    0.10 INCH OR MORE:   1
MIN 32 OR BELOW:   1    0.50 INCH OR MORE:   0
MIN  0 OR BELOW:   0    1.00 INCH OR MORE:   0

[HDD (BASE 65) ]
TOTAL THIS MO.   137    CLEAR  (SCALE 0-3)   7
DPTR FM NORMAL   -45    PTCLDY (SCALE 4-7)   6
TOTAL FM JUL 1   186    CLOUDY (SCALE 8-10)  7
DPTR FM NORMAL  -166

[CDD (BASE 65) ]
TOTAL THIS MO.     4
DPTR FM NORMAL     3    [PRESSURE DATA]
TOTAL FM JAN 1   228    HIGHEST SLP M ON M
DPTR FM NORMAL    84    LOWEST  SLP 29.65 ON M

[REMARKS]
