000
CXGM50 PGUM 241850
CF6GSN
PRELIMINARY LOCAL CLIMATOLOGICAL DATA (WS FORM: F-6)

                                          STATION:   SAIPAN/ISLEY_(CGS) MP
                                          MONTH:     MAY
                                          YEAR:      2017
                                          LATITUDE:   15  7 N
                                          LONGITUDE: 145-44 E

  TEMPERATURE IN F:       :PCPN:    SNOW:  WIND      :SUNSHINE: SKY     :PK WND
================================================================================
1   2   3   4   5  6A  6B    7    8   9   10  11  12  13   14  15   16   17  18
                                     12Z  AVG MX 2MIN
DY MAX MIN AVG DEP HDD CDD  WTR  SNW DPTH SPD SPD DIR MIN PSBL S-S WX    SPD DR
================================================================================

 1  88  81  85   M   0  20 0.10  0.0    0 11.8 18  80   M    M   4        22  70
 2  88  77  83   M   0  18 0.06  0.0    0 14.3 22 100   M    M   5 1      27  80
 3  82  79  81   M   0  16 0.05  0.0    0 11.6 17  80   M    M   8         M  M
 4  87  81  84   M   0  19 0.00  0.0    0 16.7 22  80   M    M   4        28  80
 5  86  79  83   M   0  18 0.08  0.0    0 14.4 21  70   M    M   5        25  70
 6  88  79  84   M   0  19 0.11  0.0    0 15.8 23  70   M    M   5 1      32 120
 7  89  78  84   M   0  19    T  0.0    0 12.4 17  80   M    M   6        24 110
 8  89  77  83   M   0  18 0.01  0.0    0 12.4 18  90   M    M   5        23  80
 9  86  79  83   M   0  18    T  0.0    0 14.1 20  80   M    M   4        24  80
10  87  79  83   M   0  18 0.05  0.0    0 14.6 21  70   M    M   4 1      26  90
11  87  78  83   M   0  18 0.08  0.0    0 15.8 23  70   M    M   5 18     27  70
12  85  77  81   M   0  16 0.08  0.0    0 11.8 22  70   M    M   7 18     25  90
13  87  79  83   M   0  18 0.02  0.0    0 15.1 23  80   M    M   6        28  70
14  87  76  82   M   0  17 0.05  0.0    0 15.5 22  70   M    M   6 1      27  60
15  87  77  82   M   0  17 0.09  0.0    0 13.5 20 110   M    M   6 1      26  90
16  88  77  83   M   0  18 0.04  0.0    0 14.3 23 100   M    M   5        28  90
17  88  77  83   M   0  18 0.22  0.0    0 13.2 22 100   M    M   5 1      26 110
18  90  79  85   M   0  20 0.00  0.0    0 14.7 21 110   M    M   4        26 120
19  90  79  85   M   0  20 0.00  0.0    0 14.9 25  70   M    M   6        32  80
20  88  79  84   M   0  19    T  0.0    0 10.9 17 100   M    M   6        23 110
21  88  77  83   M   0  18 0.01  0.0    0  9.8 15  90   M    M   5        22  80
22  88  78  83   M   0  18 0.00  0.0    0 10.0 14 130   M    M   5         M  M
23  96  77  87   M   0  22 0.05  0.0    0  7.7 16 100   M    M   5 1      22 110
24  92  80  86   M   0  21    T  0.0    0  7.9 16 150   M    M   6 8      21 150
================================================================================
SM 2111 1879         0 443  1.10     0.0 313.2          M      127
================================================================================
AV 88.0 78.3                              13.1 FASTST   M    M   5    MAX(MPH)
                                 MISC ---->  # 25  70               # 32  120
================================================================================
NOTES:
# LAST OF SEVERAL OCCURRENCES

COLUMN 17 PEAK WIND IN M.P.H.

PRELIMINARY LOCAL CLIMATOLOGICAL DATA (WS FORM: F-6) , PAGE 2

                                          STATION:  SAIPAN/ISLEY_(CGS) MP
                                          MONTH:    MAY
                                          YEAR:     2017
                                          LATITUDE:   15  7 N
                                          LONGITUDE: 145-44 E

[TEMPERATURE DATA]      [PRECIPITATION DATA]       SYMBOLS USED IN COLUMN 16

AVERAGE MONTHLY: 83.1   TOTAL FOR MONTH:   1.10    1 = FOG OR MIST
DPTR FM NORMAL:     M   DPTR FM NORMAL:   -0.96    2 = FOG REDUCING VISIBILITY
HIGHEST:    96 ON 23    GRTST 24HR  0.22 ON 17-17      TO 1/4 MILE OR LESS
LOWEST:     76 ON 14                               3 = THUNDER
                        SNOW, ICE PELLETS, HAIL    4 = ICE PELLETS
                        TOTAL MONTH:   0.0 INCH    5 = HAIL
                        GRTST 24HR     0.0         6 = FREEZING RAIN OR DRIZZLE
                        GRTST DEPTH:   0           7 = DUSTSTORM OR SANDSTORM:
                                                       VSBY 1/2 MILE OR LESS
                                                   8 = SMOKE OR HAZE
[NO. OF DAYS WITH]      [WEATHER - DAYS WITH]      9 = BLOWING SNOW
                                                   X = TORNADO
MAX 32 OR BELOW:   0    0.01 INCH OR MORE:  16
MAX 90 OR ABOVE:   4    0.10 INCH OR MORE:   3
MIN 32 OR BELOW:   0    0.50 INCH OR MORE:   0
MIN  0 OR BELOW:   0    1.00 INCH OR MORE:   0

[HDD (BASE 65) ]
TOTAL THIS MO.     0    CLEAR  (SCALE 0-3)   0
DPTR FM NORMAL     M    PTCLDY (SCALE 4-7)  24
TOTAL FM JUL 1    25    CLOUDY (SCALE 8-10)  0
DPTR FM NORMAL     M

[CDD (BASE 65) ]
TOTAL THIS MO.   443
DPTR FM NORMAL     M    [PRESSURE DATA]
TOTAL FM JAN 1  2317    HIGHEST SLP M ON M
DPTR FM NORMAL     M    LOWEST  SLP 29.85 ON 24

[REMARKS]
