000
CXGM50 PGUM 191850
CF6GSN
PRELIMINARY LOCAL CLIMATOLOGICAL DATA (WS FORM: F-6)

                                          STATION:   SAIPAN/ISLEY_(CGS) MP
                                          MONTH:     OCTOBER
                                          YEAR:      2017
                                          LATITUDE:   15  7 N
                                          LONGITUDE: 145-44 E

  TEMPERATURE IN F:       :PCPN:    SNOW:  WIND      :SUNSHINE: SKY     :PK WND
================================================================================
1   2   3   4   5  6A  6B    7    8   9   10  11  12  13   14  15   16   17  18
                                     12Z  AVG MX 2MIN
DY MAX MIN AVG DEP HDD CDD  WTR  SNW DPTH SPD SPD DIR MIN PSBL S-S WX    SPD DR
================================================================================

 1  87  78  83   M   0  18 0.25  0.0    0  7.3 16 150   M    M   7 1      23 150
 2  87  77  82   M   0  17 0.07  0.0    0  9.4 20 120   M    M   4 1      25 120
 3  88  76  82   M   0  17 0.08  0.0    0  8.5 16 230   M    M   7 1      23 150
 4  87  75  81   M   0  16 0.13  0.0    0  8.2 17 110   M    M   7 1      24 120
 5  83  78  81   M   0  16 0.03  0.0    0  8.0 20  70   M    M   6 1      24  70
 6  90  77  84   M   0  19 0.02  0.0    0 10.0 17  30   M    M   5 1      24  10
 7  89  75  82   M   0  17 0.02  0.0    0 14.2 30  90   M    M   6 1      41  90
 8  89  82  86   M   0  21    T  0.0    0 13.5 22  90   M    M   6 1      26 110
 9  87  78  83   M   0  18 0.33  0.0    0 14.7 28  70   M    M   6 1      33  60
10  86  78  82   M   0  17 0.27  0.0    0 13.8 25  70   M    M   8 1      32  90
11  88  81  85   M   0  20 0.37  0.0    0 13.8 24 120   M    M   5 18     32 120
12  90  80  85   M   0  20 0.04  0.0    0 12.2 21  70   M    M   6 1      27 100
13  87  75  81   M   0  16 1.24  0.0    0 11.0 25 130   M    M   6 18     33 140
14  87  78  83   M   0  18 0.15  0.0    0 13.6 28  80   M    M   6 13     33  80
15  89  80  85   M   0  20 0.08  0.0    0 13.3 22  80   M    M   5 1      28  80
16   M   M   M   M   M   M    T    M    0 13.6 21  70   M    M   7 1      33  60
17  87  79  83   M   0  18 0.07  0.0    M 12.4 20 190   M    M   6 1      26 190
18  82  76  79   M   0  14 1.97  0.0    0 20.5 45 210   M    M   9 13     59 200
19  88  79  84   M   0  19 0.39  0.0    0 11.5 28 280   M    M   8 1      39 270
================================================================================
SM 1571 1402         0 321  5.51     0.0 229.5          M      120
================================================================================
AV 87.3 77.9                              12.1 FASTST   M    M   6    MAX(MPH)
                                 MISC ---->  # 45 210               # 59  200
================================================================================
NOTES:
# LAST OF SEVERAL OCCURRENCES

COLUMN 17 PEAK WIND IN M.P.H.

PRELIMINARY LOCAL CLIMATOLOGICAL DATA (WS FORM: F-6) , PAGE 2

                                          STATION:  SAIPAN/ISLEY_(CGS) MP
                                          MONTH:    OCTOBER
                                          YEAR:     2017
                                          LATITUDE:   15  7 N
                                          LONGITUDE: 145-44 E

[TEMPERATURE DATA]      [PRECIPITATION DATA]       SYMBOLS USED IN COLUMN 16

AVERAGE MONTHLY: 82.6   TOTAL FOR MONTH:   5.51    1 = FOG OR MIST
DPTR FM NORMAL:     M   DPTR FM NORMAL:   -1.93    2 = FOG REDUCING VISIBILITY
HIGHEST:    90 ON 12, 6 GRTST 24HR  1.97 ON 18-18      TO 1/4 MILE OR LESS
LOWEST:     75 ON 13, 7                            3 = THUNDER
                        SNOW, ICE PELLETS, HAIL    4 = ICE PELLETS
                        TOTAL MONTH:   0.0 INCH    5 = HAIL
                        GRTST 24HR     0.0         6 = FREEZING RAIN OR DRIZZLE
                        GRTST DEPTH:   0           7 = DUSTSTORM OR SANDSTORM:
                                                       VSBY 1/2 MILE OR LESS
                                                   8 = SMOKE OR HAZE
[NO. OF DAYS WITH]      [WEATHER - DAYS WITH]      9 = BLOWING SNOW
                                                   X = TORNADO
MAX 32 OR BELOW:   0    0.01 INCH OR MORE:  17
MAX 90 OR ABOVE:   2    0.10 INCH OR MORE:   9
MIN 32 OR BELOW:   0    0.50 INCH OR MORE:   2
MIN  0 OR BELOW:   0    1.00 INCH OR MORE:   2

[HDD (BASE 65) ]
TOTAL THIS MO.     0    CLEAR  (SCALE 0-3)   0
DPTR FM NORMAL     M    PTCLDY (SCALE 4-7)  16
TOTAL FM JUL 1     0    CLOUDY (SCALE 8-10)  3
DPTR FM NORMAL     M

[CDD (BASE 65) ]
TOTAL THIS MO.   321
DPTR FM NORMAL     M    [PRESSURE DATA]
TOTAL FM JAN 1  5336    HIGHEST SLP M ON M
DPTR FM NORMAL     M    LOWEST  SLP 29.66 ON 18

[REMARKS]
