000
CXGM50 PGUM 291850
CF6GSN
PRELIMINARY LOCAL CLIMATOLOGICAL DATA (WS FORM: F-6)

                                          STATION:   SAIPAN/ISLEY_(CGS) MP
                                          MONTH:     AUGUST
                                          YEAR:      2015
                                          LATITUDE:   15  7 N
                                          LONGITUDE: 145-44 E

  TEMPERATURE IN F:       :PCPN:    SNOW:  WIND      :SUNSHINE: SKY     :PK WND
================================================================================
1   2   3   4   5  6A  6B    7    8   9   10  11  12  13   14  15   16   17  18
                                     12Z  AVG MX 2MIN
DY MAX MIN AVG DEP HDD CDD  WTR  SNW DPTH SPD SPD DIR MIN PSBL S-S WX    SPD DR
================================================================================

 1  90  80  85   M   0  20 0.04  0.0    0 11.1 21  70   M    M   4 1      25  70
 2  81  77  79   M   0  14 3.10  0.0    0 17.8 67 320   M    M   8 12     91 320
 3   M   M   M   M   M   M 0.00  0.0    0 19.2 45 210   M    M   8 1      62 210
 4  86  80  83   M   0  18    T  0.0    0 10.6 15 150   M    M   5        17 180
 5   M   M   M   M   M   M 0.05    M    0  7.5 12 230   M    M   5 1       M  M
 6   M   M   M   M   M   M    T    M    0  7.2 17 240   M    M   5 1       M  M
 7   M   M   M   M   M   M 0.00  0.0    0 10.9 18 220   M    M   6 1      21 280
 8   M   M   M   M   M   M    T    M    0  5.1 14 260   M    M   5         M  M
 9  86  79  83   M   0  18 0.00  0.0    0  5.2 13 150   M    M   2        24 150
10  87  79  83   M   0  18 0.00  0.0    0  6.9 13 110   M    M   3        21 150
11  88  80  84   M   0  19    T  0.0    0  8.4 14 140   M    M   3        22  90
12  88  77  83   M   0  18    T  0.0    0  8.5 15  60   M    M   4        20  80
13  89  79  84   M   0  19 0.01  0.0    0  8.4 17  50   M    M   4 1      23  50
14  87  78  83   M   0  18 0.02  0.0    0  9.6 15  60   M    M   4        18  70
15  84  75  80   M   0  15 0.90  0.0    0 21.6 51  70   M    M   8 1      61  80
16  81  76  79   M   0  14 1.21  0.0    0 27.8 40 120   M    M  10 1      52 130
17  87  79  83   M   0  18 0.10  0.0    0 13.9 26 160   M    M   7 18     36 170
18  86  79  83   M   0  18    T  0.0    0  4.0  9 170   M    M   4 1      18 150
19   M   M   M   M   M   M 0.00  0.0    0 10.0 15 290   M    M   3        20 270
20  86  77  82   M   0  17    T  0.0    0 16.7 25 270   M    M   8 1      37 270
21  84  76  80   M   0  15 0.12  0.0    0 17.3 31 250   M    M   8 1      39 220
22  87  75  81   M   0  16 0.03  0.0    0 11.0 25 250   M    M   4 1      33 250
23  86  77  82   M   0  17 0.00  0.0    0  6.9 13 270   M    M   4        16 260
24  87  77  82   M   0  17 0.85  0.0    0  5.6 15 130   M    M   4 13     21 140
25   M   M   M   M   M   M 0.00  0.0    0  3.4  9 170   M    M   4 123     M  M
26  87  77  82   M   0  17 0.62  0.0    0  2.9 12 330   M    M   4 1      14 340
27  87  78  83   M   0  18 0.00  0.0    0  3.4 12 310   M    M   2        15 310
28  86  77  82   M   0  17 0.09  0.0    0  3.7 10 300   M    M   3 8      15 310
29  88  79  84   M   0  19    T  0.0    0  3.1  9 190   M    M   5        13 200
================================================================================
SM 1898 1711         0 380  7.14     0.0 287.7          M      144
================================================================================
AV 86.3 77.8                               9.9 FASTST   M    M   5    MAX(MPH)
                                 MISC ---->  # 67 320               # 91  320
================================================================================
NOTES:
# LAST OF SEVERAL OCCURRENCES

COLUMN 17 PEAK WIND IN M.P.H.

PRELIMINARY LOCAL CLIMATOLOGICAL DATA (WS FORM: F-6) , PAGE 2

                                          STATION:  SAIPAN/ISLEY_(CGS) MP
                                          MONTH:    AUGUST
                                          YEAR:     2015
                                          LATITUDE:   15  7 N
                                          LONGITUDE: 145-44 E

[TEMPERATURE DATA]      [PRECIPITATION DATA]       SYMBOLS USED IN COLUMN 16

AVERAGE MONTHLY: 82.0   TOTAL FOR MONTH:   7.14    1 = FOG OR MIST
DPTR FM NORMAL:     M   DPTR FM NORMAL:   -4.23    2 = FOG REDUCING VISIBILITY
HIGHEST:    90 ON  1    GRTST 24HR  3.10 ON  2- 2      TO 1/4 MILE OR LESS
LOWEST:     75 ON 22,15                            3 = THUNDER
                        SNOW, ICE PELLETS, HAIL    4 = ICE PELLETS
                        TOTAL MONTH:   0.0 INCH    5 = HAIL
                        GRTST 24HR     0.0         6 = FREEZING RAIN OR DRIZZLE
                        GRTST DEPTH:   0           7 = DUSTSTORM OR SANDSTORM:
                                                       VSBY 1/2 MILE OR LESS
                                                   8 = SMOKE OR HAZE
[NO. OF DAYS WITH]      [WEATHER - DAYS WITH]      9 = BLOWING SNOW
                                                   X = TORNADO
MAX 32 OR BELOW:   0    0.01 INCH OR MORE:  13
MAX 90 OR ABOVE:   1    0.10 INCH OR MORE:   7
MIN 32 OR BELOW:   0    0.50 INCH OR MORE:   5
MIN  0 OR BELOW:   0    1.00 INCH OR MORE:   2

[HDD (BASE 65) ]
TOTAL THIS MO.     0    CLEAR  (SCALE 0-3)   4
DPTR FM NORMAL     M    PTCLDY (SCALE 4-7)  24
TOTAL FM JUL 1     0    CLOUDY (SCALE 8-10)  1
DPTR FM NORMAL     M

[CDD (BASE 65) ]
TOTAL THIS MO.   380
DPTR FM NORMAL     M    [PRESSURE DATA]
TOTAL FM JAN 1  3817    HIGHEST SLP M ON M
DPTR FM NORMAL     M    LOWEST  SLP 28.20 ON  2

[REMARKS]
