538
CXUS52 KRAH 281345
CF6GSO
PRELIMINARY LOCAL CLIMATOLOGICAL DATA (WS FORM: F-6)

                                          STATION:   PIEDMONT TRIAD INTL AIRPORT NC
                                          MONTH:     APRIL
                                          YEAR:      2017
                                          LATITUDE:   36  4 N
                                          LONGITUDE:  79 57 W

  TEMPERATURE IN F:       :PCPN:    SNOW:  WIND      :SUNSHINE: SKY     :PK WND
================================================================================
1   2   3   4   5  6A  6B    7    8   9   10  11  12  13   14  15   16   17  18
                                     12Z  AVG MX 2MIN
DY MAX MIN AVG DEP HDD CDD  WTR  SNW DPTH SPD SPD DIR MIN PSBL S-S WX    SPD DR
================================================================================

 1  71  50  61   6   4   0 0.00  0.0    0 11.6 23 300   M    M   1        30 310
 2  68  45  57   2   8   0 0.00  0.0    0  6.1 14  60   M    M   4        17  60
 3  73  50  62   7   3   0 0.70  0.0    0 10.6 25 160   M    M   8 13     35 160
 4  79  58  69  13   0   4 0.00  0.0    0 12.0 24 260   M    M   6        30 260
 5  72  53  63   7   2   0 0.08  0.0    0  7.2 28 170   M    M   6 13     32 170
 6  62  46  54  -2  11   0 0.10  0.0    0 17.2 36 240   M    M   7 1      45 200
 7  57  41  49  -7  16   0 0.00  0.0    0 15.5 29 290   M    M   6        38 320
 8  65  37  51  -6  14   0 0.00  0.0    0  4.1 16 300   M    M   3        22 260
 9  74  38  56  -1   9   0 0.00  0.0    0  4.7 14 240   M    M   5        19 240
10  76  48  62   5   3   0 0.00  0.0    0  9.6 20 220   M    M   7        24 230
11  80  56  68  10   0   3 0.00  0.0    0  9.5 16 220   M    M   2        22 200
12  80  56  68  10   0   3 0.00  0.0    0  5.2 14 230   M    M   6        17 230
13  80  57  69  11   0   4 0.00  0.0    0  6.3 16  60   M    M   4        23  60
14  77  54  66   8   0   1 0.01  0.0    0  5.9 13 160   M    M   6        16 160
15  82  60  71  12   0   6 0.00  0.0    0 11.7 21 210   M    M   6        26 270
16  81  61  71  12   0   6 0.00  0.0    0 13.0 24 240   M    M   6 8      29 220
17  83  61  72  13   0   7    T  0.0    0  8.6 18 330   M    M   7        26 330
18  70  60  65   5   0   0    T  0.0    0  9.4 18  70   M    M  10        23  70
19  60  51  56  -4   9   0 0.08  0.0    0  5.6 12  60   M    M   9 1      14 100
20  82  54  68   8   0   3    T  0.0    0  8.3 20 230   M    M   7 12     26 230
21  86  62  74  14   0   9 0.06  0.0    0  8.0 20 250   M    M   6 13     23 290
22  83  50  67   7   0   2 0.42  0.0    0 11.2 29 230   M    M   7 1      37 240
23  52  48  50 -11  15   0 1.41  0.0    0 13.9 23  60   M    M  10 1      29  70
24  52  49  51 -10  14   0 2.44  0.0    0 12.9 22  60   M    M  10 1      29  40
25  62  52  57  -4   8   0 0.32  0.0    0  8.2 18  50   M    M  10 1      25  40
26  80  53  67   5   0   2 0.00  0.0    0  5.7 14 270   M    M   5        19 250
27  78  59  69   7   0   4 0.10  0.0    0  9.4 21 190   M    M   7 18     26 210
================================================================================
SM 1965 1409       116  54  5.72     0.0 251.4          M      171
================================================================================
AV 72.8 52.2                               9.3 FASTST   M    M   6    MAX(MPH)
                                 MISC ---->  # 36 240               # 45  200
================================================================================
NOTES:
# LAST OF SEVERAL OCCURRENCES

COLUMN 17 PEAK WIND IN M.P.H.

PRELIMINARY LOCAL CLIMATOLOGICAL DATA (WS FORM: F-6) , PAGE 2

                                          STATION:  PIEDMONT TRIAD INTL AIRPORT NC
                                          MONTH:    APRIL
                                          YEAR:     2017
                                          LATITUDE:   36  4 N
                                          LONGITUDE:  79 57 W

[TEMPERATURE DATA]      [PRECIPITATION DATA]       SYMBOLS USED IN COLUMN 16

AVERAGE MONTHLY: 62.5   TOTAL FOR MONTH:   5.72    1 = FOG OR MIST
DPTR FM NORMAL:   4.1   DPTR FM NORMAL:    2.48    2 = FOG REDUCING VISIBILITY
HIGHEST:    86 ON 21    GRTST 24HR  2.44 ON 24-24      TO 1/4 MILE OR LESS
LOWEST:     37 ON  8                               3 = THUNDER
                        SNOW, ICE PELLETS, HAIL    4 = ICE PELLETS
                        TOTAL MONTH:   0.0 INCH    5 = HAIL
                        GRTST 24HR     0.0         6 = FREEZING RAIN OR DRIZZLE
                        GRTST DEPTH:   0           7 = DUSTSTORM OR SANDSTORM:
                                                       VSBY 1/2 MILE OR LESS
                                                   8 = SMOKE OR HAZE
[NO. OF DAYS WITH]      [WEATHER - DAYS WITH]      9 = BLOWING SNOW
                                                   X = TORNADO
MAX 32 OR BELOW:   0    0.01 INCH OR MORE:  11
MAX 90 OR ABOVE:   0    0.10 INCH OR MORE:   7
MIN 32 OR BELOW:   0    0.50 INCH OR MORE:   3
MIN  0 OR BELOW:   0    1.00 INCH OR MORE:   2

[HDD (BASE 65) ]
TOTAL THIS MO.   116    CLEAR  (SCALE 0-3)   3
DPTR FM NORMAL   -91    PTCLDY (SCALE 4-7)  19
TOTAL FM JUL 1  2722    CLOUDY (SCALE 8-10)  5
DPTR FM NORMAL  -810

[CDD (BASE 65) ]
TOTAL THIS MO.    54
DPTR FM NORMAL    23    [PRESSURE DATA]
TOTAL FM JAN 1    66    HIGHEST SLP M ON M
DPTR FM NORMAL    30    LOWEST  SLP 29.43 ON  6

[REMARKS]
