000
CXUS52 KRAH 240845
CF6GSO
PRELIMINARY LOCAL CLIMATOLOGICAL DATA (WS FORM: F-6)

                                          STATION:   PIEDMONT TRIAD INTL AIRPORT NC
                                          MONTH:     FEBRUARY
                                          YEAR:      2017
                                          LATITUDE:   36  4 N
                                          LONGITUDE:  79 57 W

  TEMPERATURE IN F:       :PCPN:    SNOW:  WIND      :SUNSHINE: SKY     :PK WND
================================================================================
1   2   3   4   5  6A  6B    7    8   9   10  11  12  13   14  15   16   17  18
                                     12Z  AVG MX 2MIN
DY MAX MIN AVG DEP HDD CDD  WTR  SNW DPTH SPD SPD DIR MIN PSBL S-S WX    SPD DR
================================================================================

 1  68  37  53  13  12   0 0.00  0.0    0  4.4 14 260   M    M   8        16 260
 2  61  39  50  10  15   0 0.00  0.0    0  3.9 12  50   M    M   8        16 300
 3  47  30  39  -1  26   0 0.01  0.0    0  6.4 20 320   M    M   9        27 320
 4  42  20  31  -9  34   0 0.00  0.0    0  6.3 13  60   M    M   2        16  40
 5  57  27  42   1  23   0 0.02    T    0  7.5 16 260   M    M   5 46     22 270
 6  67  31  49   8  16   0 0.00  0.0    0  6.9 16 210   M    M   5        20 210
 7  73  51  62  21   3   0    T  0.0    0 13.3 29 210   M    M   8        36 210
 8  71  48  60  19   5   0 0.10  0.0    0  6.7 18 270   M    M   9 123    23 290
 9  58  29  44   3  21   0 0.04  0.0    0 18.9 33 300   M    M   3 1      43 300
10  47  25  36  -5  29   0 0.00  0.0    0  7.5 18 220   M    M   5        24 230
11  73  42  58  16   7   0 0.00  0.0    0 10.0 18 220   M    M   8        24 230
12  81  57  69  27   0   4    T  0.0    0 15.2 26 310   M    M   6        33 310
13  59  39  49   7  16   0 0.00  0.0    0 11.6 29 320   M    M   4        38 320
14  59  30  45   3  20   0 0.00  0.0    0  3.8 14 240   M    M   6        17 210
15  56  37  47   5  18   0 0.17  0.0    0  9.2 31 310   M    M   6 1      40 310
16  52  29  41  -2  24   0 0.00  0.0    0 11.5 24 300   M    M   4        32 310
17  66  38  52   9  13   0 0.00  0.0    0  8.2 18 260   M    M   6        23 270
18  71  34  53  10  12   0    T  0.0    0  6.9 20 230   M    M   6        24 230
19  71  42  57  14   8   0 0.00  0.0    0  7.4 15 340   M    M   2        20 330
20  72  39  56  12   9   0 0.00  0.0    0  2.2  7 170   M    M   6        10 100
21  63  47  55  11  10   0 0.00  0.0    0  5.9 12 150   M    M   9        15 150
22  60  50  55  11  10   0 0.11  0.0    0  3.1  7  10   M    M  10 12      9 150
23  74  48  61  17   4   0 0.00  0.0    0  3.9 15 200   M    M   6 12     18 160
================================================================================
SM 1448  869       335   4  0.45    T    180.7          M      141
================================================================================
AV 63.0 37.8                               7.9 FASTST   M    M   6    MAX(MPH)
                                 MISC ---->  # 33 300               # 43  300
================================================================================
NOTES:
# LAST OF SEVERAL OCCURRENCES

COLUMN 17 PEAK WIND IN M.P.H.

PRELIMINARY LOCAL CLIMATOLOGICAL DATA (WS FORM: F-6) , PAGE 2

                                          STATION:  PIEDMONT TRIAD INTL AIRPORT NC
                                          MONTH:    FEBRUARY
                                          YEAR:     2017
                                          LATITUDE:   36  4 N
                                          LONGITUDE:  79 57 W

[TEMPERATURE DATA]      [PRECIPITATION DATA]       SYMBOLS USED IN COLUMN 16

AVERAGE MONTHLY: 50.4   TOTAL FOR MONTH:   0.45    1 = FOG OR MIST
DPTR FM NORMAL:   8.5   DPTR FM NORMAL:   -1.93    2 = FOG REDUCING VISIBILITY
HIGHEST:    81 ON 12    GRTST 24HR  0.17 ON 15-15      TO 1/4 MILE OR LESS
LOWEST:     20 ON  4                               3 = THUNDER
                        SNOW, ICE PELLETS, HAIL    4 = ICE PELLETS
                        TOTAL MONTH:    T          5 = HAIL
                        GRTST 24HR    T  ON  5- 5  6 = FREEZING RAIN OR DRIZZLE
                        GRTST DEPTH:   0           7 = DUSTSTORM OR SANDSTORM:
                                                       VSBY 1/2 MILE OR LESS
                                                   8 = SMOKE OR HAZE
[NO. OF DAYS WITH]      [WEATHER - DAYS WITH]      9 = BLOWING SNOW
                                                   X = TORNADO
MAX 32 OR BELOW:   0    0.01 INCH OR MORE:   6
MAX 90 OR ABOVE:   0    0.10 INCH OR MORE:   3
MIN 32 OR BELOW:   8    0.50 INCH OR MORE:   0
MIN  0 OR BELOW:   0    1.00 INCH OR MORE:   0

[HDD (BASE 65) ]
TOTAL THIS MO.   335    CLEAR  (SCALE 0-3)   3
DPTR FM NORMAL  -197    PTCLDY (SCALE 4-7)  16
TOTAL FM JUL 1  2118    CLOUDY (SCALE 8-10)  4
DPTR FM NORMAL  -637

[CDD (BASE 65) ]
TOTAL THIS MO.     4
DPTR FM NORMAL     4    [PRESSURE DATA]
TOTAL FM JAN 1     4    HIGHEST SLP M ON M
DPTR FM NORMAL     4    LOWEST  SLP 29.50 ON  9

[REMARKS]
