000
CXUS52 KGSP 310817
CF6GSP
PRELIMINARY LOCAL CLIMATOLOGICAL DATA (WS FORM: F-6)

                                          STATION:   GREENVILLE-SPARTANBURG SC
                                          MONTH:     JULY
                                          YEAR:      2014
                                          LATITUDE:   34 54 N
                                          LONGITUDE:  82 13 W

  TEMPERATURE IN F:       :PCPN:    SNOW:  WIND      :SUNSHINE: SKY     :PK WND
================================================================================
1   2   3   4   5  6A  6B    7    8   9   10  11  12  13   14  15   16   17  18
                                     12Z  AVG MX 2MIN
DY MAX MIN AVG DEP HDD CDD  WTR  SNW DPTH SPD SPD DIR MIN PSBL S-S WX    SPD DR
================================================================================

 1  91  71  81   2   0  16 0.00  0.0    0  3.5 14 190   M    M   4        18 190
 2  95  72  84   5   0  19 0.00  0.0    0  3.8 14 200   M    M   1        18 180
 3  92  69  81   1   0  16 0.77  0.0    0  4.5 24 280   M    M   3 13     36 280
 4  86  67  77  -3   0  12 0.00  0.0    0  6.0 14 360   M    M   2        19  30
 5  84  64  74  -6   0   9 0.00  0.0    0  6.7 16  50   M    M   0        20  40
 6  86  62  74  -6   0   9 0.00  0.0    0  2.6  9 160   M    M   2        13 160
 7  89  66  78  -2   0  13 0.00  0.0    0  6.5 16 200   M    M   1        21 200
 8  91  68  80   0   0  15    T  0.0    0  7.8 16 240   M    M   2 3      25 240
 9  90  73  82   2   0  17 0.02  0.0    0  7.1 16 200   M    M   2 3      22 200
10  85  69  77  -3   0  12 0.31  0.0    0  2.6 17  50   M    M   4 3      21  50
11  88  68  78  -2   0  13 0.00  0.0    0  4.6 13 100   M    M   2        17 100
12  90  70  80   0   0  15 0.00  0.0    0  3.8 10 160   M    M   2        13 150
13  91  70  81   1   0  16 0.00  0.0    0  5.2 14 210   M    M   2        17 200
14  94  72  83   3   0  18 0.00  0.0    0  8.8 22 240   M    M   1        30 240
15  92  70  81   1   0  16 0.77  0.0    0  6.9 20 220   M    M   3 13     25 210
16  85  65  75  -5   0  10 0.00  0.0    0  4.4 10 360   M    M   5        14  10
17  84  63  74  -6   0   9 0.00  0.0    0  5.6 14  50   M    M   3        19  70
18  72  68  70 -10   0   5 0.66  0.0    0  6.9 13  30   M    M   9        16  30
19  69  65  67 -13   0   2 0.54  0.0    0  6.7 12  40   M    M  10 1      15  70
20  79  66  73  -7   0   8 0.03  0.0    0  5.3 13  50   M    M   8 13     15  50
21  78  71  75  -5   0  10 0.64  0.0    0  5.6 13  60   M    M   9 1      17  70
22  82  71  77  -3   0  12 0.04  0.0    0  4.9 12  70   M    M   9        14  70
23  89  71  80   0   0  15    T  0.0    0  3.4 14 200   M    M   5 3      17 200
24  90  72  81   1   0  16 0.00  0.0    0  5.6 16 250   M    M   4        20 220
25  87  70  79  -1   0  14 0.00  0.0    0  5.9 12 120   M    M   4        16 120
26  90  68  79  -1   0  14 0.00  0.0    0  3.2 10 210   M    M   1        13 170
27  94  73  84   4   0  19 0.00  0.0    0  8.6 18 220   M    M   1 3      24 230
28  91  70  81   1   0  16 0.01  0.0    0  8.7 16 300   M    M   1        22 280
29  84  64  74  -6   0   9 0.00  0.0    0  4.4 10 250   M    M   4        14 110
30  83  62  73  -7   0   8 0.00  0.0    0  6.0 15  50   M    M   2        19  20
================================================================================
SM 2601 2050         0 383  3.79     0.0 165.6          M      106
================================================================================
AV 86.7 68.3                               5.5 FASTST   M    M   4    MAX(MPH)
                                 MISC ---->  # 24 280               # 36  280
================================================================================
NOTES:
# LAST OF SEVERAL OCCURRENCES

COLUMN 17 PEAK WIND IN M.P.H.

PRELIMINARY LOCAL CLIMATOLOGICAL DATA (WS FORM: F-6) , PAGE 2

                                          STATION:  GREENVILLE-SPARTANBURG SC
                                          MONTH:    JULY
                                          YEAR:     2014
                                          LATITUDE:   34 54 N
                                          LONGITUDE:  82 13 W

[TEMPERATURE DATA]      [PRECIPITATION DATA]       SYMBOLS USED IN COLUMN 16

AVERAGE MONTHLY: 77.5   TOTAL FOR MONTH:   3.79    1 = FOG OR MIST
DPTR FM NORMAL:  -2.4   DPTR FM NORMAL:   -0.84    2 = FOG REDUCING VISIBILITY
HIGHEST:    95 ON  2    GRTST 24HR  0.77 ON  2- 3      TO 1/4 MILE OR LESS
LOWEST:     62 ON 30, 6                            3 = THUNDER
                        SNOW, ICE PELLETS, HAIL    4 = ICE PELLETS
                        TOTAL MONTH:   0.0 INCH    5 = HAIL
                        GRTST 24HR     0.0         6 = FREEZING RAIN OR DRIZZLE
                        GRTST DEPTH:   0           7 = DUSTSTORM OR SANDSTORM:
                                                       VSBY 1/2 MILE OR LESS
                                                   8 = SMOKE OR HAZE
[NO. OF DAYS WITH]      [WEATHER - DAYS WITH]      9 = BLOWING SNOW
                                                   X = TORNADO
MAX 32 OR BELOW:   0    0.01 INCH OR MORE:  10
MAX 90 OR ABOVE:  13    0.10 INCH OR MORE:   6
MIN 32 OR BELOW:   0    0.50 INCH OR MORE:   5
MIN  0 OR BELOW:   0    1.00 INCH OR MORE:   0

[HDD (BASE 65) ]
TOTAL THIS MO.     0    CLEAR  (SCALE 0-3)  17
DPTR FM NORMAL     0    PTCLDY (SCALE 4-7)   9
TOTAL FM JUL 1     0    CLOUDY (SCALE 8-10)  4
DPTR FM NORMAL     0

[CDD (BASE 65) ]
TOTAL THIS MO.   383
DPTR FM NORMAL   -65    [PRESSURE DATA]
TOTAL FM JAN 1  1023    HIGHEST SLP M ON M
DPTR FM NORMAL    23    LOWEST  SLP 29.73 ON 15

[REMARKS]
