000
CXUS56 KTFX 271205
CF6GTF
PRELIMINARY LOCAL CLIMATOLOGICAL DATA (WS FORM: F-6)

                                          STATION:   GREAT FALLS MT
                                          MONTH:     JULY
                                          YEAR:      2015
                                          LATITUDE:   47 28 N
                                          LONGITUDE: 111 22 W

  TEMPERATURE IN F:       :PCPN:    SNOW:  WIND      :SUNSHINE: SKY     :PK WND
================================================================================
1   2   3   4   5  6A  6B    7    8   9   10  11  12  13   14  15   16   17  18
                                     12Z  AVG MX 2MIN
DY MAX MIN AVG DEP HDD CDD  WTR  SNW DPTH SPD SPD DIR MIN PSBL S-S WX    SPD DR
================================================================================

 1  90  54  72   8   0   7 0.00  0.0    0  9.6 33  10   M    M   1 8      40  10
 2  85  54  70   6   0   5 0.00  0.0    0  7.3 15  70   M    M   2        19  70
 3  95  58  77  12   0  12 0.00  0.0    0  5.8 14 280   M    M   1 38     19 270
 4  90  59  75  10   0  10 0.00  0.0    0 10.9 35 360   M    M   0        43 350
 5  59  49  54 -11  11   0 0.39  0.0    0  8.9 24  10   M    M  10 18     30  10
 6  74  46  60  -5   5   0 0.00  0.0    0  5.5 10  70   M    M   3 1      14 120
 7  68  49  59  -7   6   0 0.01  0.0    0  5.8 15 290   M    M   3        17 330
 8  83  45  64  -2   1   0 0.00  0.0    0  4.8 13  80   M    M   0        19  80
 9  90  54  72   6   0   7 0.00  0.0    0  9.8 18 200   M    M   0        21 210
10  92  55  74   8   0   9    T  0.0    0  8.8 25 200   M    M   1        35 120
11  77  63  70   3   0   5 0.01  0.0    0 18.8 29 220   M    M   5        35 220
12  83  56  70   3   0   5 0.00  0.0    0 17.3 28 260   M    M   3        38 230
13  84  47  66  -1   0   1 0.01  0.0    0  9.3 22 190   M    M   3        30 220
14  84  55  70   3   0   5 0.00  0.0    0  8.2 24 310   M    M   2        32 320
15  86  51  69   1   0   4    T  0.0    0  8.5 25 290   M    M   3        31 290
16  78  48  63  -5   2   0 0.00  0.0    0 13.5 30 260   M    M   2        41 260
17  71  41  56 -12   9   0 0.03  0.0    0 13.5 28 330   M    M   7        37 300
18  79  52  66  -2   0   1    T  0.0    0  8.4 16 200   M    M   4        27 250
19  83  54  69   1   0   4 0.00  0.0    0  9.0 14 330   M    M   5        19 340
20  92  50  71   3   0   6    T  0.0    0  7.7 30 300   M    M   2        37 300
21  94  54  74   5   0   9 0.00  0.0    0 13.5 35 220   M    M   0        42 220
22  86  52  69   0   0   4 0.01  0.0    0  8.1 25 170   M    M   3 3      30 170
23  82  58  70   1   0   5    T  0.0    0 12.0 28 190   M    M   4        33 190
24  90  58  74   5   0   9 0.00  0.0    0 13.9 28 240   M    M   1        36 230
25  88  51  70   1   0   5 0.07  0.0    0 11.0 33 290   M    M   1        42 280
26  85  53  69   0   0   4 0.15  0.0    0  7.6 23 140   M    M   3        30 150
================================================================================
SM 2168 1366        34 117  0.68     0.0 257.5          M       69
================================================================================
AV 83.4 52.5                               9.9 FASTST   M    M   3    MAX(MPH)
                                 MISC ---->  # 35 360               # 43  350
================================================================================
NOTES:
# LAST OF SEVERAL OCCURRENCES

COLUMN 17 PEAK WIND IN M.P.H.

PRELIMINARY LOCAL CLIMATOLOGICAL DATA (WS FORM: F-6) , PAGE 2

                                          STATION:  GREAT FALLS MT
                                          MONTH:    JULY
                                          YEAR:     2015
                                          LATITUDE:   47 28 N
                                          LONGITUDE: 111 22 W

[TEMPERATURE DATA]      [PRECIPITATION DATA]       SYMBOLS USED IN COLUMN 16

AVERAGE MONTHLY: 68.0   TOTAL FOR MONTH:   0.68    1 = FOG OR MIST
DPTR FM NORMAL:   1.0   DPTR FM NORMAL:   -0.63    2 = FOG REDUCING VISIBILITY
HIGHEST:    95 ON  3    GRTST 24HR  0.39 ON  5- 5      TO 1/4 MILE OR LESS
LOWEST:     41 ON 17                               3 = THUNDER
                        SNOW, ICE PELLETS, HAIL    4 = ICE PELLETS
                        TOTAL MONTH:   0.0 INCH    5 = HAIL
                        GRTST 24HR     0.0         6 = FREEZING RAIN OR DRIZZLE
                        GRTST DEPTH:   0           7 = DUSTSTORM OR SANDSTORM:
                                                       VSBY 1/2 MILE OR LESS
                                                   8 = SMOKE OR HAZE
[NO. OF DAYS WITH]      [WEATHER - DAYS WITH]      9 = BLOWING SNOW
                                                   X = TORNADO
MAX 32 OR BELOW:   0    0.01 INCH OR MORE:   8
MAX 90 OR ABOVE:   8    0.10 INCH OR MORE:   2
MIN 32 OR BELOW:   0    0.50 INCH OR MORE:   0
MIN  0 OR BELOW:   0    1.00 INCH OR MORE:   0

[HDD (BASE 65) ]
TOTAL THIS MO.    34    CLEAR  (SCALE 0-3)  18
DPTR FM NORMAL   -11    PTCLDY (SCALE 4-7)   7
TOTAL FM JUL 1    34    CLOUDY (SCALE 8-10)  1
DPTR FM NORMAL   -11

[CDD (BASE 65) ]
TOTAL THIS MO.   117
DPTR FM NORMAL    17    [PRESSURE DATA]
TOTAL FM JAN 1   211    HIGHEST SLP M ON M
DPTR FM NORMAL    72    LOWEST  SLP 29.66 ON  4

[REMARKS]
