000
CXGM50 PGUM 291850
CF6GUM
PRELIMINARY LOCAL CLIMATOLOGICAL DATA (WS FORM: F-6)

                                          STATION:   GUAM INTERNATIONAL AIRPORT
                                          MONTH:     AUGUST
                                          YEAR:      2015
                                          LATITUDE:   13 29 N
                                          LONGITUDE: 144-48 E

  TEMPERATURE IN F:       :PCPN:    SNOW:  WIND      :SUNSHINE: SKY     :PK WND
================================================================================
1   2   3   4   5  6A  6B    7    8   9   10  11  12  13   14  15   16   17  18
                                     12Z  AVG MX 2MIN
DY MAX MIN AVG DEP HDD CDD  WTR  SNW DPTH SPD SPD DIR MIN PSBL S-S WX    SPD DR
================================================================================

 1  88  75  82   0   0  17 0.33  0.0    0  5.9 21  70   M    M   3 13     23  70
 2  86  74  80  -2   0  15 0.63  0.0    0 11.9 26 270   M    M   5 18     35 270
 3  87  78  83   1   0  18 0.23  0.0    0 10.4 18 220   M    M   5 18     25 230
 4  88  76  82   1   0  17 0.43  0.0    0  7.1 16 200   M    M   5 1      22 170
 5  86  75  81   0   0  16 1.64  0.0    0  8.2 26 250   M    M   5 123    37 150
 6  83  75  79  -2   0  14 0.94  0.0    0  7.3 18 270   M    M   6 1      23 260
 7  83  75  79  -2   0  14 0.44  0.0    0  7.5  9 230   M    M   5 13     12 230
 8  86  76  81   0   0  16 0.38  0.0    0  4.6 16 260   M    M   7 1      18 260
 9  87  76  82   1   0  17 0.00  0.0    0  3.4 12 140   M    M   3        15 160
10  87  78  83   2   0  18 0.04  0.0    0  5.0 10 130   M    M   3 1      15 130
11  88  78  83   2   0  18 0.00  0.0    0  4.0 12 270   M    M   3        14  80
12  90  76  83   2   0  18 0.04  0.0    0  6.2 13 110   M    M   2 1      16  90
13  89  77  83   2   0  18 0.05  0.0    0  5.0 12  70   0    0   3 1      13  40
14  87  77  82   1   0  17 0.46  0.0    0  4.6 12 340   M    M   2 1      14 360
15  79  75  77  -4   0  12 9.64  0.0    0 13.7 30 280   M    M  10 12     39 290
16  79  74  77  -4   0  12 3.94  0.0    0 18.6 36 270   M    M   8 1      46 250
17  86  78  82   1   0  17    T  0.0    0  9.3 18 170   M    M   4        24 180
18  86  78  82   1   0  17 0.11  0.0    0  5.9 15 180   M    M   4 13     21 190
19  87  77  82   1   0  17    T  0.0    0 10.3 21 260   M    M   3        26 260
20  86  76  81   0   0  16 0.27  0.0    0 15.0 26 240   M    M   4 1      39 250
21  83  74  79  -2   0  14 0.22  0.0    0 10.8 29 230   M    M   4        39 230
22  89  74  82   1   0  17 0.25  0.0    0  7.9 20 260   M    M   4 1      25 230
23  87  77  82   1   0  17 0.00  0.0    0  6.0 14 280   M    M   2        16 280
24  86  78  82   1   0  17 0.28  0.0    0  8.0 20  40   M    M   5 13     23  30
25  88  77  83   2   0  18 0.73  0.0    0  3.9 15  70   M    M   4 1      16  60
26  88  77  83   2   0  18 0.13  0.0    0  2.6 10 280   M    M   4 13     14 290
27  88  76  82   1   0  17 0.19  0.0    0  2.4  8 340   M    M   4 1      12 320
28  88  75  82   1   0  17 0.00  0.0    0  4.7 13 310   M    M   2        17 310
29  90  75  83   2   0  18 0.02  0.0    0  2.8 10  10   M    M   5        14  10
================================================================================
SM 2505 2207         0 477 21.39     0.0 213.0            0    124
================================================================================
AV 86.4 76.1                               7.3 FASTST    0   0   4    MAX(MPH)
                                 MISC ---->  # 36 270               # 46  250
================================================================================
NOTES:
# LAST OF SEVERAL OCCURRENCES

COLUMN 17 PEAK WIND IN M.P.H.

PRELIMINARY LOCAL CLIMATOLOGICAL DATA (WS FORM: F-6) , PAGE 2

                                          STATION:  GUAM INTERNATIONAL AIRPORT
                                          MONTH:    AUGUST
                                          YEAR:     2015
                                          LATITUDE:   13 29 N
                                          LONGITUDE: 144-48 E

[TEMPERATURE DATA]      [PRECIPITATION DATA]       SYMBOLS USED IN COLUMN 16

AVERAGE MONTHLY: 81.2   TOTAL FOR MONTH:  21.39    1 = FOG OR MIST
DPTR FM NORMAL:   0.1   DPTR FM NORMAL:    5.44    2 = FOG REDUCING VISIBILITY
HIGHEST:    90 ON 29,12 GRTST 24HR 11.72 ON 15-16      TO 1/4 MILE OR LESS
LOWEST:     74 ON 22,21                            3 = THUNDER
                        SNOW, ICE PELLETS, HAIL    4 = ICE PELLETS
                        TOTAL MONTH:   0.0 INCH    5 = HAIL
                        GRTST 24HR     0.0         6 = FREEZING RAIN OR DRIZZLE
                        GRTST DEPTH:   0           7 = DUSTSTORM OR SANDSTORM:
                                                       VSBY 1/2 MILE OR LESS
                                                   8 = SMOKE OR HAZE
[NO. OF DAYS WITH]      [WEATHER - DAYS WITH]      9 = BLOWING SNOW
                                                   X = TORNADO
MAX 32 OR BELOW:   0    0.01 INCH OR MORE:  23
MAX 90 OR ABOVE:   2    0.10 INCH OR MORE:  19
MIN 32 OR BELOW:   0    0.50 INCH OR MORE:   6
MIN  0 OR BELOW:   0    1.00 INCH OR MORE:   3

[HDD (BASE 65) ]
TOTAL THIS MO.     0    CLEAR  (SCALE 0-3)   9
DPTR FM NORMAL     0    PTCLDY (SCALE 4-7)  19
TOTAL FM JUL 1     0    CLOUDY (SCALE 8-10)  1
DPTR FM NORMAL     0

[CDD (BASE 65) ]
TOTAL THIS MO.   477
DPTR FM NORMAL    13    [PRESSURE DATA]
TOTAL FM JAN 1  4053    HIGHEST SLP M ON M
DPTR FM NORMAL   110    LOWEST  SLP 29.52 ON  2

[REMARKS]
