000
CXUS54 KAMA 211015
CF6GUY
PRELIMINARY LOCAL CLIMATOLOGICAL DATA (WS FORM: F-6)

                                          STATION:   GUYMON
                                          MONTH:     JANUARY
                                          YEAR:      2017
                                          LATITUDE:   36 41 N
                                          LONGITUDE: 101 30 W

  TEMPERATURE IN F:       :PCPN:    SNOW:  WIND      :SUNSHINE: SKY     :PK WND
================================================================================
1   2   3   4   5  6A  6B    7    8   9   10  11  12  13   14  15   16   17  18
                                     12Z  AVG MX 2MIN
DY MAX MIN AVG DEP HDD CDD  WTR  SNW DPTH SPD SPD DIR MIN PSBL S-S WX    SPD DR
================================================================================

 1  62  23  43   9  22   0 0.00  0.0    0 10.4 25 210   M    M   1        33 210
 2  58  24  41   7  24   0 0.00  0.0    0  7.9 22  30   M    M   1        29  30
 3  34  21  28  -6  37   0 0.00  0.0    0 14.3 24 350   M    M   5 1      29 360
 4  37  15  26  -8  39   0 0.00  0.0    0 11.6 21  40   M    M   0        28  30
 5  16   7  12 -23  53   0 0.13    M    0  9.8 17  20   M    M   7 18     20  40
 6  21  -2  10 -25  55   0 0.21    M    5  7.0 14 260   M    M   6 18     17 260
 7  25  -7   9 -26  56   0 0.00  0.0    M  4.5 14 250   M    M   0        16 250
 8  43  18  31  -4  34   0 0.00  0.0    0  6.2 17 190   M    M   0        24 180
 9  65  24  45  10  20   0 0.00  0.0    0 12.7 26 230   M    M   0        35 230
10  62  41  52  17  13   0 0.00  0.0    0 15.1 35 240   M    M   0        41 240
11  77  23  50  15  15   0 0.00  0.0    0 14.9 32 280   M    M   0        46 280
12  37  14  26  -9  39   0 0.00  0.0    0  7.9 17  70   M    M   0        21  80
13  30  18  24 -11  41   0 0.00  0.0    0  4.6 14  30   M    M   9        16  30
14  32  27  30  -6  35   0 0.17    M    0  2.7  8  20   M    M  10 16     10  20
15  32  31  32  -4  33   0 1.23    M    0  6.7 15 360   M    M  10 1      20 350
16  40  31  36   0  29   0 0.10    M    M 12.0 23 320   M    M  10 1      29 320
17  53  32  43   7  22   0    T  0.0    0  7.2 16 320   M    M   3        21 320
18  59  35  47  11  18   0 0.00  0.0    0  9.0 21 200   M    M   1        24 200
19  51  26  39   3  26   0 0.00  0.0    0  7.2 17 360   M    M   2 12     21 340
20  60  28  44   8  21   0 0.00  0.0    0 11.1 36 240   M    M   5 12     43 240
================================================================================
SM  894  429       632   0  1.84     0.0 182.8          M       70
================================================================================
AV 44.7 21.5                               9.1 FASTST   M    M   4    MAX(MPH)
                                 MISC ---->  # 36 240               # 46  280
================================================================================
NOTES:
# LAST OF SEVERAL OCCURRENCES

COLUMN 17 PEAK WIND IN M.P.H.

PRELIMINARY LOCAL CLIMATOLOGICAL DATA (WS FORM: F-6) , PAGE 2

                                          STATION:  GUYMON
                                          MONTH:    JANUARY
                                          YEAR:     2017
                                          LATITUDE:   36 41 N
                                          LONGITUDE: 101 30 W

[TEMPERATURE DATA]      [PRECIPITATION DATA]       SYMBOLS USED IN COLUMN 16

AVERAGE MONTHLY: 33.1   TOTAL FOR MONTH:   1.84    1 = FOG OR MIST
DPTR FM NORMAL:  -2.1   DPTR FM NORMAL:    1.66    2 = FOG REDUCING VISIBILITY
HIGHEST:    77 ON 11    GRTST 24HR  1.28 ON 14-15      TO 1/4 MILE OR LESS
LOWEST:     -7 ON  7                               3 = THUNDER
                        SNOW, ICE PELLETS, HAIL    4 = ICE PELLETS
                        TOTAL MONTH:   0.0 INCH    5 = HAIL
                        GRTST 24HR     0.0         6 = FREEZING RAIN OR DRIZZLE
                        GRTST DEPTH:   5 ON  6     7 = DUSTSTORM OR SANDSTORM:
                                                       VSBY 1/2 MILE OR LESS
                                                   8 = SMOKE OR HAZE
[NO. OF DAYS WITH]      [WEATHER - DAYS WITH]      9 = BLOWING SNOW
                                                   X = TORNADO
MAX 32 OR BELOW:   6    0.01 INCH OR MORE:   5
MAX 90 OR ABOVE:   0    0.10 INCH OR MORE:   5
MIN 32 OR BELOW:  18    0.50 INCH OR MORE:   1
MIN  0 OR BELOW:   2    1.00 INCH OR MORE:   1

[HDD (BASE 65) ]
TOTAL THIS MO.   632    CLEAR  (SCALE 0-3)  11
DPTR FM NORMAL    35    PTCLDY (SCALE 4-7)   5
TOTAL FM JUL 1  2122    CLOUDY (SCALE 8-10)  4
DPTR FM NORMAL  -292

[CDD (BASE 65) ]
TOTAL THIS MO.     0
DPTR FM NORMAL     0    [PRESSURE DATA]
TOTAL FM JAN 1     0    HIGHEST SLP M ON M
DPTR FM NORMAL     0    LOWEST  SLP 29.39 ON 20

[REMARKS]
