000
CXUS54 KAMA 011543
CF6GUY
PRELIMINARY LOCAL CLIMATOLOGICAL DATA (WS FORM: F-6)

                                          STATION:   GUYMON
                                          MONTH:     JULY
                                          YEAR:      2015
                                          LATITUDE:   36 41 N
                                          LONGITUDE: 101 30 W

  TEMPERATURE IN F:       :PCPN:    SNOW:  WIND      :SUNSHINE: SKY     :PK WND
================================================================================
1   2   3   4   5  6A  6B    7    8   9   10  11  12  13   14  15   16   17  18
                                     12Z  AVG MX 2MIN
DY MAX MIN AVG DEP HDD CDD  WTR  SNW DPTH SPD SPD DIR MIN PSBL S-S WX    SPD DR
================================================================================

 1 100  68  84   6   0  19 0.00  0.0    0 10.7 20 230   M    M   0        24 220
 2  92  66  79   1   0  14    T  0.0    0 11.5 31 290   M    M   3        39 280
 3  92  63  78  -1   0  13 0.57  0.0    0  5.7 29 290   M    M   2 3      38 320
 4  93  64  79   0   0  14 0.00  0.0    0  9.9 23 200   M    M   2        40 220
 5  96  70  83   4   0  18 0.00  0.0    0 16.3 28 200   M    M   0        36 210
 6  87  69  78  -1   0  13 0.00  0.0    0 15.8 30  10   M    M   4        36  20
 7  77  58  68 -11   0   3    T  0.0    0 11.5 20  50   M    M   7 8      24  50
 8  85  53  69 -11   0   4 0.00  0.0    0  6.7 18 130   M    M   1 18     26 130
 9  87  62  75  -5   0  10 0.71  0.0    0  8.4 29 160   M    M   7 13     39 150
10  91  64  78  -2   0  13 0.12  0.0    0 12.9 23 190   M    M   1 1      29 180
11  95  67  81   1   0  16 0.00  0.0    0 15.9 26 220   M    M   0        34 230
12 102  70  86   6   0  21 0.00  0.0    0  9.7 22 200   M    M   0        27 200
13 102  67  85   5   0  20 0.00  0.0    0  7.1 13 190   M    M   0        19 170
14  98  68  83   3   0  18    T  0.0    0  7.9 24 360   M    M   0 3      30 360
15  99  69  84   4   0  19 0.14  0.0    0  8.5 24 350   M    M   2 13     33 350
16  95  67  81   1   0  16 0.00  0.0    0  3.8 16 320   M    M   1        19 280
17 103  66  85   5   0  20 0.00  0.0    0 12.4 33 190   M    M   0 3      42 190
18 102  68  85   5   0  20 1.47  0.0    0 11.9 37 340   M    M   2 13     55 300
19  96  68  82   2   0  17 0.01  0.0    0  6.3 18 180   M    M   0 3      23 170
20  91  68  80   0   0  15 0.09  0.0    0  8.4 17  40   M    M   2 13     23  40
21  84  67  76  -4   0  11 0.33  0.0    0  7.2 21 220   M    M   4 13     25 220
22  91  68  80   0   0  15    T  0.0    0  8.1 15 170   M    M   5        21 160
23  98  68  83   3   0  18 0.00  0.0    0  8.1 18 200   M    M   0        23 210
24  99  69  84   4   0  19 0.00  0.0    0  9.1 18 250   M    M   0        23 150
25  98  73  86   6   0  21 0.03  0.0    0 11.7 22 220   M    M   0 3      30 210
26  98  74  86   6   0  21    T  0.0    0  9.1 20 160   M    M   1        27 180
27  98  70  84   4   0  19 0.00  0.0    0 13.6 24 180   M    M   0        33 180
28  92  68  80   0   0  15 0.86  0.0    0 14.2 25 260   M    M   0 13     33 250
29  85  66  76  -4   0  11 0.19  0.0    0 10.3 25 330   M    M   3 13     32 340
30  83  67  75  -5   0  10 0.01  0.0    0  5.3 14  60   M    M   6        17  70
31  85  67  76  -4   0  11 0.57  0.0    0  6.9 16 230   M    M   5 13     21 240
================================================================================
SM 2894 2072         0 474  5.10     0.0 304.9          M       58
================================================================================
AV 93.4 66.8                               9.8 FASTST   M    M   2    MAX(MPH)
                                 MISC ---->  # 37 340               # 55  300
================================================================================
NOTES:
# LAST OF SEVERAL OCCURRENCES

COLUMN 17 PEAK WIND IN M.P.H.

PRELIMINARY LOCAL CLIMATOLOGICAL DATA (WS FORM: F-6) , PAGE 2

                                          STATION:  GUYMON
                                          MONTH:    JULY
                                          YEAR:     2015
                                          LATITUDE:   36 41 N
                                          LONGITUDE: 101 30 W

[TEMPERATURE DATA]      [PRECIPITATION DATA]       SYMBOLS USED IN COLUMN 16

AVERAGE MONTHLY: 80.1   TOTAL FOR MONTH:   5.10    1 = FOG OR MIST
DPTR FM NORMAL:   0.5   DPTR FM NORMAL:    2.44    2 = FOG REDUCING VISIBILITY
HIGHEST:   103 ON 17    GRTST 24HR  1.47 ON 18-18      TO 1/4 MILE OR LESS
LOWEST:     53 ON  8                               3 = THUNDER
                        SNOW, ICE PELLETS, HAIL    4 = ICE PELLETS
                        TOTAL MONTH:   0.0 INCH    5 = HAIL
                        GRTST 24HR     0.0         6 = FREEZING RAIN OR DRIZZLE
                        GRTST DEPTH:   0           7 = DUSTSTORM OR SANDSTORM:
                                                       VSBY 1/2 MILE OR LESS
                                                   8 = SMOKE OR HAZE
[NO. OF DAYS WITH]      [WEATHER - DAYS WITH]      9 = BLOWING SNOW
                                                   X = TORNADO
MAX 32 OR BELOW:   0    0.01 INCH OR MORE:  13
MAX 90 OR ABOVE:  23    0.10 INCH OR MORE:   9
MIN 32 OR BELOW:   0    0.50 INCH OR MORE:   5
MIN  0 OR BELOW:   0    1.00 INCH OR MORE:   1

[HDD (BASE 65) ]
TOTAL THIS MO.     0    CLEAR  (SCALE 0-3)  24
DPTR FM NORMAL     0    PTCLDY (SCALE 4-7)   7
TOTAL FM JUL 1     0    CLOUDY (SCALE 8-10)  0
DPTR FM NORMAL     0

[CDD (BASE 65) ]
TOTAL THIS MO.   474
DPTR FM NORMAL    20    [PRESSURE DATA]
TOTAL FM JAN 1   919    HIGHEST SLP 30.20 ON 31
DPTR FM NORMAL    77    LOWEST  SLP 29.62 ON 17

[REMARKS]
#FINAL-07-15#
