000
CXUS52 KFFC 301110
CF6GVL
PRELIMINARY LOCAL CLIMATOLOGICAL DATA (WS FORM: F-6)

                                          STATION:   GAINESVILLE
                                          MONTH:     APRIL
                                          YEAR:      2016
                                          LATITUDE:   34 16 N
                                          LONGITUDE:  83 50 W

  TEMPERATURE IN F:       :PCPN:    SNOW:  WIND      :SUNSHINE: SKY     :PK WND
================================================================================
1   2   3   4   5  6A  6B    7    8   9   10  11  12  13   14  15   16   17  18
                                     12Z  AVG MX 2MIN
DY MAX MIN AVG DEP HDD CDD  WTR  SNW DPTH SPD SPD DIR MIN PSBL S-S WX    SPD DR
================================================================================

 1  70  59  65   8   0   0 0.64    M    M  6.0 17 230   M    M   7 13     26 220
 2  62  51  57   0   8   0 0.03  0.0    M 12.7 25 290   M    M   2 1      36 260
 3  68  45  57   0   8   0 0.00  0.0    M  7.9 18 290   M    M   0        26 290
 4  74  43  59   1   6   0 0.00    M    M  9.0 21 240   M    M   0        29 250
 5  70  47  59   1   6   0 0.00    M    M  9.0 20 330   M    M   0        27 320
 6  62  41  52  -6  13   0 0.56    M    M  9.3 20 290   M    M   4 13     31 300
 7  67  46  57  -1   8   0 0.13  0.0    0 12.4 24 250   M    M   4 13     35 270
 8  60  47  54  -5  11   0 0.00  0.0    0 12.1 22 340   M    M   4        31 270
 9  59  42  51  -8  14   0 0.00  0.0    0 11.4 23 280   M    M   0        34 320
10  56  36  46 -13  19   0    T  0.0    0  6.8 14 120   M    M   2        19 120
11  69  46  58  -1   7   0 0.37  0.0    0  5.5 13 170   M    M   8 1      17 180
12  73  57  65   5   0   0    T  0.0    0  6.3 15 280   M    M   4 1      23 200
13  65  54  60   0   5   0 0.00  0.0    0 10.2 23  90   M    M   5        32  90
14  68  53  61   1   4   0    T    M    M  9.0 18  80   M    M   8        24 100
15  66  49  58  -2   7   0 0.00    M    M 12.0 22  70   M    M   4        30  50
16  70  52  61   0   4   0 0.00  0.0    M 10.2 20 100   M    M   3        27  90
17  74  46  60  -1   5   0 0.00    M    M  5.5 15 100   M    M   0        20  90
18  81  47  64   3   1   0 0.00    M    M  3.8 14  90   M    M   0        19  90
19  83  53  68   7   0   3 0.00    M    M  6.3 13 260   M    M   0        19 180
20  81  59  70   8   0   5 0.00    M    M  5.6 16  90   M    M   0        22  80
21  77  54  66   4   0   1 0.08    M    M  6.1 17 240   M    M   3        24 230
22  71  58  65   3   0   0 0.16    M    M  5.3 15 240   M    M   7 13     18 250
23  78  54  66   4   0   1 0.00    M    M  6.4 15 330   M    M   1 1      20 330
24  77  52  65   2   0   0 0.00    M    M  4.3 16  90   M    M   0        19 100
25  80  60  70   7   0   5 0.00    M    M  4.6 13 150   M    M   4        18 140
26  83  60  72   9   0   7 0.00    M    M  5.8 14 250   M    M   2        19 250
27  83  61  72   9   0   7 0.26    M    M  4.2 30 270   M    M   2        38 260
28  83  65  74  10   0   9 0.00    M    M  7.4 17 250   M    M   5        23 240
29  86  61  74  10   0   9 0.00    M    M  4.6 10 240   M    M   0        14 230
================================================================================
SM 2096 1498       126  47  2.23     0.0 219.7          M       79
================================================================================
AV 72.3 51.7                               7.6 FASTST   M    M   3    MAX(MPH)
                                 MISC ---->  # 30 270               # 38  260
================================================================================
NOTES:
# LAST OF SEVERAL OCCURRENCES

COLUMN 17 PEAK WIND IN M.P.H.

PRELIMINARY LOCAL CLIMATOLOGICAL DATA (WS FORM: F-6) , PAGE 2

                                          STATION:  GAINESVILLE
                                          MONTH:    APRIL
                                          YEAR:     2016
                                          LATITUDE:   34 16 N
                                          LONGITUDE:  83 50 W

[TEMPERATURE DATA]      [PRECIPITATION DATA]       SYMBOLS USED IN COLUMN 16

AVERAGE MONTHLY: 62.0   TOTAL FOR MONTH:   2.23    1 = FOG OR MIST
DPTR FM NORMAL:   1.6   DPTR FM NORMAL:   -1.21    2 = FOG REDUCING VISIBILITY
HIGHEST:    86 ON 29    GRTST 24HR  0.79 ON 31- 1      TO 1/4 MILE OR LESS
LOWEST:     36 ON 10                               3 = THUNDER
                        SNOW, ICE PELLETS, HAIL    4 = ICE PELLETS
                        TOTAL MONTH:   0.0 INCH    5 = HAIL
                        GRTST 24HR     0.0         6 = FREEZING RAIN OR DRIZZLE
                        GRTST DEPTH:   0           7 = DUSTSTORM OR SANDSTORM:
                                                       VSBY 1/2 MILE OR LESS
                                                   8 = SMOKE OR HAZE
[NO. OF DAYS WITH]      [WEATHER - DAYS WITH]      9 = BLOWING SNOW
                                                   X = TORNADO
MAX 32 OR BELOW:   0    0.01 INCH OR MORE:   8
MAX 90 OR ABOVE:   0    0.10 INCH OR MORE:   6
MIN 32 OR BELOW:   0    0.50 INCH OR MORE:   2
MIN  0 OR BELOW:   0    1.00 INCH OR MORE:   0

[HDD (BASE 65) ]
TOTAL THIS MO.   126    CLEAR  (SCALE 0-3)  15
DPTR FM NORMAL   -45    PTCLDY (SCALE 4-7)  14
TOTAL FM JUL 1  2411    CLOUDY (SCALE 8-10)  0
DPTR FM NORMAL  -612

[CDD (BASE 65) ]
TOTAL THIS MO.    47
DPTR FM NORMAL    15    [PRESSURE DATA]
TOTAL FM JAN 1    68    HIGHEST SLP  0.00 ON 20
DPTR FM NORMAL    31    LOWEST  SLP 29.72 ON  2

[REMARKS]
