000
CXUS54 KJAN 251200
CF6GWO
PRELIMINARY LOCAL CLIMATOLOGICAL DATA (WS FORM: F-6)

                                          STATION:   GREENWOOD
                                          MONTH:     SEPTEMBER
                                          YEAR:      2017
                                          LATITUDE:   33 30 N
                                          LONGITUDE:  90  5 W

  TEMPERATURE IN F:       :PCPN:    SNOW:  WIND      :SUNSHINE: SKY     :PK WND
================================================================================
1   2   3   4   5  6A  6B    7    8   9   10  11  12  13   14  15   16   17  18
                                     12Z  AVG MX 2MIN
DY MAX MIN AVG DEP HDD CDD  WTR  SNW DPTH SPD SPD DIR MIN PSBL S-S WX    SPD DR
================================================================================

 1  86  63  75  -4   0  10 0.00  0.0    0  2.5  9 320   M    M   3 12     13 270
 2  87  62  75  -4   0  10 0.00  0.0    0  2.6 10 320   M    M   2 12     14 340
 3  88  62  75  -4   0  10 0.00  0.0    0  1.4  7 200   M    M   1 1       9 210
 4  90  66  78  -1   0  13 0.35  0.0    0  2.5 16  40   M    M   3 13     19  40
 5  90  66  78   0   0  13 0.46  0.0    0  4.4 24  10   M    M   4 138    33 360
 6  81  54  68 -10   0   3    T  0.0    0  4.0 14 350   M    M   0 12     18 340
 7  80  51  66 -12   0   1 0.00  0.0    0  2.5 10  40   M    M   0 1      13  40
 8  81  54  68  -9   0   3 0.00  0.0    0  5.8 15  70   M    M   0 1      21  50
 9  84  54  69  -8   0   4 0.00  0.0    0  6.9 15  50   M    M   1        19  70
10  83  59  71  -6   0   6 0.00  0.0    0  7.2 18  40   M    M   0        23  30
11  80  56  68  -9   0   3 0.00  0.0    0  8.0 18  20   M    M   0        23  20
12  67  58  63 -13   2   0 1.44  0.0    0  5.5 16 340   M    M   9 1      27 330
13  76  59  68  -8   0   3 0.06  0.0    0  4.5 10 230   M    M   9 1      14 210
14  86  61  74  -2   0   9 0.00  0.0    0  1.8  8 190   M    M   0 18     10 140
15  89  65  77   2   0  12 0.00  0.0    0  3.4 10 150   M    M   1 1      16 190
16  88  68  78   3   0  13 0.00  0.0    0  3.0 13 110   M    M   1 1      14 110
17  93  68  81   7   0  16    T  0.0    0  1.5  8 360   M    M   1 1      12  30
18  92  69  81   7   0  16 0.00  0.0    0  2.3 13 320   M    M   2 1      18 320
19  93  68  81   7   0  16 0.00  0.0    0  3.0  9 180   M    M   3 12     14 190
20  92  70  81   8   0  16 0.00  0.0    0  4.6 13 220   M    M   1 1      16 230
21  93  67  80   7   0  15 0.00  0.0    0  1.0  7 120   M    M   1 18      9 120
22  95  68  82   9   0  17 0.00  0.0    0  3.2 10  20   M    M   1 1      18  30
23  93  69  81   9   0  16 0.00  0.0    0  3.1  9  80   M    M   1        10  60
24  91  67  79   7   0  14 0.00  0.0    0  4.1 13  90   M    M   0        15  70
================================================================================
SM 2078 1504         2 239  2.31     0.0  88.8          M       44
================================================================================
AV 86.6 62.7                               3.7 FASTST   M    M   2    MAX(MPH)
                                 MISC ---->  # 24  10               # 33  360
================================================================================
NOTES:
# LAST OF SEVERAL OCCURRENCES

COLUMN 17 PEAK WIND IN M.P.H.

PRELIMINARY LOCAL CLIMATOLOGICAL DATA (WS FORM: F-6) , PAGE 2

                                          STATION:  GREENWOOD
                                          MONTH:    SEPTEMBER
                                          YEAR:     2017
                                          LATITUDE:   33 30 N
                                          LONGITUDE:  90  5 W

[TEMPERATURE DATA]      [PRECIPITATION DATA]       SYMBOLS USED IN COLUMN 16

AVERAGE MONTHLY: 74.6   TOTAL FOR MONTH:   2.31    1 = FOG OR MIST
DPTR FM NORMAL:  -1.2   DPTR FM NORMAL:   -0.55    2 = FOG REDUCING VISIBILITY
HIGHEST:    95 ON 22    GRTST 24HR  1.44 ON 12-12      TO 1/4 MILE OR LESS
LOWEST:     51 ON  7                               3 = THUNDER
                        SNOW, ICE PELLETS, HAIL    4 = ICE PELLETS
                        TOTAL MONTH:   0.0 INCH    5 = HAIL
                        GRTST 24HR     0.0         6 = FREEZING RAIN OR DRIZZLE
                        GRTST DEPTH:   0           7 = DUSTSTORM OR SANDSTORM:
                                                       VSBY 1/2 MILE OR LESS
                                                   8 = SMOKE OR HAZE
[NO. OF DAYS WITH]      [WEATHER - DAYS WITH]      9 = BLOWING SNOW
                                                   X = TORNADO
MAX 32 OR BELOW:   0    0.01 INCH OR MORE:   4
MAX 90 OR ABOVE:  10    0.10 INCH OR MORE:   3
MIN 32 OR BELOW:   0    0.50 INCH OR MORE:   1
MIN  0 OR BELOW:   0    1.00 INCH OR MORE:   1

[HDD (BASE 65) ]
TOTAL THIS MO.     2    CLEAR  (SCALE 0-3)  21
DPTR FM NORMAL    -3    PTCLDY (SCALE 4-7)   1
TOTAL FM JUL 1     2    CLOUDY (SCALE 8-10)  2
DPTR FM NORMAL    -3

[CDD (BASE 65) ]
TOTAL THIS MO.   239
DPTR FM NORMAL   -26    [PRESSURE DATA]
TOTAL FM JAN 1  2074    HIGHEST SLP M ON M
DPTR FM NORMAL    67    LOWEST  SLP 29.71 ON 12

[REMARKS]
