000
CXUS54 KJAN 230800
CF6GWO
PRELIMINARY LOCAL CLIMATOLOGICAL DATA (WS FORM: F-6)

                                          STATION:   GREENWOOD
                                          MONTH:     JANUARY
                                          YEAR:      2018
                                          LATITUDE:   33 30 N
                                          LONGITUDE:  90  5 W

  TEMPERATURE IN F:       :PCPN:    SNOW:  WIND      :SUNSHINE: SKY     :PK WND
================================================================================
1   2   3   4   5  6A  6B    7    8   9   10  11  12  13   14  15   16   17  18
                                     12Z  AVG MX 2MIN
DY MAX MIN AVG DEP HDD CDD  WTR  SNW DPTH SPD SPD DIR MIN PSBL S-S WX    SPD DR
================================================================================

 1  28  14  21 -23  44   0 0.00  0.0    0 11.6 20  20   M    M   0        24  20
 2  31  13  22 -21  43   0 0.00  0.0    0  7.6 15  20   M    M   1        19  40
 3  36  19  28 -15  37   0 0.00  0.0    0  2.5 10 230   M    M   2        15 230
 4  36  15  26 -17  39   0 0.00  0.0    0  3.9 14  20   M    M   0        18  20
 5  45  17  31 -12  34   0 0.00  0.0    0  3.0  8 210   M    M   0        10 200
 6  52  25  39  -4  26   0 0.00  0.0    0  6.4 12  90   M    M   0        16  90
 7  57  34  46   3  19   0 0.29  0.0    0  9.4 21 140   M    M   6 1      27 140
 8  48  44  46   3  19   0 0.34  0.0    0 10.1 32 140   M    M  10 1      41 140
 9  55  46  51   8  14   0 0.00  0.0    0  3.8  8  80   M    M  10 1      10  80
10  64  53  59  16   6   0 0.00  0.0    0  7.6 16 150   M    M   9 1      25 150
11  67  59  63  20   2   0 0.91  0.0    0  7.6 16 150   M    M  10 1      21 340
12  59  27  43   0  22   0 0.55    M    0 12.4 30  20   M    M  10 1      36  10
13  31  20  26 -17  39   0 0.00  0.0    0  9.1 18  10   M    M   5        25  20
14  35  19  27 -16  38   0 0.00  0.0    0  4.9 12 340   M    M   4        13 350
15  53  23  38  -5  27   0 0.00  0.0    0  4.3 14 360   M    M   1        19 360
16  38   9  24 -19  41   0 0.01    M    M 10.8 17 340   M    M   7 1      27 350
17  26   5  16 -27  49   0 0.00  0.0    M  4.6 13 360   M    M   0        15 360
18  38  10  24 -19  41   0 0.00  0.0    0  1.5  7 300   M    M   0        10 300
19  47  18  33 -10  32   0 0.00  0.0    0  3.4  9 170   M    M   7        11 170
20  70  40  55  12  10   0    T  0.0    0  8.0 15 190   M    M   8        19 180
21  76  54  65  22   0   0 0.00  0.0    0 12.7 24 170   M    M   5        32 170
22   M   M   M   M   M   M    M    M    M   M   M   M   M    M   M         M  M
================================================================================
SM  992  564       582   0  2.10     0.0 145.2          M       95
================================================================================
AV 47.2 26.9                               6.9 FASTST   M    M   5    MAX(MPH)
                                 MISC ---->  # 32 140               # 41  140
================================================================================
NOTES:
# LAST OF SEVERAL OCCURRENCES

COLUMN 17 PEAK WIND IN M.P.H.

PRELIMINARY LOCAL CLIMATOLOGICAL DATA (WS FORM: F-6) , PAGE 2

                                          STATION:  GREENWOOD
                                          MONTH:    JANUARY
                                          YEAR:     2018
                                          LATITUDE:   33 30 N
                                          LONGITUDE:  90  5 W

[TEMPERATURE DATA]      [PRECIPITATION DATA]       SYMBOLS USED IN COLUMN 16

AVERAGE MONTHLY: 37.1   TOTAL FOR MONTH:   2.10    1 = FOG OR MIST
DPTR FM NORMAL:  -6.0   DPTR FM NORMAL:   -1.06    2 = FOG REDUCING VISIBILITY
HIGHEST:    76 ON 21    GRTST 24HR  0.91 ON 11-11      TO 1/4 MILE OR LESS
LOWEST:      5 ON 17                               3 = THUNDER
                        SNOW, ICE PELLETS, HAIL    4 = ICE PELLETS
                        TOTAL MONTH:   0.0 INCH    5 = HAIL
                        GRTST 24HR     0.0         6 = FREEZING RAIN OR DRIZZLE
                        GRTST DEPTH:   0           7 = DUSTSTORM OR SANDSTORM:
                                                       VSBY 1/2 MILE OR LESS
                                                   8 = SMOKE OR HAZE
[NO. OF DAYS WITH]      [WEATHER - DAYS WITH]      9 = BLOWING SNOW
                                                   X = TORNADO
MAX 32 OR BELOW:   4    0.01 INCH OR MORE:   5
MAX 90 OR ABOVE:   0    0.10 INCH OR MORE:   4
MIN 32 OR BELOW:  14    0.50 INCH OR MORE:   2
MIN  0 OR BELOW:   0    1.00 INCH OR MORE:   0

[HDD (BASE 65) ]
TOTAL THIS MO.   582    CLEAR  (SCALE 0-3)   9
DPTR FM NORMAL    98    PTCLDY (SCALE 4-7)   6
TOTAL FM JUL 1  1586    CLOUDY (SCALE 8-10)  6
DPTR FM NORMAL    36

[CDD (BASE 65) ]
TOTAL THIS MO.     0
DPTR FM NORMAL     0    [PRESSURE DATA]
TOTAL FM JAN 1     0    HIGHEST SLP M ON M
DPTR FM NORMAL     0    LOWEST  SLP 29.64 ON 12

[REMARKS]
