000
CXUS55 KBOU 190900
CF6GXY
PRELIMINARY LOCAL CLIMATOLOGICAL DATA (WS FORM: F-6)
STATION: GREELEY CO
MONTH: APRIL
YEAR: 2024
LATITUDE: 40 25 N
LONGITUDE: 104 38 W
TEMPERATURE IN F: :PCPN: SNOW: WIND :SUNSHINE: SKY :PK WND
================================================================================
1 2 3 4 5 6A 6B 7 8 9 10 11 12 13 14 15 16 17 18
12Z AVG MX 2MIN
DY MAX MIN AVG DEP HDD CDD WTR SNW DPTH SPD SPD DIR MIN PSBL S-S WX SPD DR
================================================================================
1 53 32 43 M 22 0 M M M 8.6 16 40 M M 8 25 350
2 63 30 47 M 18 0 M M M 13.8 23 350 M M 1 32 350
3 73 32 53 M 12 0 M M M 8.9 21 320 M M 1 32 360
4 78 27 53 M 12 0 M M M 7.4 22 130 M M 0 20 170
5 78 37 58 M 7 0 M M M 10.7 22 170 M M 0 41 150
6 52 39 46 M 19 0 M M M 23.7 40 310 M M 7 8 53 310
7 59 39 49 M 16 0 M M M 27.1 39 320 M M 2 59 320
8 59 28 44 M 21 0 M M M 7.0 16 320 M M 0 16 320
9 63 22 43 M 22 0 M M M 6.6 17 330 M M 3 33 330
10 59 38 49 M 16 0 M M M 11.5 22 10 M M 8 31 340
11 64 28 46 M 19 0 M M M 4.7 8 140 M M 2 8 M M
12 79 27 53 M 12 0 M M M 6.5 13 200 M M 0 17 200
13 80 36 58 M 7 0 M M M 6.1 22 340 M M 1 44 350
14 84 34 59 M 6 0 M M M 9.0 22 160 M M 0 30 150
15 80 33 57 M 8 0 M M M 11.9 36 310 M M 1 8 51 320
16 70 42 56 M 9 0 M M M 20.6 35 300 M M 3 45 320
17 73 34 54 M 11 0 M M M 10.1 26 20 M M 4 37 30
18 38 32 35 M 30 0 M M M 5.5 16 10 M M 10 1 20 10
================================================================================
SM 1205 590 267 0 M M 199.7 M 51
================================================================================
AV 66.9 32.8 11.1 FASTST M M 3 MAX(MPH)
MISC ----> 40 310 59 320
================================================================================
NOTES:
# LAST OF SEVERAL OCCURRENCES
COLUMN 17 PEAK WIND IN M.P.H.
PRELIMINARY LOCAL CLIMATOLOGICAL DATA (WS FORM: F-6) , PAGE 2
STATION: GREELEY CO
MONTH: APRIL
YEAR: 2024
LATITUDE: 40 25 N
LONGITUDE: 104 38 W
[TEMPERATURE DATA] [PRECIPITATION DATA] SYMBOLS USED IN COLUMN 16
AVERAGE MONTHLY: 49.9 TOTAL FOR MONTH: M 1 = FOG OR MIST
DPTR FM NORMAL: 0.0 DPTR FM NORMAL: M 2 = FOG REDUCING VISIBILITY
HIGHEST: 84 ON 14 GRTST 24HR 0.20 ON 31- 1 TO 1/4 MILE OR LESS
LOWEST: 22 ON 9 3 = THUNDER
SNOW, ICE PELLETS, HAIL 4 = ICE PELLETS
TOTAL MONTH: M 5 = HAIL
GRTST 24HR M ON M 6 = FREEZING RAIN OR DRIZZLE
GRTST DEPTH: M ON M 7 = DUSTSTORM OR SANDSTORM:
VSBY 1/2 MILE OR LESS
8 = SMOKE OR HAZE
[NO. OF DAYS WITH] [WEATHER - DAYS WITH] 9 = BLOWING SNOW
X = TORNADO
MAX 32 OR BELOW: 0 0.01 INCH OR MORE: 0
MAX 90 OR ABOVE: 0 0.10 INCH OR MORE: 0
MIN 32 OR BELOW: 9 0.50 INCH OR MORE: 0
MIN 0 OR BELOW: 0 1.00 INCH OR MORE: 0
[HDD (BASE 65) ]
TOTAL THIS MO. 267 CLEAR (SCALE 0-3) 13
DPTR FM NORMAL M PTCLDY (SCALE 4-7) 4
TOTAL FM JUL 1 4994 CLOUDY (SCALE 8-10) 1
DPTR FM NORMAL M
[CDD (BASE 65) ]
TOTAL THIS MO. 0
DPTR FM NORMAL M [PRESSURE DATA]
TOTAL FM JAN 1 0 HIGHEST SLP M ON M
DPTR FM NORMAL M LOWEST SLP M ON M
[REMARKS]