000
CXUS54 KEWX 190910
CF6GYB
PRELIMINARY LOCAL CLIMATOLOGICAL DATA (WS FORM: F-6)

                                          STATION:   Giddings-Lee County Airport
                                          MONTH:     SEPTEMBER
                                          YEAR:      2014
                                          LATITUDE:   30 10 N
                                          LONGITUDE:  96 59 W

  TEMPERATURE IN F:       :PCPN:    SNOW:  WIND      :SUNSHINE: SKY     :PK WND
================================================================================
1   2   3   4   5  6A  6B    7    8   9   10  11  12  13   14  15   16   17  18
                                     12Z  AVG MX 2MIN
DY MAX MIN AVG DEP HDD CDD  WTR  SNW DPTH SPD SPD DIR MIN PSBL S-S WX    SPD DR
================================================================================

 1  97  76  87   M   0  22 0.00    M    M  7.7 13 180   M    M   5 1      22 180
 2  95  76  86   M   0  21 0.00    M    M  6.1 14 130   M    M   5 1      23 140
 3  98  72  85   M   0  20 0.00    M    M  6.0 13 140   M    M   2        24 150
 4  94  75  85   M   0  20 0.02    M    M  4.6 14 190   M    M   3 1      20 190
 5  95  74  85   M   0  20 0.00    M    M  4.0  9 160   M    M   1 1      18  70
 6  96  73  85   M   0  20 0.08    M    M  1.4  5 150   M    M   4 1       M  M
 7  88  71  80   M   0  15 1.37    M    M  4.5 10 290   M    M   4         M  M
 8  93  71  82   M   0  17 0.00    M    M  1.3  8 100   M    M   1 1       M  M
 9  96  73  85   M   0  20 0.00    M    M  5.3 10 230   M    M   2        17 160
10  97  76  87   M   0  22 0.00    M    M  8.0 13 200   M    M   4        22 210
11  96  77  87   M   0  22 0.00    M    M  4.4  9 210   M    M   4         M  M
12  94  66  80   M   0  15 0.51    M    M  3.7 14 360   M    M   5        18  10
13  66  61  64   M   1   0 0.09    M    M  8.2 14  20   M    M  10 1      22  20
14  75  64  70   M   0   5 0.00    M    M  3.5  7  30   M    M   9 18      M  M
15  89  68  79   M   0  14 0.00    M    M  2.5  7  60   M    M   5 1       M  M
16  92  73  83   M   0  18 0.01    M    M  3.8  9 120   M    M   3 1       M  M
17  89  73  81   M   0  16 0.16    M    M  2.3 16 140   M    M   7 12     22 140
18  87  72  80   M   0  15 0.74    M    M  2.5  8 200   M    M   7         M  M
================================================================================
SM 1637 1291         1 302  2.98    M     79.8          M       81
================================================================================
AV 90.9 71.7                               4.4 FASTST   M    M   5    MAX(MPH)
                                 MISC ---->    16   M                 24    M
================================================================================
NOTES:
# LAST OF SEVERAL OCCURRENCES

COLUMN 17 PEAK WIND IN M.P.H.

PRELIMINARY LOCAL CLIMATOLOGICAL DATA (WS FORM: F-6) , PAGE 2

                                          STATION:  Giddings-Lee County Airport
                                          MONTH:    SEPTEMBER
                                          YEAR:     2014
                                          LATITUDE:   30 10 N
                                          LONGITUDE:  96 59 W

[TEMPERATURE DATA]      [PRECIPITATION DATA]       SYMBOLS USED IN COLUMN 16

AVERAGE MONTHLY: 81.3   TOTAL FOR MONTH:   2.98    1 = FOG OR MIST
DPTR FM NORMAL:     M   DPTR FM NORMAL:       M    2 = FOG REDUCING VISIBILITY
HIGHEST:    98 ON  3    GRTST 24HR  1.37 ON  7- 7      TO 1/4 MILE OR LESS
LOWEST:     61 ON 13                               3 = THUNDER
                        SNOW, ICE PELLETS, HAIL    4 = ICE PELLETS
                        TOTAL MONTH:    M          5 = HAIL
                        GRTST 24HR    M  ON   M    6 = FREEZING RAIN OR DRIZZLE
                        GRTST DEPTH:  M  ON   M    7 = DUSTSTORM OR SANDSTORM:
                                                       VSBY 1/2 MILE OR LESS
                                                   8 = SMOKE OR HAZE
[NO. OF DAYS WITH]      [WEATHER - DAYS WITH]      9 = BLOWING SNOW
                                                   X = TORNADO
MAX 32 OR BELOW:   0    0.01 INCH OR MORE:   8
MAX 90 OR ABOVE:  12    0.10 INCH OR MORE:   4
MIN 32 OR BELOW:   0    0.50 INCH OR MORE:   3
MIN  0 OR BELOW:   0    1.00 INCH OR MORE:   1

[HDD (BASE 65) ]
TOTAL THIS MO.     1    CLEAR  (SCALE 0-3)   5
DPTR FM NORMAL     M    PTCLDY (SCALE 4-7)  11
TOTAL FM JUL 1     1    CLOUDY (SCALE 8-10)  2
DPTR FM NORMAL     M

[CDD (BASE 65) ]
TOTAL THIS MO.   302
DPTR FM NORMAL     M    [PRESSURE DATA]
TOTAL FM JAN 1  2449    HIGHEST SLP M ON M
DPTR FM NORMAL     M    LOWEST  SLP M ON M

[REMARKS]
