000
CXUS54 KFWD 190730
CF6GYI
PRELIMINARY LOCAL CLIMATOLOGICAL DATA (WS FORM: F-6)

                                          STATION:   SHERMAN DENISON
                                          MONTH:     DECEMBER
                                          YEAR:      2014
                                          LATITUDE:   33 42 N
                                          LONGITUDE:  96 40 W

  TEMPERATURE IN F:       :PCPN:    SNOW:  WIND      :SUNSHINE: SKY     :PK WND
================================================================================
1   2   3   4   5  6A  6B    7    8   9   10  11  12  13   14  15   16   17  18
                                     12Z  AVG MX 2MIN
DY MAX MIN AVG DEP HDD CDD  WTR  SNW DPTH SPD SPD DIR MIN PSBL S-S WX    SPD DR
================================================================================

 1  46  28  37 -10  28   0 0.00  0.0    0 11.7 20 340   M    M   8        25 350
 2  46  24  35 -12  30   0 0.00  0.0    0  2.7  9 140   M    M   5         M  M
 3  54  42  48   2  17   0 0.03  0.0    0  5.8  9 150   M    M  10 12      M  M
 4  63  50  57  11   8   0 0.01  0.0    0  7.0  9 150   M    M  10 12      M  M
 5  74  55  65  19   0   0 0.11  0.0    0  9.2 15 200   M    M   8 1      22 220
 6  61  44  53   8  12   0 0.00  0.0    0 10.6 15  10   M    M   5 1      22  10
 7  53  44  49   4  16   0 0.00  0.0    0  4.1 10 110   M    M   9 1       M  M
 8  53  37  45   0  20   0 0.00  0.0    0  2.0  8 290   M    M   7 12      M  M
 9  63  35  49   4  16   0 0.00  0.0    0  0.8  6 330   M    M   5 12      M  M
10  59  40  50   6  15   0 0.00  0.0    0  6.7 12 100   M    M   4 1      16 120
11  58  47  53   9  12   0 0.00  0.0    0  7.5 12  90   M    M  10 1       M  M
12  54  47  51   7  14   0 0.05    M    0  7.7 12  90   M    M  10 12      M  M
13  70  53  62  18   3   0 0.00  0.0    0  9.5 15 150   M    M   5 12      M  M
14  66  59  63  19   2   0 0.29  0.0    0 14.9 18 160   M    M   8 1      28 160
15  62  43  53  10  12   0 0.00  0.0    0 11.6 21 270   M    M   1        29 270
16  51  36  44   1  21   0 0.00  0.0    0  8.2 17 330   M    M   0        22 330
17  40  37  39  -4  26   0 0.36    M    0  4.1 15  90   M    M   9 13     21  90
18  45  39  42  -1  23   0 0.00  0.0    0  0.9  7  40   M    M  10 1       M  M
================================================================================
SM 1018  760       275   0  0.85     0.0 125.0          M      124
================================================================================
AV 56.6 42.2                               6.9 FASTST   M    M   7    MAX(MPH)
                                 MISC ---->    21   M                 29    M
================================================================================
NOTES:
# LAST OF SEVERAL OCCURRENCES

COLUMN 17 PEAK WIND IN M.P.H.

PRELIMINARY LOCAL CLIMATOLOGICAL DATA (WS FORM: F-6) , PAGE 2

                                          STATION:  SHERMAN DENISON
                                          MONTH:    DECEMBER
                                          YEAR:     2014
                                          LATITUDE:   33 42 N
                                          LONGITUDE:  96 40 W

[TEMPERATURE DATA]      [PRECIPITATION DATA]       SYMBOLS USED IN COLUMN 16

AVERAGE MONTHLY: 49.4   TOTAL FOR MONTH:   0.85    1 = FOG OR MIST
DPTR FM NORMAL:   4.7   DPTR FM NORMAL:   -1.05    2 = FOG REDUCING VISIBILITY
HIGHEST:    74 ON  5    GRTST 24HR  0.36 ON 17-17      TO 1/4 MILE OR LESS
LOWEST:     24 ON  2                               3 = THUNDER
                        SNOW, ICE PELLETS, HAIL    4 = ICE PELLETS
                        TOTAL MONTH:   0.0 INCH    5 = HAIL
                        GRTST 24HR     0.0         6 = FREEZING RAIN OR DRIZZLE
                        GRTST DEPTH:   0           7 = DUSTSTORM OR SANDSTORM:
                                                       VSBY 1/2 MILE OR LESS
                                                   8 = SMOKE OR HAZE
[NO. OF DAYS WITH]      [WEATHER - DAYS WITH]      9 = BLOWING SNOW
                                                   X = TORNADO
MAX 32 OR BELOW:   0    0.01 INCH OR MORE:   6
MAX 90 OR ABOVE:   0    0.10 INCH OR MORE:   3
MIN 32 OR BELOW:   2    0.50 INCH OR MORE:   0
MIN  0 OR BELOW:   0    1.00 INCH OR MORE:   0

[HDD (BASE 65) ]
TOTAL THIS MO.   275    CLEAR  (SCALE 0-3)   2
DPTR FM NORMAL   -91    PTCLDY (SCALE 4-7)   9
TOTAL FM JUL 1   737    CLOUDY (SCALE 8-10)  7
DPTR FM NORMAL  -109

[CDD (BASE 65) ]
TOTAL THIS MO.     0
DPTR FM NORMAL     0    [PRESSURE DATA]
TOTAL FM JAN 1  2441    HIGHEST SLP M ON M
DPTR FM NORMAL   276    LOWEST  SLP M ON M

[REMARKS]
