000
CXUS54 KFWD 230730
CF6GYI
PRELIMINARY LOCAL CLIMATOLOGICAL DATA (WS FORM: F-6)

                                          STATION:   SHERMAN DENISON
                                          MONTH:     FEBRUARY
                                          YEAR:      2017
                                          LATITUDE:   33 42 N
                                          LONGITUDE:  96 40 W

  TEMPERATURE IN F:       :PCPN:    SNOW:  WIND      :SUNSHINE: SKY     :PK WND
================================================================================
1   2   3   4   5  6A  6B    7    8   9   10  11  12  13   14  15   16   17  18
                                     12Z  AVG MX 2MIN
DY MAX MIN AVG DEP HDD CDD  WTR  SNW DPTH SPD SPD DIR MIN PSBL S-S WX    SPD DR
================================================================================

 1  73  49  61  17   4   0 0.00  0.0    0  9.6 16  10   M    M   0        28  10
 2  49  39  44   0  21   0 0.00  0.0    0 13.7 20 360   M    M   8        31  10
 3  51  36  44   0  21   0 0.00  0.0    0  7.3 12  10   M    M   5        16  20
 4  51  37  44   0  21   0 0.00  0.0    0  9.8 16 190   M    M  10        22 170
 5  67  46  57  13   8   0 0.00  0.0    0  7.8 12  90   M    M   7 18      M  M
 6  79  51  65  21   0   0 0.00  0.0    0 17.2 30 190   M    M   4 1      37 190
 7  75  55  65  20   0   0 0.00  0.0    0  9.3 24 200   M    M   0        33 200
 8  63  38  51   6  14   0 0.00  0.0    0 13.5 24 350   M    M   0        30 350
 9  58  30  44  -1  21   0 0.00  0.0    0  8.2 12  10   M    M   0        16 350
10  73  47  60  15   5   0 0.00  0.0    0 17.7 30 200   M    M   0        40 200
11  84  63  74  28   0   9 0.00  0.0    0 18.5 24 200   M    M   0 1      33 200
12  71  53  62  16   3   0 0.00  0.0    0 16.5 30  10   M    M   2 1      37  10
13  59  45  52   6  13   0 0.07  0.0    0  9.3 15  90   M    M   9 3      20  90
14  45  39  42  -4  23   0 1.35  0.0    0 11.7 20 340   M    M  10 13     28 340
15  57  36  47   1  18   0 0.00  0.0    0  7.6 15 330   M    M   1        21 340
16  64  34  49   2  16   0 0.00  0.0    0  7.1 13 160   M    M   0        16 220
17  68  46  57  10   8   0 0.00  0.0    0 12.4 20 200   M    M   2        29 200
18  73  55  64  17   1   0 0.00  0.0    0  8.6 14  90   M    M   5 1       M  M
19  71  55  63  16   2   0 0.00  0.0    0 10.7 16 120   M    M   7 18     23 120
20  69  51  60  12   5   0 0.46  0.0    0  9.8 20 150   M    M   6 13     24 150
21  72  44  58  10   7   0 0.00  0.0    0  5.8 17 340   M    M   2 12     23 310
22  80  42  61  13   4   0 0.00  0.0    0  6.2 14 190   M    M   0        17 180
================================================================================
SM 1452  991       215   9  1.88     0.0 238.3          M       78
================================================================================
AV 66.0 45.1                              10.8 FASTST   M    M   4    MAX(MPH)
                                 MISC ---->    30   M                 40    M
================================================================================
NOTES:
# LAST OF SEVERAL OCCURRENCES

COLUMN 17 PEAK WIND IN M.P.H.

PRELIMINARY LOCAL CLIMATOLOGICAL DATA (WS FORM: F-6) , PAGE 2

                                          STATION:  SHERMAN DENISON
                                          MONTH:    FEBRUARY
                                          YEAR:     2017
                                          LATITUDE:   33 42 N
                                          LONGITUDE:  96 40 W

[TEMPERATURE DATA]      [PRECIPITATION DATA]       SYMBOLS USED IN COLUMN 16

AVERAGE MONTHLY: 55.5   TOTAL FOR MONTH:   1.88    1 = FOG OR MIST
DPTR FM NORMAL:   9.8   DPTR FM NORMAL:   -0.39    2 = FOG REDUCING VISIBILITY
HIGHEST:    84 ON 11    GRTST 24HR  1.35 ON 14-14      TO 1/4 MILE OR LESS
LOWEST:     30 ON  9                               3 = THUNDER
                        SNOW, ICE PELLETS, HAIL    4 = ICE PELLETS
                        TOTAL MONTH:   0.0 INCH    5 = HAIL
                        GRTST 24HR     0.0         6 = FREEZING RAIN OR DRIZZLE
                        GRTST DEPTH:   0           7 = DUSTSTORM OR SANDSTORM:
                                                       VSBY 1/2 MILE OR LESS
                                                   8 = SMOKE OR HAZE
[NO. OF DAYS WITH]      [WEATHER - DAYS WITH]      9 = BLOWING SNOW
                                                   X = TORNADO
MAX 32 OR BELOW:   0    0.01 INCH OR MORE:   3
MAX 90 OR ABOVE:   0    0.10 INCH OR MORE:   2
MIN 32 OR BELOW:   1    0.50 INCH OR MORE:   1
MIN  0 OR BELOW:   0    1.00 INCH OR MORE:   1

[HDD (BASE 65) ]
TOTAL THIS MO.   215    CLEAR  (SCALE 0-3)  12
DPTR FM NORMAL  -210    PTCLDY (SCALE 4-7)   6
TOTAL FM JUL 1  1478    CLOUDY (SCALE 8-10)  4
DPTR FM NORMAL  -788

[CDD (BASE 65) ]
TOTAL THIS MO.     9
DPTR FM NORMAL     9    [PRESSURE DATA]
TOTAL FM JAN 1    10    HIGHEST SLP M ON M
DPTR FM NORMAL    10    LOWEST  SLP M ON M

[REMARKS]
