000
CXUS54 KJAN 301200
CF6HBG
PRELIMINARY LOCAL CLIMATOLOGICAL DATA (WS FORM: F-6)

                                          STATION:   HATTIESBURG
                                          MONTH:     JULY
                                          YEAR:      2014
                                          LATITUDE:   31 16 N
                                          LONGITUDE:  89 15 W

  TEMPERATURE IN F:       :PCPN:    SNOW:  WIND      :SUNSHINE: SKY     :PK WND
================================================================================
1   2   3   4   5  6A  6B    7    8   9   10  11  12  13   14  15   16   17  18
                                     12Z  AVG MX 2MIN
DY MAX MIN AVG DEP HDD CDD  WTR  SNW DPTH SPD SPD DIR MIN PSBL S-S WX    SPD DR
================================================================================

 1  93  76  85   4   0  20 0.00  0.0    0  4.9 15 310   M    M   1        19 310
 2  95  74  85   4   0  20    T  0.0    0  3.4 20 340   M    M   1 13     28 350
 3  91  71  81   0   0  16 0.00  0.0    0  4.3 13  20   M    M   0        20 330
 4  88  69  79  -2   0  14 0.00  0.0    0  3.9 12 320   M    M   1 18     17 130
 5  88  62  75  -6   0  10 0.00  0.0    0  1.1  8  80   M    M   0 1      15 160
 6  91  65  78  -4   0  13 0.00  0.0    0  1.8  8 280   M    M   1        13  10
 7  93  64  79  -3   0  14 0.00  0.0    0  2.3 12 240   M    M   1        17 240
 8  91  71  81  -1   0  16 0.02  0.0    0  5.8 18 220   M    M   1 13     25 230
 9  88  72  80  -2   0  15 0.05  0.0    0  5.0 18 290   M    M   2 38     24 280
10  92  72  82   0   0  17 1.00  0.0    0  3.8 23 310   M    M   4 138    32 290
11  91  71  81  -1   0  16    T  0.0    0  3.1 21 320   M    M   1 13     27 300
12  93  71  82   0   0  17 0.00  0.0    0  2.4 12 320   M    M   1 1      15 250
13  92  73  83   1   0  18    T  0.0    0  2.1 15 180   M    M   2 138    17 180
14  92  71  82   0   0  17 0.00  0.0    0  4.2 20 200   M    M   2 13     26 200
15  89  75  82   0   0  17    T  0.0    0  6.6 14 350   M    M   5 18     19 350
16  87  66  77  -5   0  12 0.05  0.0    0  5.5 14 300   M    M   1 18     17 300
17  89  61  75  -7   0  10 0.00  0.0    0  3.1  9  40   M    M   0 8      14  70
18  80  71  76  -6   0  11 0.68  0.0    0  4.6 21 240   M    M   7 123    33 240
19  86  73  80  -2   0  15 0.05  0.0    0  3.9 17 190   M    M   8 1      21 200
20  88  73  81  -1   0  16 0.00  0.0    0  2.4 12 310   M    M   7         M  M
21  90  72  81  -1   0  16 0.00  0.0    0  2.5 10 310   M    M   3 128    23 220
22  90  69  80  -2   0  15 0.39  0.0    0  3.5 18 340   M    M   5 123    24 350
23  89  68  79  -3   0  14 0.02  0.0    0  2.2  M   M   M    M   4 1238    M  M
24  91  71  81  -1   0  16 0.00  0.0    0  2.6  8 330   M    M   2 18     11 210
25  93  74  84   2   0  19 0.00  0.0    0  2.8 10 340   M    M   2 18     23 350
26  95  74  85   3   0  20 0.00  0.0    0  4.1 10 210   M    M   2 18      M 220
27  95  77  86   4   0  21 0.00  0.0    0  5.6 12 240   M    M   1         M  M
28  94  76  85   3   0  20 0.00  0.0    0  9.2 17 280   M    M   1         M  M
29  91  68  80  -2   0  15 0.00  0.0    0  4.9 14 330   M    M   1        27 270
================================================================================
SM 2625 2050         0 460  2.26     0.0 111.6          M       67
================================================================================
AV 90.5 70.7                               3.8 FASTST   M    M   2    MAX(MPH)
                                 MISC ---->  # 23 310               # 33  240
================================================================================
NOTES:
# LAST OF SEVERAL OCCURRENCES

COLUMN 17 PEAK WIND IN M.P.H.

PRELIMINARY LOCAL CLIMATOLOGICAL DATA (WS FORM: F-6) , PAGE 2

                                          STATION:  HATTIESBURG
                                          MONTH:    JULY
                                          YEAR:     2014
                                          LATITUDE:   31 16 N
                                          LONGITUDE:  89 15 W

[TEMPERATURE DATA]      [PRECIPITATION DATA]       SYMBOLS USED IN COLUMN 16

AVERAGE MONTHLY: 80.6   TOTAL FOR MONTH:   2.26    1 = FOG OR MIST
DPTR FM NORMAL:  -1.2   DPTR FM NORMAL:   -2.83    2 = FOG REDUCING VISIBILITY
HIGHEST:    95 ON 27,26 GRTST 24HR  1.00 ON 10-10      TO 1/4 MILE OR LESS
LOWEST:     61 ON 17                               3 = THUNDER
                        SNOW, ICE PELLETS, HAIL    4 = ICE PELLETS
                        TOTAL MONTH:   0.0 INCH    5 = HAIL
                        GRTST 24HR     0.0         6 = FREEZING RAIN OR DRIZZLE
                        GRTST DEPTH:   0           7 = DUSTSTORM OR SANDSTORM:
                                                       VSBY 1/2 MILE OR LESS
                                                   8 = SMOKE OR HAZE
[NO. OF DAYS WITH]      [WEATHER - DAYS WITH]      9 = BLOWING SNOW
                                                   X = TORNADO
MAX 32 OR BELOW:   0    0.01 INCH OR MORE:   8
MAX 90 OR ABOVE:  19    0.10 INCH OR MORE:   3
MIN 32 OR BELOW:   0    0.50 INCH OR MORE:   2
MIN  0 OR BELOW:   0    1.00 INCH OR MORE:   1

[HDD (BASE 65) ]
TOTAL THIS MO.     0    CLEAR  (SCALE 0-3)  22
DPTR FM NORMAL     0    PTCLDY (SCALE 4-7)   7
TOTAL FM JUL 1     0    CLOUDY (SCALE 8-10)  0
DPTR FM NORMAL     0

[CDD (BASE 65) ]
TOTAL THIS MO.   460
DPTR FM NORMAL   -28    [PRESSURE DATA]
TOTAL FM JAN 1  1303    HIGHEST SLP M ON M
DPTR FM NORMAL   -23    LOWEST  SLP 29.88 ON M

[REMARKS]
