000
CXUS54 KOUN 280800
CF6HBR
PRELIMINARY LOCAL CLIMATOLOGICAL DATA (WS FORM: F-6)

                                          STATION:   HOBART
                                          MONTH:     MARCH
                                          YEAR:      2015
                                          LATITUDE:   35  0 N
                                          LONGITUDE:  99  3 W

  TEMPERATURE IN F:       :PCPN:    SNOW:  WIND      :SUNSHINE: SKY     :PK WND
================================================================================
1   2   3   4   5  6A  6B    7    8   9   10  11  12  13   14  15   16   17  18
                                     12Z  AVG MX 2MIN
DY MAX MIN AVG DEP HDD CDD  WTR  SNW DPTH SPD SPD DIR MIN PSBL S-S WX    SPD DR
================================================================================

 1  34  25  30 -16  35   0 0.00  0.0    0  6.3 14  30   M    M  10 18     18  40
 2  38  25  32 -14  33   0 0.00  0.0    0  9.7 22 190   M    M   8 18     26 200
 3  54  35  45  -1  20   0 0.00  0.0    0 13.6 25 210   M    M   6 18     29 220
 4  41  22  32 -15  33   0    T    M    0 21.9 35  30   M    M  10 1269   41  30
 5  42   6  24 -23  41   0 0.00  0.0    0  9.3 18 240   M    M   1        22 230
 6  56  24  40  -7  25   0 0.00  0.0    0 13.6 21 230   M    M   0        26 220
 7  64  28  46  -2  19   0 0.00  0.0    0 11.9 18 200   M    M   1        23 200
 8  64  45  55   7  10   0 0.00  0.0    0 11.9 21 180   M    M   3 1      25 180
 9  50  47  49   1  16   0 0.04  0.0    0  7.1 14  80   M    M  10 12     17  90
10  69  42  56   8   9   0 0.01  0.0    0  6.9 13 190   M    M   5 18     14 140
11  74  36  55   6  10   0 0.00  0.0    0  5.3 14 130   M    M   3 12     18 120
12  70  37  54   5  11   0 0.00  0.0    0  5.7 15  90   M    M   0        19 110
13  69  36  53   4  12   0 0.00  0.0    0 11.0 26  40   M    M   2        33  50
14  69  45  57   7   8   0 0.00  0.0    0 13.9 28  10   M    M   0        38  50
15  70  34  52   2  13   0 0.00  0.0    0  6.4 14 180   M    M   1        17 190
16  78  43  61  11   4   0 0.00  0.0    0 14.0 25 200   M    M   0 1      30 190
17  58  48  53   2  12   0 0.06  0.0    0 14.1 33  20   M    M   2 1      40  20
18  61  44  53   2  12   0 0.01  0.0    0  5.7 13 360   M    M   7 1      16  10
19  55  44  50  -1  15   0 0.17  0.0    0 12.7 26  50   M    M  10 12     33  50
20  58  43  51   0  14   0 0.05  0.0    0  5.1 15  80   M    M   2 1      18  60
21  63  43  53   1  12   0 0.03  0.0    0  4.6 13 130   M    M   2 1      14 130
22  70  49  60   8   5   0 0.07    M    0  9.2 17 180   M    M   5 1      27 200
23  76  44  60   8   5   0 0.00  0.0    0 16.3 30 170   M    M   1 12     38 160
24  80  47  64  11   1   0 0.00  0.0    0 13.5 25  10   M    M   0        30 340
25  83  42  63  10   2   0 0.00  0.0    0 17.5 41  20   M    M   2 18     52  20
26  64  37  51  -2  14   0 0.00  0.0    0 14.2 33 360   M    M   2        44  10
27  61  39  50  -3  15   0 0.00  0.0    0  7.9 24  40   M    M   1        28  30
================================================================================
SM 1671 1010       406   0  0.44     0.0 289.3          M       94
================================================================================
AV 61.9 37.4                              10.7 FASTST   M    M   3    MAX(MPH)
                                 MISC ---->  # 41  20               # 52   20
================================================================================
NOTES:
# LAST OF SEVERAL OCCURRENCES

COLUMN 17 PEAK WIND IN M.P.H.

PRELIMINARY LOCAL CLIMATOLOGICAL DATA (WS FORM: F-6) , PAGE 2

                                          STATION:  HOBART
                                          MONTH:    MARCH
                                          YEAR:     2015
                                          LATITUDE:   35  0 N
                                          LONGITUDE:  99  3 W

[TEMPERATURE DATA]      [PRECIPITATION DATA]       SYMBOLS USED IN COLUMN 16

AVERAGE MONTHLY: 49.6   TOTAL FOR MONTH:   0.44    1 = FOG OR MIST
DPTR FM NORMAL:   0.0   DPTR FM NORMAL:   -1.38    2 = FOG REDUCING VISIBILITY
HIGHEST:    83 ON 25    GRTST 24HR  0.17 ON 19-19      TO 1/4 MILE OR LESS
LOWEST:      6 ON  5                               3 = THUNDER
                        SNOW, ICE PELLETS, HAIL    4 = ICE PELLETS
                        TOTAL MONTH:   0.0 INCH    5 = HAIL
                        GRTST 24HR     0.0         6 = FREEZING RAIN OR DRIZZLE
                        GRTST DEPTH:   0           7 = DUSTSTORM OR SANDSTORM:
                                                       VSBY 1/2 MILE OR LESS
                                                   8 = SMOKE OR HAZE
[NO. OF DAYS WITH]      [WEATHER - DAYS WITH]      9 = BLOWING SNOW
                                                   X = TORNADO
MAX 32 OR BELOW:   0    0.01 INCH OR MORE:   8
MAX 90 OR ABOVE:   0    0.10 INCH OR MORE:   1
MIN 32 OR BELOW:   6    0.50 INCH OR MORE:   0
MIN  0 OR BELOW:   0    1.00 INCH OR MORE:   0

[HDD (BASE 65) ]
TOTAL THIS MO.   406    CLEAR  (SCALE 0-3)  18
DPTR FM NORMAL   -13    PTCLDY (SCALE 4-7)   5
TOTAL FM JUL 1  3265    CLOUDY (SCALE 8-10)  4
DPTR FM NORMAL   -97

[CDD (BASE 65) ]
TOTAL THIS MO.     0
DPTR FM NORMAL     0    [PRESSURE DATA]
TOTAL FM JAN 1     0    HIGHEST SLP M ON M
DPTR FM NORMAL     0    LOWEST  SLP 29.58 ON 25

[REMARKS]
