000
CXUS53 KGID 010730
CF6HDE
PRELIMINARY LOCAL CLIMATOLOGICAL DATA (WS FORM: F-6)

                                          STATION:   HOLDREGE
                                          MONTH:     APRIL
                                          YEAR:      2016
                                          LATITUDE:   40 27 N
                                          LONGITUDE:  99 20 W

  TEMPERATURE IN F:       :PCPN:    SNOW:  WIND      :SUNSHINE: SKY     :PK WND
================================================================================
1   2   3   4   5  6A  6B    7    8   9   10  11  12  13   14  15   16   17  18
                                     12Z  AVG MX 2MIN
DY MAX MIN AVG DEP HDD CDD  WTR  SNW DPTH SPD SPD DIR MIN PSBL S-S WX    SPD DR
================================================================================

 1  45  27  36  -8  29   0 0.00    M    M 11.7 22 330   M    M   3        36 320
 2  65  32  49   5  16   0 0.00    M    M  9.4 16 340   M    M   1        21 340
 3  80  39  60  15   5   0 0.00    M    M 10.5 17 340   M    M   1        24 290
 4  67  33  50   5  15   0 0.00    M    M  8.5 14 130   M    M   0        20 150
 5  73  46  60  14   5   0    T    M    M 13.1 28 320   M    M   2 8      38 320
 6  67  44  56  10   9   0    T    M    M 18.4 31 330   M    M   4        44 320
 7  62  36  49   3  16   0 0.00    M    M 18.7 35 350   M    M   2        51 350
 8  67  29  48   1  17   0 0.00    M    M  9.2 15  20   M    M   1        22 350
 9  72  28  50   3  15   0 0.00    M    M 14.6 21 170   M    M   0        30 160
10  64  43  54   7  11   0    T    M    M 14.9 31  20   M    M   1        38  20
11  59  33  46  -2  19   0 0.00    M    M  8.3 14  30   M    M   4        18  50
12  68  30  49   1  16   0 0.00    M    M 14.3 27 190   M    M   0        35 200
13  75  37  56   8   9   0 0.00    M    M 10.8 16 170   M    M   0        24 180
14  72  45  59  10   6   0 0.00    M    M 15.7 28 150   M    M   3 1      33 150
15  74  54  64  15   1   0 0.00    M    M 22.7 32 160   M    M   3        43 180
16  61  49  55   5  10   0 2.89    M    M 17.4 30  90   M    M  10 3      36 120
17  57  41  49  -1  16   0 1.42    M    M 12.6 21 280   M    M  10 1      30 280
18  51  40  46  -4  19   0 0.10    M    M  9.0 21 360   M    M  10        28 360
19  55  34  45  -6  20   0 0.08    M    M  2.6  9 210   M    M   6 1       M  M
20  58  42  50  -1  15   0 0.05    M    M  5.6 17 250   M    M   6 1      22 340
21  71  45  58   7   7   0 0.00    M    M  6.9 17 340   M    M   3        24 340
22  70  37  54   2  11   0 0.00    M    M  4.2 13 170   M    M   0        17 170
23  80  49  65  13   0   0 0.00    M    M 19.6 28 180   M    M   0        39 180
24  76  52  64  12   1   0 0.00    M    M  9.4 20 170   M    M   1        27 170
25  71  42  57   4   8   0 0.00    M    M  6.1 10 330   M    M   0         M  M
26  71  47  59   6   6   0 1.81    M    M 18.7 28  50   M    M   8 3      35  60
27  51  36  44 -10  21   0 2.15    M    M 19.5 29 310   M    M   9 3      40 320
28  49  35  42 -12  23   0    T    M    M  8.8 16 290   M    M   7        23 340
29  44  40  42 -12  23   0 0.64    M    M 14.0 29  50   M    M   9 3      37  50
30  45  40  43 -11  22   0 0.31    M    M 10.9 16 360   M    M  10 1      20  10
================================================================================
SM 1920 1185       391   0  9.45    M    366.1          M      114
================================================================================
AV 64.0 39.5                              12.2 FASTST   M    M   4    MAX(MPH)
                                 MISC ---->  # 35 350                 51    M
================================================================================
NOTES:
# LAST OF SEVERAL OCCURRENCES

COLUMN 17 PEAK WIND IN M.P.H.

PRELIMINARY LOCAL CLIMATOLOGICAL DATA (WS FORM: F-6) , PAGE 2

                                          STATION:  HOLDREGE
                                          MONTH:    APRIL
                                          YEAR:     2016
                                          LATITUDE:   40 27 N
                                          LONGITUDE:  99 20 W

[TEMPERATURE DATA]      [PRECIPITATION DATA]       SYMBOLS USED IN COLUMN 16

AVERAGE MONTHLY: 51.8   TOTAL FOR MONTH:   9.45    1 = FOG OR MIST
DPTR FM NORMAL:   2.3   DPTR FM NORMAL:    7.17    2 = FOG REDUCING VISIBILITY
HIGHEST:    80 ON 23, 3 GRTST 24HR  2.89 ON 16-16      TO 1/4 MILE OR LESS
LOWEST:     27 ON  1                               3 = THUNDER
                        SNOW, ICE PELLETS, HAIL    4 = ICE PELLETS
                        TOTAL MONTH:    M          5 = HAIL
                        GRTST 24HR    M  ON   M    6 = FREEZING RAIN OR DRIZZLE
                        GRTST DEPTH:  M  ON   M    7 = DUSTSTORM OR SANDSTORM:
                                                       VSBY 1/2 MILE OR LESS
                                                   8 = SMOKE OR HAZE
[NO. OF DAYS WITH]      [WEATHER - DAYS WITH]      9 = BLOWING SNOW
                                                   X = TORNADO
MAX 32 OR BELOW:   0    0.01 INCH OR MORE:   9
MAX 90 OR ABOVE:   0    0.10 INCH OR MORE:   7
MIN 32 OR BELOW:   5    0.50 INCH OR MORE:   5
MIN  0 OR BELOW:   0    1.00 INCH OR MORE:   4

[HDD (BASE 65) ]
TOTAL THIS MO.   391    CLEAR  (SCALE 0-3)  17
DPTR FM NORMAL   -85    PTCLDY (SCALE 4-7)   7
TOTAL FM JUL 1  4910    CLOUDY (SCALE 8-10)  6
DPTR FM NORMAL -1126

[CDD (BASE 65) ]
TOTAL THIS MO.     0
DPTR FM NORMAL    -7    [PRESSURE DATA]
TOTAL FM JAN 1     0    HIGHEST SLP M ON M
DPTR FM NORMAL    -7    LOWEST  SLP M ON M

[REMARKS]
#FINAL-04-16#
