283
CXUS53 KGID 180730
CF6HDE
PRELIMINARY LOCAL CLIMATOLOGICAL DATA (WS FORM: F-6)

                                          STATION:   HOLDREGE
                                          MONTH:     DECEMBER
                                          YEAR:      2017
                                          LATITUDE:   40 27 N
                                          LONGITUDE:  99 20 W

  TEMPERATURE IN F:       :PCPN:    SNOW:  WIND      :SUNSHINE: SKY     :PK WND
================================================================================
1   2   3   4   5  6A  6B    7    8   9   10  11  12  13   14  15   16   17  18
                                     12Z  AVG MX 2MIN
DY MAX MIN AVG DEP HDD CDD  WTR  SNW DPTH SPD SPD DIR MIN PSBL S-S WX    SPD DR
================================================================================

 1  52  24  38   7  27   0 0.00    M    M  5.2 16 200   M    M   0        20 200
 2  56  24  40  10  25   0 0.00    M    M  6.1 10 180   M    M   0         M  M
 3  55  29  42  12  23   0 0.00    M    M  7.6 16 180   M    M   0        18 190
 4  48  17  33   3  32   0 0.00    M    M 18.7 43 310   M    M   2        51 310
 5  45  16  31   2  34   0 0.00    M    M 14.0 21 280   M    M   1        30 290
 6  41  14  28  -1  37   0    M    M    M 13.7 25 310   M    M   4        33 320
 7  31   6  19 -10  46   0 0.00    M    M  8.2 13 330   M    M   1        18 330
 8  43  25  34   6  31   0 0.00    M    M 11.4 20 340   M    M   3        29 330
 9  52  28  40  12  25   0 0.00    M    M 10.1 16 330   M    M   0 8      27 330
10  65  31  48  20  17   0 0.00    M    M 11.1 16 290   M    M   0        25 300
11  53  34  44  16  21   0 0.00    M    M 15.3 28 330   M    M   3        37 330
12  50  21  36   9  29   0 0.00999.0    M  7.8 12 260   M    M   1        16 350
13  53  29  41  14  24   0 0.00    M    M 14.0 24 320   M    M   1        33 340
14  41  28  35   8  30   0    T    M    M 10.5 21 340   M    M   8        29 340
15  53  20  37  10  28   0 0.00    M    M  9.5 15 260   M    M   0        18 240
16  55  27  41  14  24   0 0.00    M    M 11.3 21  50   M    M   0        25  50
17  41  26  34   8  31   0 0.00    M    M  8.4 14  10   M    M   3        20  10
================================================================================
SM  834  399       484   0    T    999.0 182.9          M       27
================================================================================
AV 49.1 23.5                              10.8 FASTST   M    M   2    MAX(MPH)
                                 MISC ---->  # 43 310               # 51  310
================================================================================
NOTES:
# LAST OF SEVERAL OCCURRENCES

COLUMN 17 PEAK WIND IN M.P.H.

PRELIMINARY LOCAL CLIMATOLOGICAL DATA (WS FORM: F-6) , PAGE 2

                                          STATION:  HOLDREGE
                                          MONTH:    DECEMBER
                                          YEAR:     2017
                                          LATITUDE:   40 27 N
                                          LONGITUDE:  99 20 W

[TEMPERATURE DATA]      [PRECIPITATION DATA]       SYMBOLS USED IN COLUMN 16

AVERAGE MONTHLY: 36.3   TOTAL FOR MONTH:      T    1 = FOG OR MIST
DPTR FM NORMAL:   8.0   DPTR FM NORMAL:   -0.34    2 = FOG REDUCING VISIBILITY
HIGHEST:    65 ON 10    GRTST 24HR    T  ON 14-14      TO 1/4 MILE OR LESS
LOWEST:      6 ON  7                               3 = THUNDER
                        SNOW, ICE PELLETS, HAIL    4 = ICE PELLETS
                        TOTAL MONTH: 999.0 INCHES  5 = HAIL
                        GRTST 24HR 999.0 ON 12-12  6 = FREEZING RAIN OR DRIZZLE
                        GRTST DEPTH:  M  ON   M    7 = DUSTSTORM OR SANDSTORM:
                                                       VSBY 1/2 MILE OR LESS
                                                   8 = SMOKE OR HAZE
[NO. OF DAYS WITH]      [WEATHER - DAYS WITH]      9 = BLOWING SNOW
                                                   X = TORNADO
MAX 32 OR BELOW:   1    0.01 INCH OR MORE:   0
MAX 90 OR ABOVE:   0    0.10 INCH OR MORE:   0
MIN 32 OR BELOW:  16    0.50 INCH OR MORE:   0
MIN  0 OR BELOW:   0    1.00 INCH OR MORE:   0

[HDD (BASE 65) ]
TOTAL THIS MO.   484    CLEAR  (SCALE 0-3)  15
DPTR FM NORMAL  -139    PTCLDY (SCALE 4-7)   1
TOTAL FM JUL 1  1659    CLOUDY (SCALE 8-10)  1
DPTR FM NORMAL  -314

[CDD (BASE 65) ]
TOTAL THIS MO.     0
DPTR FM NORMAL     0    [PRESSURE DATA]
TOTAL FM JAN 1   957    HIGHEST SLP M ON M
DPTR FM NORMAL    43    LOWEST  SLP M ON M

[REMARKS]
