000
CXUS54 KEWX 300910
CF6HDO
PRELIMINARY LOCAL CLIMATOLOGICAL DATA (WS FORM: F-6)

                                          STATION:   HONDO
                                          MONTH:     MAY
                                          YEAR:      2016
                                          LATITUDE:   29 21 N
                                          LONGITUDE:  99 10 W

  TEMPERATURE IN F:       :PCPN:    SNOW:  WIND      :SUNSHINE: SKY     :PK WND
================================================================================
1   2   3   4   5  6A  6B    7    8   9   10  11  12  13   14  15   16   17  18
                                     12Z  AVG MX 2MIN
DY MAX MIN AVG DEP HDD CDD  WTR  SNW DPTH SPD SPD DIR MIN PSBL S-S WX    SPD DR
================================================================================

 1  82  66  74   1   0   9 0.00  0.0    0 13.4 22  60   M    M   6        25  70
 2  70  56  63 -10   2   0    T    M    M 12.4 23  10   M    M  10        28  20
 3  82  53  68  -5   0   3 0.00    M    0  5.7 13 110   M    M   3        17  70
 4  88  50  69  -5   0   4 0.00    M    0  6.2 17 280   M    M   0        21 280
 5  88  50  69  -5   0   4 0.00  0.0    0  5.8 14 140   M    M   0        16 130
 6  88  53  71  -3   0   6 0.00  0.0    0  9.0 17 110   M    M   0        21 120
 7  87  54  71  -3   0   6    T  0.0    0 12.7 26 140   M    M   2        34 160
 8  76  68  72  -3   0   7    T  0.0    0 13.2 31 140   M    M   6 1      38 140
 9  89  68  79   4   0  14 0.00  0.0    0  9.7 20 170   M    M   5 18     25 160
10  94  71  83   8   0  18 0.00  0.0    0 11.7 23 120   M    M   4 18     29 120
11  89  66  78   3   0  13 0.14  0.0    0 11.5 28 130   M    M   6 13     39  80
12  85  70  78   2   0  13    T  0.0    0  9.1 18  80   M    M   7 1      25  80
13  89  69  79   3   0  14 0.00    M    0  8.4 15 160   M    M   5        19 170
14  79  65  72  -4   0   7 0.28  0.0    0  7.6 18 110   M    M   5 13     24 110
15  70  64  67  -9   0   2 1.23    M    M  8.3 14  60   M    M   9 1      17  60
16  83  67  75  -2   0  10 0.07    M    M  8.6 16 120   M    M   7 1      23 140
17  80  66  73  -4   0   8 0.52  0.0    0 11.4 35 320   M    M   7 13     49 310
18  79  63  71  -6   0   6    T  0.0    M  8.9 21  90   M    M   8 13     27  90
19  79  60  70  -7   0   5 1.68    M    0  9.1 30  60   M    M   5 13     38  50
20  82  62  72  -6   0   7    T    M    0  7.3 14 140   M    M   6        17  50
21  89  73  81   3   0  16    T    M    0  9.1 17 110   M    M   8 1      21 130
22  87  75  81   3   0  16 0.00    M    0 11.5 22 140   M    M   9        28 140
23  89  72  81   3   0  16    T    M    0 11.2 22 130   M    M   9 1      26 140
24  86  74  80   2   0  15    T  0.0    0 11.0 20 130   M    M  10 18     24 130
25  88  76  82   3   0  17    T  0.0    0 11.0 20 150   M    M   8 18     22 150
26  92  77  85   6   0  20    T  0.0    0 10.9 22 130   M    M   6 1      26 140
27  95  70  83   4   0  18 0.00  0.0    0  8.6 20  80   M    M   4        24  90
28  92  71  82   3   0  17 0.35  0.0    0 11.7 39 160   M    M   6 138    51 170
29   M   M   M   M   M   M 1.54    M    0 11.0 15  50   M    M   0 13     38 360
================================================================================
SM 2377 1829         2 291  5.81     0.0 286.0          M      161
================================================================================
AV 84.9 65.3                               9.9 FASTST   M    M   6    MAX(MPH)
                                 MISC ---->  # 39 160               # 51  170
================================================================================
NOTES:
# LAST OF SEVERAL OCCURRENCES

COLUMN 17 PEAK WIND IN M.P.H.

PRELIMINARY LOCAL CLIMATOLOGICAL DATA (WS FORM: F-6) , PAGE 2

                                          STATION:  HONDO
                                          MONTH:    MAY
                                          YEAR:     2016
                                          LATITUDE:   29 21 N
                                          LONGITUDE:  99 10 W

[TEMPERATURE DATA]      [PRECIPITATION DATA]       SYMBOLS USED IN COLUMN 16

AVERAGE MONTHLY: 75.1   TOTAL FOR MONTH:   5.81    1 = FOG OR MIST
DPTR FM NORMAL:  -1.2   DPTR FM NORMAL:    2.68    2 = FOG REDUCING VISIBILITY
HIGHEST:    95 ON 27    GRTST 24HR  1.68 ON 19-19      TO 1/4 MILE OR LESS
LOWEST:     50 ON  5, 4                            3 = THUNDER
                        SNOW, ICE PELLETS, HAIL    4 = ICE PELLETS
                        TOTAL MONTH:   0.0 INCH    5 = HAIL
                        GRTST 24HR     0.0         6 = FREEZING RAIN OR DRIZZLE
                        GRTST DEPTH:   0           7 = DUSTSTORM OR SANDSTORM:
                                                       VSBY 1/2 MILE OR LESS
                                                   8 = SMOKE OR HAZE
[NO. OF DAYS WITH]      [WEATHER - DAYS WITH]      9 = BLOWING SNOW
                                                   X = TORNADO
MAX 32 OR BELOW:   0    0.01 INCH OR MORE:   8
MAX 90 OR ABOVE:   4    0.10 INCH OR MORE:   7
MIN 32 OR BELOW:   0    0.50 INCH OR MORE:   4
MIN  0 OR BELOW:   0    1.00 INCH OR MORE:   3

[HDD (BASE 65) ]
TOTAL THIS MO.     2    CLEAR  (SCALE 0-3)   6
DPTR FM NORMAL     2    PTCLDY (SCALE 4-7)  18
TOTAL FM JUL 1  1162    CLOUDY (SCALE 8-10)  5
DPTR FM NORMAL  -423

[CDD (BASE 65) ]
TOTAL THIS MO.   291
DPTR FM NORMAL   -36    [PRESSURE DATA]
TOTAL FM JAN 1   570    HIGHEST SLP M ON M
DPTR FM NORMAL     8    LOWEST  SLP 29.61 ON 27

[REMARKS]
