000
CXUS54 KEWX 230910
CF6HDO
PRELIMINARY LOCAL CLIMATOLOGICAL DATA (WS FORM: F-6)

                                          STATION:   HONDO
                                          MONTH:     SEPTEMBER
                                          YEAR:      2014
                                          LATITUDE:   29 21 N
                                          LONGITUDE:  99 10 W

  TEMPERATURE IN F:       :PCPN:    SNOW:  WIND      :SUNSHINE: SKY     :PK WND
================================================================================
1   2   3   4   5  6A  6B    7    8   9   10  11  12  13   14  15   16   17  18
                                     12Z  AVG MX 2MIN
DY MAX MIN AVG DEP HDD CDD  WTR  SNW DPTH SPD SPD DIR MIN PSBL S-S WX    SPD DR
================================================================================

 1  99  77  88   6   0  23 0.00    M    M 13.0 24 150   M    M   5        30 150
 2  99  78  89   7   0  24 0.00    M    M 13.0 26 130   M    M   5        33 130
 3  92  72  82   0   0  17 0.31    M    M  7.5 33 170   M    M   5 138    40 190
 4  91  73  82   0   0  17 0.10    M    M  9.7 21 180   M    M   5 18     30 170
 5  92  76  84   3   0  19 0.03    M    M 10.1 32 180   M    M   4 3      41 180
 6  96  74  85   4   0  20 0.00    M    M  6.2 13 100   M    M   3        17 180
 7  93  75  84   3   0  19    T    M    M  7.4 16  50   M    M   4        19  50
 8  97  69  83   2   0  18 0.00    M    M  6.1 16 140   M    M   3        20 140
 9  97  72  85   5   0  20 0.00    M    M  8.7 21 150   M    M   1        26 150
10  99  74  87   7   0  22 0.00    M    M  9.4 18 160   M    M   1        24 150
11  99  74  87   7   0  22 0.00    M    M  7.8 20 130   M    M   2        23 140
12  97  70  84   4   0  19    T    M    M 10.3 28 150   M    M   5        33 140
13  76  64  70  -9   0   5    T    M    M 16.0 25  20   M    M  10        30  30
14  85  66  76  -3   0  11 0.00    M    M  7.8 14  80   M    M   8        18  50
15  92  66  79   0   0  14 0.00    M    M  5.2 12 120   M    M   3        15 130
16  97  73  85   6   0  20 0.00    M    M  8.4 20 120   M    M   3 3      26 110
17  93  77  85   7   0  20    T    M    M  7.2 15 230   M    M   9        20 240
18  96  75  86   8   0  21 0.04    M    M  9.6 22  60   M    M   6 1      27  60
19  95  75  85   7   0  20    T    M    M  9.2 22  90   M    M   6        28 110
20  94  75  85   7   0  20 0.04    M    M  7.9 23  80   M    M   8        28  80
21  95  71  83   6   0  18 0.00    M    M  8.2 18  80   M    M   5        23  80
22  95  65  80   3   0  15 0.00    M    M  7.7 15  70   M    M   1        19 130
================================================================================
SM 2069 1591         0 404  0.52    M    196.4          M      102
================================================================================
AV 94.0 72.3                               8.9 FASTST   M    M   5    MAX(MPH)
                                 MISC ---->  # 33 170               # 41  180
================================================================================
NOTES:
# LAST OF SEVERAL OCCURRENCES

COLUMN 17 PEAK WIND IN M.P.H.

PRELIMINARY LOCAL CLIMATOLOGICAL DATA (WS FORM: F-6) , PAGE 2

                                          STATION:  HONDO
                                          MONTH:    SEPTEMBER
                                          YEAR:     2014
                                          LATITUDE:   29 21 N
                                          LONGITUDE:  99 10 W

[TEMPERATURE DATA]      [PRECIPITATION DATA]       SYMBOLS USED IN COLUMN 16

AVERAGE MONTHLY: 83.2   TOTAL FOR MONTH:   0.52    1 = FOG OR MIST
DPTR FM NORMAL:   3.5   DPTR FM NORMAL:   -1.46    2 = FOG REDUCING VISIBILITY
HIGHEST:    99 ON 11,10 GRTST 24HR  0.41 ON  3- 4      TO 1/4 MILE OR LESS
LOWEST:     64 ON 13                               3 = THUNDER
                        SNOW, ICE PELLETS, HAIL    4 = ICE PELLETS
                        TOTAL MONTH:    M          5 = HAIL
                        GRTST 24HR    M  ON   M    6 = FREEZING RAIN OR DRIZZLE
                        GRTST DEPTH:  M  ON   M    7 = DUSTSTORM OR SANDSTORM:
                                                       VSBY 1/2 MILE OR LESS
                                                   8 = SMOKE OR HAZE
[NO. OF DAYS WITH]      [WEATHER - DAYS WITH]      9 = BLOWING SNOW
                                                   X = TORNADO
MAX 32 OR BELOW:   0    0.01 INCH OR MORE:   5
MAX 90 OR ABOVE:  20    0.10 INCH OR MORE:   2
MIN 32 OR BELOW:   0    0.50 INCH OR MORE:   0
MIN  0 OR BELOW:   0    1.00 INCH OR MORE:   0

[HDD (BASE 65) ]
TOTAL THIS MO.     0    CLEAR  (SCALE 0-3)   6
DPTR FM NORMAL     0    PTCLDY (SCALE 4-7)  14
TOTAL FM JUL 1     0    CLOUDY (SCALE 8-10)  2
DPTR FM NORMAL     0

[CDD (BASE 65) ]
TOTAL THIS MO.   404
DPTR FM NORMAL    80    [PRESSURE DATA]
TOTAL FM JAN 1  2804    HIGHEST SLP M ON M
DPTR FM NORMAL   236    LOWEST  SLP 29.73 ON 18

[REMARKS]
