000
CXUS53 KBIS 010733
CF6HEI
PRELIMINARY LOCAL CLIMATOLOGICAL DATA (WS FORM: F-6)

                                          STATION:   HETTINGER ND
                                          MONTH:     APRIL
                                          YEAR:      2016
                                          LATITUDE:   46  0 N
                                          LONGITUDE: 102 39 W

  TEMPERATURE IN F:       :PCPN:    SNOW:  WIND      :SUNSHINE: SKY     :PK WND
================================================================================
1   2   3   4   5  6A  6B    7    8   9   10  11  12  13   14  15   16   17  18
                                     12Z  AVG MX 2MIN
DY MAX MIN AVG DEP HDD CDD  WTR  SNW DPTH SPD SPD DIR MIN PSBL S-S WX    SPD DR
================================================================================

 1  52  16  34  -2  31   0 0.00    M    M 16.4 30 290   M    M   5        39 290
 2  71  23  47  11  18   0 0.00    M    M 10.6 26 280   M    M   0        34 280
 3  68  26  47  10  18   0 0.00    M    M 18.3 33 300   M    M   3        39 300
 4  64  23  44   7  21   0 0.00    M    M 11.5 22 120   M    M   0        30 130
 5  58  31  45   7  20   0 0.01    M    M 25.9 44 260   M    M   7 18     53 270
 6  59  32  46   8  19   0 0.00    M    M 22.1 39 300   M    M   4        49 310
 7  56  20  38  -1  27   0 0.00    M    M 19.1 38 320   M    M   1        49 310
 8  53  20  37  -2  28   0 0.00    M    M  8.3 21 140   M    M   3        27 140
 9  81  28  55  16  10   0 0.00    M    M 18.0 33 320   M    M   0        41 300
10  46  14  30 -10  35   0 0.00    M    M 16.6 35 330   M    M   1        42 330
11  49   6  28 -12  37   0 0.00    M    M  6.8 17 140   M    M   0        24 120
12  76  25  51  10  14   0 0.00    M    M 10.8 28 300   M    M   1        37 300
13  74  28  51  10  14   0    T    M    M 12.7 29 150   M    M   1        37 130
14  71  35  53  12  12   0 0.20    M    M 12.2 38 140   M    M   4 13     52 140
15  61  38  50   8  15   0 0.12    M    M 16.5 29 280   M    M   5 13     35 300
16  38  32  35  -7  30   0 0.02    M    M 15.2 23 340   M    M  10 1      29 340
17  37  32  35  -7  30   0 0.01    M    M 12.3 23 360   M    M   9 1      30  10
18  41  33  37  -6  28   0 0.76    M    M 11.7 18 350   M    M  10 1      21  10
19  57  35  46   3  19   0    T    M    M  7.2 15  30   M    M   7 12     19  40
20  67  28  48   4  17   0 0.00    M    M  4.6 14 310   M    M   1 128    17 330
21  64  37  51   7  14   0 0.00    M    M  9.6 21  20   M    M   0        25  10
22  73  36  55  11  10   0 0.00    M    M 17.5 28 160   M    M   0        38 130
23  73  44  59  14   6   0 0.00    M    M 14.3 29  40   M    M   0        35  40
24  48  39  44  -1  21   0 0.08    M    M 18.3 33  40   M    M   9 123    42  30
25  39  34  37  -9  28   0 0.03    M    M 11.1 16 350   M    M  10 1      20 360
26  40  33  37  -9  28   0 0.04    M    M  9.0 16  60   M    M  10 12     19  50
27  37  32  35 -11  30   0 0.23    M    M  9.3 20  70   M    M  10 12     26  60
28  47  33  40  -6  25   0    T    M    M  7.6 15  40   M    M  10 1      19  60
29  56  33  45  -2  20   0 0.00    M    M  6.1 17 110   M    M   8        23 110
30  58  28  43  -4  22   0 0.00    M    M 11.9 24  60   M    M   5        30  60
================================================================================
SM 1714  874       647   0  1.50    M    391.5          M      134
================================================================================
AV 57.1 29.1                              13.1 FASTST   M    M   4    MAX(MPH)
                                 MISC ---->  # 44 260               # 53  270
================================================================================
NOTES:
# LAST OF SEVERAL OCCURRENCES

COLUMN 17 PEAK WIND IN M.P.H.

PRELIMINARY LOCAL CLIMATOLOGICAL DATA (WS FORM: F-6) , PAGE 2

                                          STATION:  HETTINGER ND
                                          MONTH:    APRIL
                                          YEAR:     2016
                                          LATITUDE:   46  0 N
                                          LONGITUDE: 102 39 W

[TEMPERATURE DATA]      [PRECIPITATION DATA]       SYMBOLS USED IN COLUMN 16

AVERAGE MONTHLY: 43.1   TOTAL FOR MONTH:   1.50    1 = FOG OR MIST
DPTR FM NORMAL:   1.2   DPTR FM NORMAL:    0.03    2 = FOG REDUCING VISIBILITY
HIGHEST:    81 ON  9    GRTST 24HR  0.76 ON 18-18      TO 1/4 MILE OR LESS
LOWEST:      6 ON 11                               3 = THUNDER
                        SNOW, ICE PELLETS, HAIL    4 = ICE PELLETS
                        TOTAL MONTH:    M          5 = HAIL
                        GRTST 24HR    M  ON   M    6 = FREEZING RAIN OR DRIZZLE
                        GRTST DEPTH:  M  ON   M    7 = DUSTSTORM OR SANDSTORM:
                                                       VSBY 1/2 MILE OR LESS
                                                   8 = SMOKE OR HAZE
[NO. OF DAYS WITH]      [WEATHER - DAYS WITH]      9 = BLOWING SNOW
                                                   X = TORNADO
MAX 32 OR BELOW:   0    0.01 INCH OR MORE:  10
MAX 90 OR ABOVE:   0    0.10 INCH OR MORE:   4
MIN 32 OR BELOW:  18    0.50 INCH OR MORE:   1
MIN  0 OR BELOW:   0    1.00 INCH OR MORE:   0

[HDD (BASE 65) ]
TOTAL THIS MO.   647    CLEAR  (SCALE 0-3)  14
DPTR FM NORMAL   -48    PTCLDY (SCALE 4-7)   7
TOTAL FM JUL 1  6950    CLOUDY (SCALE 8-10)  9
DPTR FM NORMAL -1154

[CDD (BASE 65) ]
TOTAL THIS MO.     0
DPTR FM NORMAL     0    [PRESSURE DATA]
TOTAL FM JAN 1     0    HIGHEST SLP M ON M
DPTR FM NORMAL     0    LOWEST  SLP 29.36 ON  9

[REMARKS]
#FINAL-04-16#
