000
CXUS54 KJAN 261200
CF6HEZ
PRELIMINARY LOCAL CLIMATOLOGICAL DATA (WS FORM: F-6)

                                          STATION:   NATCHEZ
                                          MONTH:     MAY
                                          YEAR:      2017
                                          LATITUDE:   31 37 N
                                          LONGITUDE:  91 15 W

  TEMPERATURE IN F:       :PCPN:    SNOW:  WIND      :SUNSHINE: SKY     :PK WND
================================================================================
1   2   3   4   5  6A  6B    7    8   9   10  11  12  13   14  15   16   17  18
                                     12Z  AVG MX 2MIN
DY MAX MIN AVG DEP HDD CDD  WTR  SNW DPTH SPD SPD DIR MIN PSBL S-S WX    SPD DR
================================================================================

 1  76  49  63   M   2   0 0.00  0.0    0  5.8 14 300   M    M   0         M  M
 2  84  52  68   M   0   3    T  0.0    0  2.2  7  99   M    M   0 8       M  M
 3   M   M   M   M   M   M 1.60    M    0  5.8 10 170   M    M   4 13      M  M
 4  63  47  55   M  10   0 0.07    M    0  9.6 20 320   M    M   7 1      35 330
 5   M   M   M   M   M   M 0.00  0.0    0  7.9 22 330   M    M   1        33 330
 6  78  56  67   M   0   2 0.00  0.0    0  4.5 13 260   M    M   0        18 240
 7  83  51  67   M   0   2 0.00  0.0    0  2.2  7 280   M    M   0 8       M  M
 8  86  56  71   M   0   6 0.00  0.0    0  2.9  8 100   M    M   1         M  M
 9  85  58  72   M   0   7 0.00  0.0    0  4.2  9 190   M    M   0         M  M
10  85  60  73   M   0   8 0.00  0.0    0  4.6  9 210   M    M   0        17 200
11  81  64  73   M   0   8    T  0.0    0  5.4 10 200   M    M   3         M  M
12  81  64  73   M   0   8 1.07  0.0    0  6.7 16 320   M    M   6 13      M  M
13  74  60  67   M   0   2    T  0.0    0  6.3 12 360   M    M   7 1      16 340
14  83  55  69   M   0   4 0.00  0.0    0  2.0  6 340   M    M   1 1       M  M
15  87  59  73   M   0   8 0.00  0.0    0  3.1  9 130   M    M   2         M  M
16  86  63  75   M   0  10 0.00  0.0    0  7.4 16 150   M    M   2        21 150
17  87  68  78   M   0  13    T  0.0    0  9.8 16 190   M    M   3        23 180
18  90  67  79   M   0  14    T  0.0    0  7.6 14 140   M    M   3 1      17 170
19  90  74  82   M   0  17    T  0.0    0 10.1 20 160   M    M   6        28 160
20  88  69  79   M   0  14 0.05  0.0    0  6.1 12 160   M    M   5 3      16 170
21  85  64  75   M   0  10 0.35  0.0    0  3.9  9 150   M    M   5 13      M  M
22  69  64  67   M   0   2 0.88  0.0    0  4.8  8  60   M    M  10 1       M  M
23  77  66  72   M   0   7 0.10  0.0    0  5.6 12 330   M    M   8 1      18 330
24  74  55  65   M   0   0 0.08  0.0    0 10.3 22 280   M    M   3        30 290
25  82  50  66   M   0   1 0.00  0.0    0  6.0 12 240   M    M   0        16 220
================================================================================
SM 1874 1371        12 146  4.20     0.0 144.8          M       77
================================================================================
AV 81.5 59.6                               5.8 FASTST   M    M   3    MAX(MPH)
                                 MISC ---->  # 22 330               # 35  330
================================================================================
NOTES:
# LAST OF SEVERAL OCCURRENCES

COLUMN 17 PEAK WIND IN M.P.H.

PRELIMINARY LOCAL CLIMATOLOGICAL DATA (WS FORM: F-6) , PAGE 2

                                          STATION:  NATCHEZ
                                          MONTH:    MAY
                                          YEAR:     2017
                                          LATITUDE:   31 37 N
                                          LONGITUDE:  91 15 W

[TEMPERATURE DATA]      [PRECIPITATION DATA]       SYMBOLS USED IN COLUMN 16

AVERAGE MONTHLY: 70.5   TOTAL FOR MONTH:   4.20    1 = FOG OR MIST
DPTR FM NORMAL:     M   DPTR FM NORMAL:       M    2 = FOG REDUCING VISIBILITY
HIGHEST:    90 ON 19,18 GRTST 24HR  2.26 ON 30- 1      TO 1/4 MILE OR LESS
LOWEST:     47 ON  4                               3 = THUNDER
                        SNOW, ICE PELLETS, HAIL    4 = ICE PELLETS
                        TOTAL MONTH:   0.0 INCH    5 = HAIL
                        GRTST 24HR     0.0         6 = FREEZING RAIN OR DRIZZLE
                        GRTST DEPTH:   0           7 = DUSTSTORM OR SANDSTORM:
                                                       VSBY 1/2 MILE OR LESS
                                                   8 = SMOKE OR HAZE
[NO. OF DAYS WITH]      [WEATHER - DAYS WITH]      9 = BLOWING SNOW
                                                   X = TORNADO
MAX 32 OR BELOW:   0    0.01 INCH OR MORE:   8
MAX 90 OR ABOVE:   2    0.10 INCH OR MORE:   5
MIN 32 OR BELOW:   0    0.50 INCH OR MORE:   3
MIN  0 OR BELOW:   0    1.00 INCH OR MORE:   2

[HDD (BASE 65) ]
TOTAL THIS MO.    12    CLEAR  (SCALE 0-3)  16
DPTR FM NORMAL     M    PTCLDY (SCALE 4-7)   8
TOTAL FM JUL 1  1309    CLOUDY (SCALE 8-10)  1
DPTR FM NORMAL     M

[CDD (BASE 65) ]
TOTAL THIS MO.   146
DPTR FM NORMAL     M    [PRESSURE DATA]
TOTAL FM JAN 1   435    HIGHEST SLP M ON M
DPTR FM NORMAL     M    LOWEST  SLP M ON M

[REMARKS]
