000
CXUS54 KHGX 291415
CF6HGX
PRELIMINARY LOCAL CLIMATOLOGICAL DATA (WS FORM: F-6)

                                          STATION:   DICKINSON  WFO
                                          MONTH:     JUNE
                                          YEAR:      2015
                                          LATITUDE:   29 28 N
                                          LONGITUDE:  95  5 W

  TEMPERATURE IN F:       :PCPN:    SNOW:  WIND      :SUNSHINE: SKY     :PK WND
================================================================================
1   2   3   4   5  6A  6B    7    8   9   10  11  12  13   14  15   16   17  18
                                     12Z  AVG MX 2MIN
DY MAX MIN AVG DEP HDD CDD  WTR  SNW DPTH SPD SPD DIR MIN PSBL S-S WX    SPD DR
================================================================================

 1  88  67  78   0   0  13 0.00    M    M   M   M   M   M    M   M         M  M
 2  89  70  80   2   0  15 0.00    M    M   M   M   M   M    M   M         M  M
 3  89  69  79   0   0  14 0.00  0.0    M   M   M   M   M    M   M         M  M
 4  89  69  79   0   0  14 0.00  0.0    M   M   M   M   M    M   M         M  M
 5  90  71  81   2   0  16 0.00    M    M   M   M   M   M    M   M         M  M
 6  91  72  82   3   0  17 0.00  0.0    0   M   M   M   M    M   M         M  M
 7  91  73  82   3   0  17 0.00    M    M   M   M   M   M    M   M         M  M
 8  89  73  81   2   0  16    T  0.0    M   M   M   M   M    M   M         M  M
 9  90  75  83   3   0  18 0.32    M    M   M   M   M   M    M   M         M  M
10  91  75  83   3   0  18 0.00  0.0    M   M   M   M   M    M   M         M  M
11  90  75  83   3   0  18 0.00  0.0    M   M   M   M   M    M   M         M  M
12  91  78  85   5   0  20    T  0.0    M   M   M   M   M    M   M         M  M
13  82  71  77  -3   0  12 5.45  0.0    M   M   M   M   M    M   M 3       M  M
14  88  76  82   2   0  17 0.18  0.0    M   M   M   M   M    M   M         M  M
15  87  77  82   2   0  17 0.13  0.0    M   M   M   M   M    M   M         M  M
16  81  75  78  -2   0  13 1.26  0.0    M   M   M   M   M    M   M 3       M  M
17  82  76  79  -1   0  14 0.90    M    M   M   M   M   M    M   M         M  M
18  85  79  82   1   0  17 0.01  0.0    0   M   M   M   M    M   M         M  M
19  88  77  83   2   0  18 0.04    M    M   M   M   M   M    M   M 3       M  M
20  89  76  83   2   0  18 0.00    M    M   M   M   M   M    M   M         M  M
21  89  80  85   4   0  20 0.00    M    M   M   M   M   M    M   M         M  M
22  88  77  83   2   0  18 0.00  0.0    M   M   M   M   M    M   M         M  M
23  90  79  85   4   0  20 0.00  0.0    M   M   M   M   M    M   M         M  M
24  91  76  84   3   0  19 0.00    M    M   M   M   M   M    M   M         M  M
25  89  76  83   2   0  18 0.24  0.0    M   M   M   M   M    M   M         M  M
26  91  77  84   3   0  19 0.00  0.0    M   M   M   M   M    M   M         M  M
27  93  78  86   5   0  21 0.00  0.0    M   M   M   M   M    M   M         M  M
28  87  76  82   1   0  17 0.15    M    M   M   M   M   M    M   M 3       M  M
================================================================================
SM 2478 2093         0 474  8.68     0.0     M          M        M
================================================================================
AV 88.5 74.8                                 M FASTST   M    M   3    MAX(MPH)
                                 MISC ---->     M   M                  M    M
================================================================================
NOTES:
# LAST OF SEVERAL OCCURRENCES

COLUMN 17 PEAK WIND IN M.P.H.

PRELIMINARY LOCAL CLIMATOLOGICAL DATA (WS FORM: F-6) , PAGE 2

                                          STATION:  DICKINSON  WFO
                                          MONTH:    JUNE
                                          YEAR:     2015
                                          LATITUDE:   29 28 N
                                          LONGITUDE:  95  5 W

[TEMPERATURE DATA]      [PRECIPITATION DATA]       SYMBOLS USED IN COLUMN 16

AVERAGE MONTHLY: 81.6   TOTAL FOR MONTH:   8.68    1 = FOG OR MIST
DPTR FM NORMAL:   1.6   DPTR FM NORMAL:    2.64    2 = FOG REDUCING VISIBILITY
HIGHEST:    93 ON 27    GRTST 24HR  5.45 ON 13-13      TO 1/4 MILE OR LESS
LOWEST:     67 ON  1                               3 = THUNDER
                        SNOW, ICE PELLETS, HAIL    4 = ICE PELLETS
                        TOTAL MONTH:   0.0 INCH    5 = HAIL
                        GRTST 24HR     0.0         6 = FREEZING RAIN OR DRIZZLE
                        GRTST DEPTH:   0           7 = DUSTSTORM OR SANDSTORM:
                                                       VSBY 1/2 MILE OR LESS
                                                   8 = SMOKE OR HAZE
[NO. OF DAYS WITH]      [WEATHER - DAYS WITH]      9 = BLOWING SNOW
                                                   X = TORNADO
MAX 32 OR BELOW:   0    0.01 INCH OR MORE:  10
MAX 90 OR ABOVE:  11    0.10 INCH OR MORE:   8
MIN 32 OR BELOW:   0    0.50 INCH OR MORE:   3
MIN  0 OR BELOW:   0    1.00 INCH OR MORE:   2

[HDD (BASE 65) ]
TOTAL THIS MO.     0    CLEAR  (SCALE 0-3)   0
DPTR FM NORMAL     0    PTCLDY (SCALE 4-7)   0
TOTAL FM JUL 1  1454    CLOUDY (SCALE 8-10)  0
DPTR FM NORMAL    53

[CDD (BASE 65) ]
TOTAL THIS MO.   474
DPTR FM NORMAL    52    [PRESSURE DATA]
TOTAL FM JAN 1  1147    HIGHEST SLP M ON M
DPTR FM NORMAL   206    LOWEST  SLP M ON M

[REMARKS]
