000
CXUS55 KLOX 231655
CF6HHR
PRELIMINARY LOCAL CLIMATOLOGICAL DATA (WS FORM: F-6)

                                          STATION:   HAWTHORNE AIRPORT CA
                                          MONTH:     AUGUST
                                          YEAR:      2016
                                          LATITUDE:   33 55 N
                                          LONGITUDE: 118 20 W

  TEMPERATURE IN F:       :PCPN:    SNOW:  WIND      :SUNSHINE: SKY     :PK WND
================================================================================
1   2   3   4   5  6A  6B    7    8   9   10  11  12  13   14  15   16   17  18
                                     12Z  AVG MX 2MIN
DY MAX MIN AVG DEP HDD CDD  WTR  SNW DPTH SPD SPD DIR MIN PSBL S-S WX    SPD DR
================================================================================

 1  80  68  74   3   0   9 0.00  0.0    0  5.9 18 260   M    M   4 8      22 260
 2  80  67  74   3   0   9 0.00  0.0    0  5.7 16 260   M    M   2        21 260
 3  79  68  74   3   0   9 0.00  0.0    0  6.0 16 250   M    M   3 8      20 260
 4  79  68  74   3   0   9 0.00  0.0    0  5.6 17 260   M    M   3 8      22 260
 5  78  67  73   2   0   8 0.00  0.0    0  6.2 16 260   M    M   5 8      21 260
 6  77  67  72   1   0   7 0.00  0.0    0  4.9 16 260   M    M   6        20 260
 7  76  67  72   1   0   7 0.00  0.0    0  5.9 16 250   M    M   5 8      22 260
 8  78  67  73   2   0   8 0.00  0.0    0  5.5 13 250   M    M   6 8      20 250
 9  78  67  73   2   0   8 0.00  0.0    0  5.8 14 250   M    M   5        21 250
10  77  66  72   1   0   7 0.00  0.0    0  5.0 14 250   M    M   2 8      20 260
11  78  67  73   2   0   8 0.00  0.0    0  6.0 16 260   M    M   4        22 260
12  77  66  72   1   0   7 0.00  0.0    0  7.2 17 250   M    M   4 8      22 270
13  79  67  73   1   0   8 0.00  0.0    0  6.5 16 250   M    M   0 8      21 250
14  80  68  74   2   0   9 0.00  0.0    0  5.7 16 250   M    M   0        20 270
15  82  64  73   1   0   8 0.00  0.0    0  7.1 18 260   M    M   2 1      22 270
16  80  63  72   0   0   7 0.00  0.0    0  7.0 15 250   M    M   1 18     19 260
17  79  61  70  -2   0   5 0.00  0.0    0  6.4 13 260   M    M   4 18     17 270
18  81  62  72   0   0   7 0.00  0.0    0  6.3 14 250   M    M   5 8      18 270
19  78  64  71  -1   0   6 0.00  0.0    0  5.8 16 260   M    M   2 8      21 260
20  75  65  70  -2   0   5 0.00  0.0    0  6.4 16 260   M    M   1 8      21 250
21  77  66  72   0   0   7 0.00  0.0    0  6.1 17 260   M    M   0 8      20 250
22  79  66  73   1   0   8 0.00  0.0    0  5.6 15 260   M    M   0        20 250
================================================================================
SM 1727 1451         0 166  0.00     0.0 132.6          M       64
================================================================================
AV 78.5 66.0                               6.0 FASTST   M    M   3    MAX(MPH)
                                 MISC ---->  # 18 260               # 22  260
================================================================================
NOTES:
# LAST OF SEVERAL OCCURRENCES

COLUMN 17 PEAK WIND IN M.P.H.

PRELIMINARY LOCAL CLIMATOLOGICAL DATA (WS FORM: F-6) , PAGE 2

                                          STATION:  HAWTHORNE AIRPORT CA
                                          MONTH:    AUGUST
                                          YEAR:     2016
                                          LATITUDE:   33 55 N
                                          LONGITUDE: 118 20 W

[TEMPERATURE DATA]      [PRECIPITATION DATA]       SYMBOLS USED IN COLUMN 16

AVERAGE MONTHLY: 72.2   TOTAL FOR MONTH:   0.00    1 = FOG OR MIST
DPTR FM NORMAL:   0.8   DPTR FM NORMAL:   -0.04    2 = FOG REDUCING VISIBILITY
HIGHEST:    82 ON 15    GRTST 24HR  0.00 ON 22-22      TO 1/4 MILE OR LESS
LOWEST:     61 ON 17                               3 = THUNDER
                        SNOW, ICE PELLETS, HAIL    4 = ICE PELLETS
                        TOTAL MONTH:   0.0 INCH    5 = HAIL
                        GRTST 24HR     0.0         6 = FREEZING RAIN OR DRIZZLE
                        GRTST DEPTH:   0           7 = DUSTSTORM OR SANDSTORM:
                                                       VSBY 1/2 MILE OR LESS
                                                   8 = SMOKE OR HAZE
[NO. OF DAYS WITH]      [WEATHER - DAYS WITH]      9 = BLOWING SNOW
                                                   X = TORNADO
MAX 32 OR BELOW:   0    0.01 INCH OR MORE:   0
MAX 90 OR ABOVE:   0    0.10 INCH OR MORE:   0
MIN 32 OR BELOW:   0    0.50 INCH OR MORE:   0
MIN  0 OR BELOW:   0    1.00 INCH OR MORE:   0

[HDD (BASE 65) ]
TOTAL THIS MO.     0    CLEAR  (SCALE 0-3)  11
DPTR FM NORMAL     0    PTCLDY (SCALE 4-7)  11
TOTAL FM JUL 1     0    CLOUDY (SCALE 8-10)  0
DPTR FM NORMAL    -1

[CDD (BASE 65) ]
TOTAL THIS MO.   166
DPTR FM NORMAL    27    [PRESSURE DATA]
TOTAL FM JAN 1   703    HIGHEST SLP M ON M
DPTR FM NORMAL   248    LOWEST  SLP 29.72 ON  7

[REMARKS]
