000
CXUS55 KLOX 011655
CF6HHR
PRELIMINARY LOCAL CLIMATOLOGICAL DATA (WS FORM: F-6)

                                          STATION:   HAWTHORNE AIRPORT CA
                                          MONTH:     JUNE
                                          YEAR:      2015
                                          LATITUDE:   33 55 N
                                          LONGITUDE: 118 20 W

  TEMPERATURE IN F:       :PCPN:    SNOW:  WIND      :SUNSHINE: SKY     :PK WND
================================================================================
1   2   3   4   5  6A  6B    7    8   9   10  11  12  13   14  15   16   17  18
                                     12Z  AVG MX 2MIN
DY MAX MIN AVG DEP HDD CDD  WTR  SNW DPTH SPD SPD DIR MIN PSBL S-S WX    SPD DR
================================================================================

 1  71  61  66   0   0   1 0.00  0.0    0  6.9 16 260   M    M   4 8      21 260
 2  73  62  68   2   0   3 0.00  0.0    0  6.2 15 260   M    M   2        20 260
 3  72  62  67   1   0   2 0.00  0.0    0  6.1 15 260   M    M   5        22 270
 4  70  62  66   0   0   1 0.00  0.0    0  4.7 14 260   M    M   8        16 260
 5  71  62  67   1   0   2 0.00  0.0    0  7.3 17 260   M    M   6        23 270
 6  71  61  66   0   0   1 0.00  0.0    0  6.6 16 270   M    M   5        21 270
 7  72  61  67   1   0   2 0.00  0.0    0  6.9 17 250   M    M   4        23 270
 8  77  62  70   4   0   5 0.00  0.0    0  5.9 14 250   M    M   1        18 270
 9  85  62  74   8   0   9    T  0.0    M  5.8 15 160   M    M   6        23 160
10  71  62  67   1   0   2 0.00  0.0    0  8.6 15 250   M    M   9 8      18 260
11  74  62  68   2   0   3 0.00  0.0    0  5.0 14 250   M    M   8 1      19 260
12  71  63  67   1   0   2 0.00  0.0    0  4.7 13 250   M    M   8 1      16 250
13  70  63  67   0   0   2    T  0.0    0  6.1 13 260   M    M  10 18     17 260
14  75  64  70   3   0   5 0.00  0.0    0  5.4 16 260   M    M   8 8      22 270
15  73  63  68   1   0   3 0.00  0.0    0  5.0 15 250   M    M   6 18     20 260
16  74  63  69   2   0   4 0.00  0.0    0  4.9 10 240   M    M   4 18     18 260
17  74  63  69   2   0   4 0.00  0.0    0  6.2 13 250   M    M   5 18     17 260
18  75  63  69   2   0   4 0.00  0.0    0  5.8 16 250   M    M   4 18     19 270
19  76  60  68   1   0   3 0.00  0.0    0  5.2 13 270   M    M   3 128    17 260
20  82  64  73   6   0   8 0.00  0.0    0  5.5 14 250   M    M   1 18     18 260
21  78  66  72   4   0   7 0.00  0.0    0  5.8 16 260   M    M   3 8      20 240
22  78  64  71   3   0   6 0.00  0.0    0  5.8 15 260   M    M   0 8      19 270
23  81  65  73   5   0   8 0.00  0.0    0  5.1 15 260   M    M   0        19 260
24  80  65  73   5   0   8 0.00  0.0    0  5.8 15 250   M    M   0        20 270
25  77  63  70   2   0   5 0.00  0.0    0  5.8 15 260   M    M   2        20 260
26  74  62  68   0   0   3 0.00  0.0    0  6.8 16 250   M    M   3        20 260
27  72  64  68   0   0   3    T  0.0    0  5.3 17 270   M    M   1 8      21 260
28  79  67  73   5   0   8 0.00  0.0    0  6.9 17 270   M    M   0        21 270
29  84  68  76   7   0  11 0.00  0.0    0  4.7 14 260   M    M   0 8      18 260
30  86  67  77   8   0  12    T  0.0    0  4.8 20 130   M    M   0 8      25 120
================================================================================
SM 2266 1896         0 137    T      0.0 175.6          M      116
================================================================================
AV 75.5 63.2                               5.9 FASTST   M    M   4    MAX(MPH)
                                 MISC ---->    20   M                 25    M
================================================================================
NOTES:
# LAST OF SEVERAL OCCURRENCES

COLUMN 17 PEAK WIND IN M.P.H.

PRELIMINARY LOCAL CLIMATOLOGICAL DATA (WS FORM: F-6) , PAGE 2

                                          STATION:  HAWTHORNE AIRPORT CA
                                          MONTH:    JUNE
                                          YEAR:     2015
                                          LATITUDE:   33 55 N
                                          LONGITUDE: 118 20 W

[TEMPERATURE DATA]      [PRECIPITATION DATA]       SYMBOLS USED IN COLUMN 16

AVERAGE MONTHLY: 69.4   TOTAL FOR MONTH:      T    1 = FOG OR MIST
DPTR FM NORMAL:   2.4   DPTR FM NORMAL:   -0.07    2 = FOG REDUCING VISIBILITY
HIGHEST:    86 ON 30    GRTST 24HR    T  ON 30-30      TO 1/4 MILE OR LESS
LOWEST:     60 ON 19                               3 = THUNDER
                        SNOW, ICE PELLETS, HAIL    4 = ICE PELLETS
                        TOTAL MONTH:   0.0 INCH    5 = HAIL
                        GRTST 24HR     0.0         6 = FREEZING RAIN OR DRIZZLE
                        GRTST DEPTH:   0           7 = DUSTSTORM OR SANDSTORM:
                                                       VSBY 1/2 MILE OR LESS
                                                   8 = SMOKE OR HAZE
[NO. OF DAYS WITH]      [WEATHER - DAYS WITH]      9 = BLOWING SNOW
                                                   X = TORNADO
MAX 32 OR BELOW:   0    0.01 INCH OR MORE:   0
MAX 90 OR ABOVE:   0    0.10 INCH OR MORE:   0
MIN 32 OR BELOW:   0    0.50 INCH OR MORE:   0
MIN  0 OR BELOW:   0    1.00 INCH OR MORE:   0

[HDD (BASE 65) ]
TOTAL THIS MO.     0    CLEAR  (SCALE 0-3)  12
DPTR FM NORMAL   -11    PTCLDY (SCALE 4-7)  13
TOTAL FM JUL 1   406    CLOUDY (SCALE 8-10)  5
DPTR FM NORMAL  -726

[CDD (BASE 65) ]
TOTAL THIS MO.   137
DPTR FM NORMAL    68    [PRESSURE DATA]
TOTAL FM JAN 1   395    HIGHEST SLP 30.00 ON 27
DPTR FM NORMAL   243    LOWEST  SLP 29.71 ON 14

[REMARKS]
#FINAL-06-15#
