000
CXUS56 KPQR 251330
CF6HIO
PRELIMINARY LOCAL CLIMATOLOGICAL DATA (WS FORM: F-6)

                                          STATION:   HILLSBORO OR
                                          MONTH:     DECEMBER
                                          YEAR:      2014
                                          LATITUDE:   45 32 N
                                          LONGITUDE: 122 57 W

  TEMPERATURE IN F:       :PCPN:    SNOW:  WIND      :SUNSHINE: SKY     :PK WND
================================================================================
1   2   3   4   5  6A  6B    7    8   9   10  11  12  13   14  15   16   17  18
                                     12Z  AVG MX 2MIN
DY MAX MIN AVG DEP HDD CDD  WTR  SNW DPTH SPD SPD DIR MIN PSBL S-S WX    SPD DR
================================================================================

 1  42  25  34  -7  31   0 0.00  0.0    0  1.4  6 310   M    M   6         7 180
 2  40  22  31  -9  34   0 0.00  0.0    0  6.9 20  60   M    M   1 1      28  80
 3  47  38  43   3  22   0    T    M    0  8.0 20  80   M    M   7        28  50
 4  43  37  40   0  25   0 1.07    M    0  1.5  8 110   M    M   9 1       9  90
 5  49  41  45   5  20   0 0.28    M    0  4.7 15 100   M    M   9 1      19  90
 6  56  39  48   8  17   0 0.45    M    0  6.5 17 160   M    M   9 12     22 170
 7  52  34  43   4  22   0    T    M    0  2.7 10 120   M    M   5 12     13  90
 8  49  37  43   4  22   0    T    M    0  1.6  8 290   M    M   7 1       9 250
 9  60  47  54  15  11   0 0.55    M    0  8.5 20 180   M    M  10 1      26 190
10  59  44  52  13  13   0 0.68    M    0  9.9 29 160   M    M   8 1      36 160
11  61  39  50  11  15   0 0.17    M    0 10.0 39 180   M    M   5 1      52 180
12  53  38  46   8  19   0 0.01    M    0  1.9 13 170   M    M   8 12     16 170
13  44  38  41   3  24   0    T    M    0  2.4  9 280   M    M  10 12     10 280
14  52  33  43   5  22   0 0.00  0.0    0  9.6 22  90   M    M   2 1      28  90
15  50  43  47   9  18   0    T    M    0 11.0 17  90   M    M   9        25  90
16  50  41  46   8  19   0 0.02    M    0  3.5  9  90   M    M   7        12 120
17  47  35  41   3  24   0 0.07    M    0  1.6  8 180   M    M   9 1       9 180
18  51  43  47   9  18   0 0.23    M    0  5.2 17 230   M    M   9 1      23 220
19  51  41  46   8  19   0 0.12    M    0  7.4 15 180   M    M   9 1      18 160
20  57  47  52  14  13   0 1.11    M    0 12.7 21 170   M    M  10 1      27 190
21  57  49  53  15  12   0 0.02    M    0  5.8 15 230   M    M   7 1      21 240
22  54  42  48  10  17   0 0.03    M    0  1.9  7 180   M    M   9 12      9 180
23  54  45  50  12  15   0 0.13    M    0  2.7 16 310   M    M  10 12     24 310
24  47  40  44   6  21   0 0.69    M    0  5.9 16 280   M    M   9 1      20 280
================================================================================
SM 1225  938       473   0  5.63     0.0 133.3          M      184
================================================================================
AV 51.0 39.1                               5.6 FASTST   M    M   8    MAX(MPH)
                                 MISC ---->  # 39 180               # 52  180
================================================================================
NOTES:
# LAST OF SEVERAL OCCURRENCES

COLUMN 17 PEAK WIND IN M.P.H.

PRELIMINARY LOCAL CLIMATOLOGICAL DATA (WS FORM: F-6) , PAGE 2

                                          STATION:  HILLSBORO OR
                                          MONTH:    DECEMBER
                                          YEAR:     2014
                                          LATITUDE:   45 32 N
                                          LONGITUDE: 122 57 W

[TEMPERATURE DATA]      [PRECIPITATION DATA]       SYMBOLS USED IN COLUMN 16

AVERAGE MONTHLY: 45.1   TOTAL FOR MONTH:   5.63    1 = FOG OR MIST
DPTR FM NORMAL:   6.3   DPTR FM NORMAL:    0.46    2 = FOG REDUCING VISIBILITY
HIGHEST:    61 ON 11    GRTST 24HR  1.12 ON  4- 5      TO 1/4 MILE OR LESS
LOWEST:     22 ON  2                               3 = THUNDER
                        SNOW, ICE PELLETS, HAIL    4 = ICE PELLETS
                        TOTAL MONTH:   0.0 INCH    5 = HAIL
                        GRTST 24HR     0.0         6 = FREEZING RAIN OR DRIZZLE
                        GRTST DEPTH:   0           7 = DUSTSTORM OR SANDSTORM:
                                                       VSBY 1/2 MILE OR LESS
                                                   8 = SMOKE OR HAZE
[NO. OF DAYS WITH]      [WEATHER - DAYS WITH]      9 = BLOWING SNOW
                                                   X = TORNADO
MAX 32 OR BELOW:   0    0.01 INCH OR MORE:  16
MAX 90 OR ABOVE:   0    0.10 INCH OR MORE:  11
MIN 32 OR BELOW:   2    0.50 INCH OR MORE:   5
MIN  0 OR BELOW:   0    1.00 INCH OR MORE:   2

[HDD (BASE 65) ]
TOTAL THIS MO.   473    CLEAR  (SCALE 0-3)   2
DPTR FM NORMAL  -157    PTCLDY (SCALE 4-7)   9
TOTAL FM JUL 1  1329    CLOUDY (SCALE 8-10) 13
DPTR FM NORMAL  -602

[CDD (BASE 65) ]
TOTAL THIS MO.     0
DPTR FM NORMAL     0    [PRESSURE DATA]
TOTAL FM JAN 1   405    HIGHEST SLP M ON M
DPTR FM NORMAL   207    LOWEST  SLP 29.12 ON 11

[REMARKS]
