000
CXUS51 KPBZ 220804
CF6HLG
PRELIMINARY LOCAL CLIMATOLOGICAL DATA (WS FORM: F-6)

                                          STATION:   WHEELING
                                          MONTH:     AUGUST
                                          YEAR:      2017
                                          LATITUDE:   40 10 N
                                          LONGITUDE:  80 39 W

  TEMPERATURE IN F:       :PCPN:    SNOW:  WIND      :SUNSHINE: SKY     :PK WND
================================================================================
1   2   3   4   5  6A  6B    7    8   9   10  11  12  13   14  15   16   17  18
                                     12Z  AVG MX 2MIN
DY MAX MIN AVG DEP HDD CDD  WTR  SNW DPTH SPD SPD DIR MIN PSBL S-S WX    SPD DR
================================================================================

 1  84  60  72   0   0   7 0.00    M    M  1.1  9 320   M    M   1 12     11 350
 2  84  63  74   2   0   9 0.00    M    M  3.7 10 200   M    M   1 1      15 210
 3  83  63  73   1   0   8    T  0.0    0  6.6 16 200   M    M   1        20 200
 4  82  58  70  -2   0   5 1.02  0.0    0  9.1 23 210   M    M   3 13     39 190
 5  73  55  64  -8   1   0 0.26    M    M  7.0 16 220   M    M   7 1      20 230
 6  72  59  66  -6   0   1 0.01    M    M  3.1  8 180   M    M   5 1      14 170
 7  70  61  66  -6   0   1 0.34  0.0    0  2.8  8  80   M    M   9 1      10  80
 8  75  57  66  -6   0   1 0.00  0.0    0  6.4 16 350   M    M   2 12     21 340
 9  79  53  66  -6   0   1 0.00  0.0    0  2.7  9 130   M    M   0 1      12 150
10  76  60  68  -4   0   3 0.14  0.0    0  5.1 16 210   M    M   6 1      21 200
11  81  64  73   1   0   8 0.09  0.0    0  5.8 14 350   M    M   6 1      16  30
12  78  63  71  -1   0   6 0.00    M    0  5.8 15 280   M    M   4 1      22 270
13  78  54  66  -6   0   1 0.00  0.0    0  3.3  8  30   M    M   4 12     12 340
14  80  58  69  -3   0   4 0.00  0.0    0  2.8  8 160   M    M   1 1      17 140
15  85  64  75   3   0  10 0.00  0.0    0  3.1 10 280   M    M   3 12     13 330
16  85  64  75   4   0  10 0.00  0.0    0  3.5  9 100   M    M   4 12     12  80
17  87  67  77   6   0  12 0.35  0.0    0  7.7 21 220   M    M   1 138    30 210
18  83  69  76   5   0  11 1.12    M    M  8.1 20 250   M    M   6 12     27 250
19  83  63  73   2   0   8 0.08    M    M  6.0 38 310   M    M   2 1238   54 300
20  84  58  71   0   0   6 0.00  0.0    0  3.0  8 130   M    M   2 128    10 160
21  85  67  76   5   0  11    T  0.0    0  6.6 15 200   M    M   2        20 200
================================================================================
SM 1687 1280         1 123  3.41     0.0 103.3          M       70
================================================================================
AV 80.3 61.0                               4.9 FASTST   M    M   3    MAX(MPH)
                                 MISC ---->  # 38 310               # 54  300
================================================================================
NOTES:
# LAST OF SEVERAL OCCURRENCES

COLUMN 17 PEAK WIND IN M.P.H.

PRELIMINARY LOCAL CLIMATOLOGICAL DATA (WS FORM: F-6) , PAGE 2

                                          STATION:  WHEELING
                                          MONTH:    AUGUST
                                          YEAR:     2017
                                          LATITUDE:   40 10 N
                                          LONGITUDE:  80 39 W

[TEMPERATURE DATA]      [PRECIPITATION DATA]       SYMBOLS USED IN COLUMN 16

AVERAGE MONTHLY: 70.6   TOTAL FOR MONTH:   3.41    1 = FOG OR MIST
DPTR FM NORMAL:  -1.1   DPTR FM NORMAL:    1.18    2 = FOG REDUCING VISIBILITY
HIGHEST:    87 ON 17    GRTST 24HR  1.12 ON 18-18      TO 1/4 MILE OR LESS
LOWEST:     53 ON  9                               3 = THUNDER
                        SNOW, ICE PELLETS, HAIL    4 = ICE PELLETS
                        TOTAL MONTH:   0.0 INCH    5 = HAIL
                        GRTST 24HR     0.0         6 = FREEZING RAIN OR DRIZZLE
                        GRTST DEPTH:   0           7 = DUSTSTORM OR SANDSTORM:
                                                       VSBY 1/2 MILE OR LESS
                                                   8 = SMOKE OR HAZE
[NO. OF DAYS WITH]      [WEATHER - DAYS WITH]      9 = BLOWING SNOW
                                                   X = TORNADO
MAX 32 OR BELOW:   0    0.01 INCH OR MORE:   9
MAX 90 OR ABOVE:   0    0.10 INCH OR MORE:   6
MIN 32 OR BELOW:   0    0.50 INCH OR MORE:   2
MIN  0 OR BELOW:   0    1.00 INCH OR MORE:   2

[HDD (BASE 65) ]
TOTAL THIS MO.     1    CLEAR  (SCALE 0-3)  11
DPTR FM NORMAL     1    PTCLDY (SCALE 4-7)   9
TOTAL FM JUL 1     1    CLOUDY (SCALE 8-10)  1
DPTR FM NORMAL    -2

[CDD (BASE 65) ]
TOTAL THIS MO.   123
DPTR FM NORMAL   -20    [PRESSURE DATA]
TOTAL FM JAN 1   601    HIGHEST SLP M ON M
DPTR FM NORMAL    49    LOWEST  SLP 29.81 ON M

[REMARKS]
