000
CXUS54 KMAF 271100
CF6HOB
PRELIMINARY LOCAL CLIMATOLOGICAL DATA (WS FORM: F-6)

                                          STATION:   Lea Airport, Hobbs
                                          MONTH:     JULY
                                          YEAR:      2014
                                          LATITUDE:   32 40 N
                                          LONGITUDE: 103-12 E

  TEMPERATURE IN F:       :PCPN:    SNOW:  WIND      :SUNSHINE: SKY     :PK WND
================================================================================
1   2   3   4   5  6A  6B    7    8   9   10  11  12  13   14  15   16   17  18
                                     12Z  AVG MX 2MIN
DY MAX MIN AVG DEP HDD CDD  WTR  SNW DPTH SPD SPD DIR MIN PSBL S-S WX    SPD DR
================================================================================

 1   M   M   M   M   M   M 0.00  0.0    0 15.0 33  80   M    M   4 7      40  80
 2   M   M   M   M   M   M 0.05    M    0 13.6 24  10   M    M   5 3      36 100
 3  88  66  77   M   0  12 0.00  0.0    0 11.9 23 130   M    M   3        31 130
 4  91  63  77   M   0  12 0.00  0.0    0 11.8 20 130   M    M   1        27 150
 5  91  63  77   M   0  12 0.00  0.0    0 10.9 20 150   M    M   1        24 150
 6  86  66  76   M   0  11 0.00  0.0    0  6.3 14 160   M    M   3         M  M
 7  91  64  78   M   0  13 0.00  0.0    0  7.5 14 150   M    M   1        21 140
 8  93  66  80   M   0  15 0.00  0.0    0  9.9 17  70   M    M   1        25  80
 9  91  66  79   M   0  14 0.00  0.0    0 10.6 17 150   M    M   1        25 130
10  91  64  78   M   0  13 0.00  0.0    0 11.9 17 140   M    M   1        25 130
11  86  64  75   M   0  10 0.00  0.0    0 12.7 23 130   M    M   3        27 140
12  91  66  79   M   0  14 0.00  0.0    0 11.9 20 150   M    M   5        24 150
13  93  64  79   M   0  14 0.00  0.0    0  9.3 14 130   M    M   1        22 130
14  93  66  80   M   0  15 0.00  0.0    0  9.7 36  20   M    M   2        43  20
15  86  64  75   M   0  10 0.00  0.0    0 10.1 24  10   M    M   5        30  10
16  91  68  80   M   0  15 0.00  0.0    0  6.8 13 170   M    M   3        18 190
17   M   M   M   M   M   M 0.00  0.0    0 11.0 18  70   M    M   4        23  70
18   M   M   M   M   M   M 0.00  0.0    0  8.6 10 140   M    M   5        17 150
19   M   M   M   M   M   M 0.00  0.0    0 11.1 17 130   M    M   3 3      23 130
20  97  68  83   M   0  18 0.00  0.0    0 10.3 17 160   M    M   1 3      24 230
21  99  73  86   M   0  21 0.00  0.0    0 10.7 17 130   M    M   2        28 110
22  93  73  83   M   0  18 0.00  0.0    0  8.8 15  90   M    M   2        21 100
23  95  70  83   M   0  18 0.00  0.0    0  8.9 15 110   M    M   1        22  90
24  97  68  83   M   0  18 0.00  0.0    0  6.9 14  90   M    M   1        18 120
25  97  72  85   M   0  20 0.00  0.0    M  9.2 15 160   M    M   0        21 160
26  99  70  85   M   0  20 0.00  0.0    0  9.3 14 140   M    M   0        18 130
================================================================================
SM 1939 1404         0 313  0.05     0.0 264.7          M       59
================================================================================
AV 92.3 66.9                              10.2 FASTST   M    M   2    MAX(MPH)
                                 MISC ---->    36   M                 43    M
================================================================================
NOTES:
# LAST OF SEVERAL OCCURRENCES

COLUMN 17 PEAK WIND IN M.P.H.

PRELIMINARY LOCAL CLIMATOLOGICAL DATA (WS FORM: F-6) , PAGE 2

                                          STATION:  Lea Airport, Hobbs
                                          MONTH:    JULY
                                          YEAR:     2014
                                          LATITUDE:   32 40 N
                                          LONGITUDE: 103-12 E

[TEMPERATURE DATA]      [PRECIPITATION DATA]       SYMBOLS USED IN COLUMN 16

AVERAGE MONTHLY: 79.6   TOTAL FOR MONTH:   0.05    1 = FOG OR MIST
DPTR FM NORMAL:     M   DPTR FM NORMAL:       M    2 = FOG REDUCING VISIBILITY
HIGHEST:    99 ON 26,21 GRTST 24HR  0.05 ON  2- 2      TO 1/4 MILE OR LESS
LOWEST:     63 ON  5, 4                            3 = THUNDER
                        SNOW, ICE PELLETS, HAIL    4 = ICE PELLETS
                        TOTAL MONTH:   0.0 INCH    5 = HAIL
                        GRTST 24HR     0.0         6 = FREEZING RAIN OR DRIZZLE
                        GRTST DEPTH:   0           7 = DUSTSTORM OR SANDSTORM:
                                                       VSBY 1/2 MILE OR LESS
                                                   8 = SMOKE OR HAZE
[NO. OF DAYS WITH]      [WEATHER - DAYS WITH]      9 = BLOWING SNOW
                                                   X = TORNADO
MAX 32 OR BELOW:   0    0.01 INCH OR MORE:   1
MAX 90 OR ABOVE:  17    0.10 INCH OR MORE:   0
MIN 32 OR BELOW:   0    0.50 INCH OR MORE:   0
MIN  0 OR BELOW:   0    1.00 INCH OR MORE:   0

[HDD (BASE 65) ]
TOTAL THIS MO.     0    CLEAR  (SCALE 0-3)  19
DPTR FM NORMAL     M    PTCLDY (SCALE 4-7)   7
TOTAL FM JUL 1     0    CLOUDY (SCALE 8-10)  0
DPTR FM NORMAL     M

[CDD (BASE 65) ]
TOTAL THIS MO.   313
DPTR FM NORMAL     M    [PRESSURE DATA]
TOTAL FM JAN 1   854    HIGHEST SLP M ON M
DPTR FM NORMAL     M    LOWEST  SLP M ON M

[REMARKS]
