000
CXUS55 KFSD 260905
CF6HON
PRELIMINARY LOCAL CLIMATOLOGICAL DATA (WS FORM: F-6)

                                          STATION:   HURON
                                          MONTH:     MAY
                                          YEAR:      2016
                                          LATITUDE:   44 22 N
                                          LONGITUDE:  98 13 W

  TEMPERATURE IN F:       :PCPN:    SNOW:  WIND      :SUNSHINE: SKY     :PK WND
================================================================================
1   2   3   4   5  6A  6B    7    8   9   10  11  12  13   14  15   16   17  18
                                     12Z  AVG MX 2MIN
DY MAX MIN AVG DEP HDD CDD  WTR  SNW DPTH SPD SPD DIR MIN PSBL S-S WX    SPD DR
================================================================================

 1  62  33  48  -5  17   0 0.00  0.0    0  9.1 22  20   M    M   0        28  20
 2  66  37  52  -2  13   0    T  0.0    0  5.0 15 280   M    M   3        20 200
 3  77  37  57   3   8   0 0.00  0.0    0 11.3 29 350   M    M   0        37 360
 4  72  34  53  -1  12   0 0.00  0.0    0  7.6 17 330   M    M   0        25 320
 5  84  42  63   8   2   0 0.00  0.0    0  9.4 20 190   M    M   0        25 200
 6  92  57  75  20   0  10 0.00  0.0    0 12.4 29  20   M    M   0        37  30
 7  70  44  57   2   8   0 0.00  0.0    0  3.2 12  50   M    M   0        18 220
 8  74  44  59   3   6   0 0.00  0.0    0  9.3 20 150   M    M   2        28 140
 9  72  53  63   7   2   0 0.34  0.0    0 10.6 20 140   M    M   6 13     29 160
10  73  51  62   6   3   0 0.54  0.0    0  7.1 14 260   M    M   5 1      20 270
11  66  49  58   1   7   0 0.00  0.0    0 10.3 30 280   M    M   6        36 280
12  64  43  54  -3  11   0 0.00  0.0    0 12.9 23 320   M    M   5        34 310
13  48  32  40 -17  25   0 0.06  0.0    0 16.6 31 330   M    M   8 1      37 320
14  60  29  45 -13  20   0 0.00  0.0    0 11.6 30 330   M    M   3        38 330
15  68  33  51  -7  14   0 0.00  0.0    0  5.8 14 260   M    M   1        19 310
16  70  39  55  -3  10   0    T  0.0    0  4.5 16  30   M    M   2        21  40
17  70  36  53  -5  12   0 0.00  0.0    0  6.1 14  60   M    M   0        19  70
18  72  41  57  -2   8   0 0.00  0.0    0  8.8 16 160   M    M   0        24 110
19  73  50  62   3   3   0 0.00  0.0    0 14.2 28 190   M    M   4        37 170
20  65  47  56  -3   9   0 0.00  0.0    0 13.0 24 150   M    M   5        32 170
21  74  52  63   3   2   0 0.00  0.0    0 14.7 24 160   M    M   1        32 160
22  84  58  71  11   0   6 0.16  0.0    0 18.0 31 180   M    M   4 13     39 170
23  77  57  67   7   0   2 0.32  0.0    0  7.5 20 220   M    M   3 13     25 230
24  85  51  68   7   0   3 0.00  0.0    0  4.4 12 140   M    M   2 123    17 270
25  79  57  68   7   0   3 0.53  0.0    0  9.7 29 280   M    M   5 13     37 280
================================================================================
SM 1797 1106       192  24  1.95     0.0 243.1          M       65
================================================================================
AV 71.9 44.2                               9.7 FASTST   M    M   3    MAX(MPH)
                                 MISC ---->  # 31 330               # 39  170
================================================================================
NOTES:
# LAST OF SEVERAL OCCURRENCES

COLUMN 17 PEAK WIND IN M.P.H.

PRELIMINARY LOCAL CLIMATOLOGICAL DATA (WS FORM: F-6) , PAGE 2

                                          STATION:  HURON
                                          MONTH:    MAY
                                          YEAR:     2016
                                          LATITUDE:   44 22 N
                                          LONGITUDE:  98 13 W

[TEMPERATURE DATA]      [PRECIPITATION DATA]       SYMBOLS USED IN COLUMN 16

AVERAGE MONTHLY: 58.1   TOTAL FOR MONTH:   1.95    1 = FOG OR MIST
DPTR FM NORMAL:   0.9   DPTR FM NORMAL:   -0.50    2 = FOG REDUCING VISIBILITY
HIGHEST:    92 ON  6    GRTST 24HR  0.58 ON  9-10      TO 1/4 MILE OR LESS
LOWEST:     29 ON 14                               3 = THUNDER
                        SNOW, ICE PELLETS, HAIL    4 = ICE PELLETS
                        TOTAL MONTH:   0.0 INCH    5 = HAIL
                        GRTST 24HR     0.0         6 = FREEZING RAIN OR DRIZZLE
                        GRTST DEPTH:   0           7 = DUSTSTORM OR SANDSTORM:
                                                       VSBY 1/2 MILE OR LESS
                                                   8 = SMOKE OR HAZE
[NO. OF DAYS WITH]      [WEATHER - DAYS WITH]      9 = BLOWING SNOW
                                                   X = TORNADO
MAX 32 OR BELOW:   0    0.01 INCH OR MORE:   6
MAX 90 OR ABOVE:   1    0.10 INCH OR MORE:   5
MIN 32 OR BELOW:   2    0.50 INCH OR MORE:   2
MIN  0 OR BELOW:   0    1.00 INCH OR MORE:   0

[HDD (BASE 65) ]
TOTAL THIS MO.   192    CLEAR  (SCALE 0-3)  15
DPTR FM NORMAL   -24    PTCLDY (SCALE 4-7)  10
TOTAL FM JUL 1  6544    CLOUDY (SCALE 8-10)  0
DPTR FM NORMAL -1050

[CDD (BASE 65) ]
TOTAL THIS MO.    24
DPTR FM NORMAL     2    [PRESSURE DATA]
TOTAL FM JAN 1    25    HIGHEST SLP M ON M
DPTR FM NORMAL    -1    LOWEST  SLP 29.54 ON  9

[REMARKS]
