000
CXUS55 KFSD 302335
CF6HON
PRELIMINARY LOCAL CLIMATOLOGICAL DATA (WS FORM: F-6)

                                          STATION:   HURON
                                          MONTH:     SEPTEMBER
                                          YEAR:      2014
                                          LATITUDE:   44 22 N
                                          LONGITUDE:  98 13 W

  TEMPERATURE IN F:       :PCPN:    SNOW:  WIND      :SUNSHINE: SKY     :PK WND
================================================================================
1   2   3   4   5  6A  6B    7    8   9   10  11  12  13   14  15   16   17  18
                                     12Z  AVG MX 2MIN
DY MAX MIN AVG DEP HDD CDD  WTR  SNW DPTH SPD SPD DIR MIN PSBL S-S WX    SPD DR
================================================================================

 1  79  54  67  -1   0   2 0.05  0.0    0  7.3 22 340   M    M   3 13     25 340
 2  80  50  65  -3   0   0 0.00  0.0    0  7.4 16 200   M    M   0 1      21 210
 3  87  62  75   8   0  10 0.00  0.0    0  9.8 17 170   M    M   3        23 180
 4  92  52  72   5   0   7    T  0.0    0 14.5 30 320   M    M   2        39 330
 5  69  49  59  -7   6   0 0.00  0.0    0  6.9 15 350   M    M   0        17 360
 6  77  48  63  -3   2   0 0.00  0.0    0  7.8 17 220   M    M   0        26 210
 7  82  53  68   2   0   3 0.01  0.0    0 12.4 22 180   M    M   1 3      30 190
 8  81  61  71   6   0   6    T  0.0    0 11.1 22 170   M    M   0        34 170
 9  67  52  60  -5   5   0 0.08  0.0    0 11.2 25 350   M    M   9 12     31 360
10  53  45  49 -15  16   0 0.07  0.0    0 16.2 26 350   M    M  10 1      35 350
11  54  42  48 -16  17   0    T  0.0    0  8.9 16 360   M    M   9        20  10
12  57  39  48 -16  17   0 0.00  0.0    0  4.4 10 170   M    M   7        14 170
13  66  36  51 -12  14   0 0.00  0.0    0 11.0 25 190   M    M   0        33 230
14  59  35  47 -16  18   0 0.04  0.0    0  4.0 10  20   M    M   5 1       M  M
15  65  36  51 -11  14   0 0.00  0.0    0  5.4 14 360   M    M   2 1      20  30
16  74  39  57  -5   8   0 0.00  0.0    0  9.4 17 190   M    M   0        25 160
17  79  45  62   1   3   0    T  0.0    0  4.5 13  30   M    M   1 12     16  30
18  77  51  64   3   1   0 0.02  0.0    0 10.6 22 180   M    M   2 13     32 160
19  87  61  74  14   0   9 0.00  0.0    0  9.7 22 170   M    M   4 1      30 170
20  85  52  69   9   0   4 0.00  0.0    0 12.1 39 320   M    M   1        49 320
21  73  44  59   0   6   0 0.00  0.0    0  7.8 16 330   M    M   1        25 320
22  77  43  60   1   5   0 0.00  0.0    0  9.0 18 160   M    M   0        24 170
23  63  56  60   2   5   0 0.47  0.0    0 11.6 21 160   M    M   9 1      33 150
24  80  55  68  10   0   3 0.00  0.0    0  6.8 14 160   M    M   3        22 160
25  85  57  71  14   0   6 0.00  0.0    0  8.1 15 160   M    M   0 1      21 170
26  86  61  74  17   0   9 0.00  0.0    0 11.1 18 160   M    M   0        25 140
27  85  60  73  17   0   8 0.00  0.0    0 12.7 22 160   M    M   0        30 150
28  83  58  71  15   0   6 0.00  0.0    0 10.4 20  30   M    M   3        26  10
29  70  55  63   8   2   0 0.00  0.0    0 11.4 17 120   M    M   7        24 140
================================================================================
SM 2172 1451       139  73  0.74     0.0 273.5          M       82
================================================================================
AV 74.9 50.0                               9.4 FASTST   M    M   3    MAX(MPH)
                                 MISC ---->  # 39 320               # 49  320
================================================================================
NOTES:
# LAST OF SEVERAL OCCURRENCES

COLUMN 17 PEAK WIND IN M.P.H.

PRELIMINARY LOCAL CLIMATOLOGICAL DATA (WS FORM: F-6) , PAGE 2

                                          STATION:  HURON
                                          MONTH:    SEPTEMBER
                                          YEAR:     2014
                                          LATITUDE:   44 22 N
                                          LONGITUDE:  98 13 W

[TEMPERATURE DATA]      [PRECIPITATION DATA]       SYMBOLS USED IN COLUMN 16

AVERAGE MONTHLY: 62.5   TOTAL FOR MONTH:   0.74    1 = FOG OR MIST
DPTR FM NORMAL:   0.5   DPTR FM NORMAL:   -1.65    2 = FOG REDUCING VISIBILITY
HIGHEST:    92 ON  4    GRTST 24HR  0.47 ON 23-23      TO 1/4 MILE OR LESS
LOWEST:     35 ON 14                               3 = THUNDER
                        SNOW, ICE PELLETS, HAIL    4 = ICE PELLETS
                        TOTAL MONTH:   0.0 INCH    5 = HAIL
                        GRTST 24HR     0.0         6 = FREEZING RAIN OR DRIZZLE
                        GRTST DEPTH:   0           7 = DUSTSTORM OR SANDSTORM:
                                                       VSBY 1/2 MILE OR LESS
                                                   8 = SMOKE OR HAZE
[NO. OF DAYS WITH]      [WEATHER - DAYS WITH]      9 = BLOWING SNOW
                                                   X = TORNADO
MAX 32 OR BELOW:   0    0.01 INCH OR MORE:   7
MAX 90 OR ABOVE:   1    0.10 INCH OR MORE:   1
MIN 32 OR BELOW:   0    0.50 INCH OR MORE:   0
MIN  0 OR BELOW:   0    1.00 INCH OR MORE:   0

[HDD (BASE 65) ]
TOTAL THIS MO.   139    CLEAR  (SCALE 0-3)  21
DPTR FM NORMAL   -17    PTCLDY (SCALE 4-7)   4
TOTAL FM JUL 1   172    CLOUDY (SCALE 8-10)  4
DPTR FM NORMAL   -13

[CDD (BASE 65) ]
TOTAL THIS MO.    73
DPTR FM NORMAL     3    [PRESSURE DATA]
TOTAL FM JAN 1   596    HIGHEST SLP M ON M
DPTR FM NORMAL  -143    LOWEST  SLP 29.49 ON  4

[REMARKS]
