000
CXUS55 KFSD 230905
CF6HON
PRELIMINARY LOCAL CLIMATOLOGICAL DATA (WS FORM: F-6)

                                          STATION:   HURON
                                          MONTH:     JANUARY
                                          YEAR:      2018
                                          LATITUDE:   44 22 N
                                          LONGITUDE:  98 13 W

  TEMPERATURE IN F:       :PCPN:    SNOW:  WIND      :SUNSHINE: SKY     :PK WND
================================================================================
1   2   3   4   5  6A  6B    7    8   9   10  11  12  13   14  15   16   17  18
                                     12Z  AVG MX 2MIN
DY MAX MIN AVG DEP HDD CDD  WTR  SNW DPTH SPD SPD DIR MIN PSBL S-S WX    SPD DR
================================================================================

 1  -7 -30 -18 -35  83   0 0.00  0.0    4  3.4  8 180   M    M   0 18     10 170
 2  24 -22   1 -15  64   0 0.01    T    4  9.0 22 340   M    M   3        31 360
 3  10  -5   3 -13  62   0    T    T    4  5.6 15 350   M    M   1 1       M  M
 4  14  -7   4 -12  61   0 0.00  0.0    4  7.1 14 130   M    M   6        19 130
 5  11   7   9  -7  56   0 0.00  0.0    4  9.1 15 150   M    M  10        18 140
 6  21   5  13  -3  52   0 0.00  0.0    4 16.8 30 170   M    M   6        39 160
 7  39  14  27  11  38   0 0.00  0.0    2  9.3 22 310   M    M   2 18     26 310
 8  38  16  27  11  38   0 0.00  0.0    1  5.2 12 130   M    M   0        14 230
 9  43  21  32  16  33   0 0.00  0.0    T  8.3 16 170   M    M   0 1      23 160
10  43  11  27  11  38   0 0.01  0.2    T 14.3 35 330   M    M   3 16     43 340
11  11  -5   3 -13  62   0    T    T    T 21.9 35 340   M    M   5 19     42 320
12   5  -8  -1 -17  66   0 0.00  0.0    T  7.9 13 350   M    M   8        16 360
13  12 -10   1 -15  64   0 0.00  0.0    T  6.4 16 170   M    M   3        20 160
14  30   1  16   0  49   0 0.10  1.1    T 14.3 30 330   M    M  10 18     38 330
15   1  -8  -3 -19  68   0    T    T    1 19.8 29 340   M    M   5 8      34 340
16   9 -13  -2 -18  67   0 0.00  0.0    1  9.0 21 340   M    M   2        26 330
17  42   2  22   6  43   0 0.00  0.0    1  8.2 15 170   M    M   0        21 170
18  40  15  28  12  37   0 0.00  0.0    T  6.3 13 180   M    M   0        15 170
19  47  26  37  20  28   0 0.00  0.0    T  6.8 14 330   M    M   0        18 330
20  47  22  35  18  30   0 0.00  0.0    0  3.4 10 350   M    M   4        12  20
21  38  26  32  15  33   0 0.18  3.5    0 10.2 21 350   M    M  10 1      25 350
22  26  21  24   7  41   0 0.00  0.0    4 20.3 30 350   M    M  10 19     37 350
================================================================================
SM  544   79      1113   0  0.30     4.8 222.6          M       88
================================================================================
AV 24.7  3.6                              10.1 FASTST   M    M   4    MAX(MPH)
                                 MISC ---->  # 35 330               # 43  340
================================================================================
NOTES:
# LAST OF SEVERAL OCCURRENCES

COLUMN 17 PEAK WIND IN M.P.H.

PRELIMINARY LOCAL CLIMATOLOGICAL DATA (WS FORM: F-6) , PAGE 2

                                          STATION:  HURON
                                          MONTH:    JANUARY
                                          YEAR:     2018
                                          LATITUDE:   44 22 N
                                          LONGITUDE:  98 13 W

[TEMPERATURE DATA]      [PRECIPITATION DATA]       SYMBOLS USED IN COLUMN 16

AVERAGE MONTHLY: 14.2   TOTAL FOR MONTH:   0.30    1 = FOG OR MIST
DPTR FM NORMAL:  -2.1   DPTR FM NORMAL:   -0.05    2 = FOG REDUCING VISIBILITY
HIGHEST:    47 ON 20,19 GRTST 24HR  0.18 ON 21-21      TO 1/4 MILE OR LESS
LOWEST:    -30 ON  1                               3 = THUNDER
                        SNOW, ICE PELLETS, HAIL    4 = ICE PELLETS
                        TOTAL MONTH:   4.8 INCHES  5 = HAIL
                        GRTST 24HR   3.5 ON 21-21  6 = FREEZING RAIN OR DRIZZLE
                        GRTST DEPTH:   4 ON 22, 6  7 = DUSTSTORM OR SANDSTORM:
                                                       VSBY 1/2 MILE OR LESS
                                                   8 = SMOKE OR HAZE
[NO. OF DAYS WITH]      [WEATHER - DAYS WITH]      9 = BLOWING SNOW
                                                   X = TORNADO
MAX 32 OR BELOW:  13    0.01 INCH OR MORE:   4
MAX 90 OR ABOVE:   0    0.10 INCH OR MORE:   2
MIN 32 OR BELOW:  22    0.50 INCH OR MORE:   0
MIN  0 OR BELOW:   9    1.00 INCH OR MORE:   0

[HDD (BASE 65) ]
TOTAL THIS MO.  1113    CLEAR  (SCALE 0-3)  11
DPTR FM NORMAL    42    PTCLDY (SCALE 4-7)   7
TOTAL FM JUL 1  4041    CLOUDY (SCALE 8-10)  4
DPTR FM NORMAL  -150

[CDD (BASE 65) ]
TOTAL THIS MO.     0
DPTR FM NORMAL     0    [PRESSURE DATA]
TOTAL FM JAN 1     0    HIGHEST SLP M ON M
DPTR FM NORMAL     0    LOWEST  SLP 29.39 ON 10

[REMARKS]
