000
CXUS54 KLZK 231330
CF6HOT
PRELIMINARY LOCAL CLIMATOLOGICAL DATA (WS FORM: F-6)

                                          STATION:   Hot Springs Memorial Field
                                          MONTH:     APRIL
                                          YEAR:      2014
                                          LATITUDE:   34 28 N
                                          LONGITUDE:  93  6 W

  TEMPERATURE IN F:       :PCPN:    SNOW:  WIND      :SUNSHINE: SKY     :PK WND
================================================================================
1   2   3   4   5  6A  6B    7    8   9   10  11  12  13   14  15   16   17  18
                                     12Z  AVG MX 2MIN
DY MAX MIN AVG DEP HDD CDD  WTR  SNW DPTH SPD SPD DIR MIN PSBL S-S WX    SPD DR
================================================================================

 1  70  50  60   1   5   0 0.00  0.0    0  4.2 10 140   M    M   7 1      15 140
 2  77  65  71  12   0   6    T  0.0    0  7.8 16 190   M    M   8        24 200
 3  81  62  72  12   0   7 0.36  0.0    0 11.6 41 260   M    M   6 13     55 250
 4  65  44  55  -5  10   0 0.00  0.0    0  7.6  3 320   M    M   0 3       5 280
 5  56  43  50 -10  15   0 0.00  0.0    0  5.8 12  60   M    M   2        14  60
 6  51  47  49 -11  16   0 0.41  0.0    0  7.0 17  70   M    M   9 1      23  60
 7  65  46  56  -4   9   0 0.06    M    0  5.2 14 340   M    M   5 1      21 330
 8  65  43  54  -7  11   0 0.07    M    0  6.4 35 340   M    M   5 13     54 350
 9  73  37  55  -6  10   0 0.00  0.0    0  3.5 13 240   M    M   0        16 200
10  83  51  67   6   0   2 0.00  0.0    0  7.9 22 190   M    M   0        33 190
11  78  60  69   7   0   4 0.00  0.0    M  5.4 14 240   M    M   4        18 250
12  80  62  71   9   0   6 0.00  0.0    0  8.3 17 190   M    M   5        25 180
13  72  57  65   3   0   0 0.72  0.0    0  8.8 20 270   M    M   8 123    30 270
14  58  40  49 -13  16   0 0.48  0.0    0  6.7 16 340   M    M   7 13     25 330
15  61  32  47 -16  18   0 0.00  0.0    0  3.7 12 260   M    M   0        20 320
16  64  37  51 -12  14   0 0.00  0.0    0  6.7 13 140   M    M   0        18 120
17  71  38  55  -8  10   0 0.00  0.0    0  3.5 10 200   M    M   4        15 150
18  76  51  64   1   1   0 0.01  0.0    0  2.2 13  60   M    M   4 1      16  60
19  78  46  62  -2   3   0 0.00  0.0    0  1.9  9 240   M    M   1        15 180
20  80  52  66   2   0   1 0.00  0.0    0  1.9 10 190   M    M   4        16 170
21  78  62  70   6   0   5 0.17  0.0    0  2.0 10 330   M    M   8 13     16 330
22  81  54  68   4   0   3 0.00  0.0    0  3.3 10  10   M    M   2 12     16 300
================================================================================
SM 1563 1079       138  34  2.28     0.0 121.4          M       89
================================================================================
AV 71.0 49.0                               5.5 FASTST   M    M   4    MAX(MPH)
                                 MISC ---->  # 41 260               # 55  250
================================================================================
NOTES:
# LAST OF SEVERAL OCCURRENCES

COLUMN 17 PEAK WIND IN M.P.H.

PRELIMINARY LOCAL CLIMATOLOGICAL DATA (WS FORM: F-6) , PAGE 2

                                          STATION:  Hot Springs Memorial Field
                                          MONTH:    APRIL
                                          YEAR:     2014
                                          LATITUDE:   34 28 N
                                          LONGITUDE:  93  6 W

[TEMPERATURE DATA]      [PRECIPITATION DATA]       SYMBOLS USED IN COLUMN 16

AVERAGE MONTHLY: 60.0   TOTAL FOR MONTH:   2.28    1 = FOG OR MIST
DPTR FM NORMAL:  -1.6   DPTR FM NORMAL:   -1.18    2 = FOG REDUCING VISIBILITY
HIGHEST:    83 ON 10    GRTST 24HR  1.14 ON 13-14      TO 1/4 MILE OR LESS
LOWEST:     32 ON 15                               3 = THUNDER
                        SNOW, ICE PELLETS, HAIL    4 = ICE PELLETS
                        TOTAL MONTH:   0.0 INCH    5 = HAIL
                        GRTST 24HR     0.0         6 = FREEZING RAIN OR DRIZZLE
                        GRTST DEPTH:   0           7 = DUSTSTORM OR SANDSTORM:
                                                       VSBY 1/2 MILE OR LESS
                                                   8 = SMOKE OR HAZE
[NO. OF DAYS WITH]      [WEATHER - DAYS WITH]      9 = BLOWING SNOW
                                                   X = TORNADO
MAX 32 OR BELOW:   0    0.01 INCH OR MORE:   8
MAX 90 OR ABOVE:   0    0.10 INCH OR MORE:   5
MIN 32 OR BELOW:   1    0.50 INCH OR MORE:   1
MIN  0 OR BELOW:   0    1.00 INCH OR MORE:   0

[HDD (BASE 65) ]
TOTAL THIS MO.   138    CLEAR  (SCALE 0-3)   8
DPTR FM NORMAL    26    PTCLDY (SCALE 4-7)  12
TOTAL FM JUL 1  3314    CLOUDY (SCALE 8-10)  2
DPTR FM NORMAL   422

[CDD (BASE 65) ]
TOTAL THIS MO.    34
DPTR FM NORMAL    -3    [PRESSURE DATA]
TOTAL FM JAN 1    34    HIGHEST SLP M ON M
DPTR FM NORMAL   -21    LOWEST  SLP 29.59 ON 13

[REMARKS]
