000
CXUS55 KSEW 010930
CF6HQM
PRELIMINARY LOCAL CLIMATOLOGICAL DATA (WS FORM: F-6)

                                          STATION:   HOQUIAM WA AIRPORT
                                          MONTH:     SEPTEMBER
                                          YEAR:      2014
                                          LATITUDE:   46 58 N
                                          LONGITUDE: 123 56 W

  TEMPERATURE IN F:       :PCPN:    SNOW:  WIND      :SUNSHINE: SKY     :PK WND
================================================================================
1   2   3   4   5  6A  6B    7    8   9   10  11  12  13   14  15   16   17  18
                                     12Z  AVG MX 2MIN
DY MAX MIN AVG DEP HDD CDD  WTR  SNW DPTH SPD SPD DIR MIN PSBL S-S WX    SPD DR
================================================================================

 1  68  57  63   3   2   0 0.00  0.0    M  6.6 15 220   M    M   8 1      19 270
 2  65  56  61   1   4   0 0.24  0.0    0 11.9 25 270   M    M   5 1      35 230
 3  64  51  58  -2   7   0 0.00  0.0    0  6.6 14 260   M    M   4 18     17 240
 4  75  46  61   1   4   0 0.00  0.0    0  6.7 15  40   M    M   1 12     19  50
 5  87  51  69   9   0   4 0.00  0.0    0  7.9 18  50   M    M   0        23  50
 6  87  56  72  12   0   7 0.00  0.0    0  9.7 20 220   M    M   1        22 210
 7  63  56  60   0   5   0 0.00  0.0    0  6.8 16 230   M    M   9 1      19 230
 8  66  54  60   0   5   0    T  0.0    0 10.5 17 260   M    M   8 1      23 240
 9  65  53  59  -1   6   0 0.00  0.0    0  5.8 15 240   M    M   5 1      19 260
10  74  55  65   5   0   0 0.00  0.0    0  5.6 13  90   M    M   5 1      15  90
11  76  49  63   3   2   0 0.00  0.0    0 10.7 22  50   M    M   0        31  50
12  81  50  66   6   0   1 0.00  0.0    0  7.6 18  40   M    M   0        25  30
13  83  46  65   6   0   0 0.00  0.0    0  7.1 15 310   M    M   0        19 300
14  83  49  66   7   0   1 0.00  0.0    0  7.5 14  90   M    M   0        16  90
15  84  50  67   8   0   2 0.00  0.0    0  9.6 18 230   M    M   2 1      22 230
16  68  58  63   4   2   0    T  0.0    0  5.5 16 230   M    M   7 1      18 220
17  67  56  62   3   3   0 0.27  0.0    0  4.0 13 260   M    M   6 1      15 250
18  65  59  62   3   3   0 0.04  0.0    0  6.0 13 210   M    M  10 1      14 220
19  65  57  61   3   4   0 0.02  0.0    0  4.2 12 230   M    M   9 12     13 220
20  84  51  68  10   0   3 0.00  0.0    0  9.4 18  50   M    M   3 12     25  70
21  66  58  62   4   3   0 0.00  0.0    0  7.4 16 180   M    M   8 1      19 180
22  66  56  61   3   4   0 0.00  0.0    0  5.8 13 170   M    M   9 1      16 140
23  64  58  61   3   4   0 1.30  0.0    0  9.2 21 170   M    M  10 13     28 170
24  67  57  62   5   3   0 0.15  0.0    0 14.0 25 160   M    M   8 1      31 150
25  66  56  61   4   4   0 0.69  0.0    0  8.8 20 140   M    M   8 1      22 150
26  67  55  61   4   4   0 0.60  0.0    0  8.1 16 230   M    M   7 12     20 130
27  69  48  59   2   6   0 0.00  0.0    0  4.8 15 260   M    M   3 12     19 310
28  67  48  58   1   7   0 0.00  0.0    0  5.9 14 260   M    M   2 1      17 260
29  63  54  59   3   6   0 0.06  0.0    0  8.5 22 270   M    M   8 1      26 260
30  65  55  60   4   5   0 0.07  0.0    0  9.4 18 260   M    M   1 1      23 260
================================================================================
SM 2130 1605        93  18  3.44     0.0 231.6          M      147
================================================================================
AV 71.0 53.5                               7.7 FASTST   M    M   5    MAX(MPH)
                                 MISC ---->  # 25 270               # 35  230
================================================================================
NOTES:
# LAST OF SEVERAL OCCURRENCES

COLUMN 17 PEAK WIND IN M.P.H.

PRELIMINARY LOCAL CLIMATOLOGICAL DATA (WS FORM: F-6) , PAGE 2

                                          STATION:  HOQUIAM WA AIRPORT
                                          MONTH:    SEPTEMBER
                                          YEAR:     2014
                                          LATITUDE:   46 58 N
                                          LONGITUDE: 123 56 W

[TEMPERATURE DATA]      [PRECIPITATION DATA]       SYMBOLS USED IN COLUMN 16

AVERAGE MONTHLY: 62.2   TOTAL FOR MONTH:   3.44    1 = FOG OR MIST
DPTR FM NORMAL:   3.5   DPTR FM NORMAL:    1.16    2 = FOG REDUCING VISIBILITY
HIGHEST:    87 ON  6, 5 GRTST 24HR  1.30 ON 23-23      TO 1/4 MILE OR LESS
LOWEST:     46 ON 13, 4                            3 = THUNDER
                        SNOW, ICE PELLETS, HAIL    4 = ICE PELLETS
                        TOTAL MONTH:   0.0 INCH    5 = HAIL
                        GRTST 24HR     0.0         6 = FREEZING RAIN OR DRIZZLE
                        GRTST DEPTH:   0           7 = DUSTSTORM OR SANDSTORM:
                                                       VSBY 1/2 MILE OR LESS
                                                   8 = SMOKE OR HAZE
[NO. OF DAYS WITH]      [WEATHER - DAYS WITH]      9 = BLOWING SNOW
                                                   X = TORNADO
MAX 32 OR BELOW:   0    0.01 INCH OR MORE:  10
MAX 90 OR ABOVE:   0    0.10 INCH OR MORE:   6
MIN 32 OR BELOW:   0    0.50 INCH OR MORE:   3
MIN  0 OR BELOW:   0    1.00 INCH OR MORE:   1

[HDD (BASE 65) ]
TOTAL THIS MO.    93    CLEAR  (SCALE 0-3)  12
DPTR FM NORMAL  -103    PTCLDY (SCALE 4-7)  10
TOTAL FM JUL 1   286    CLOUDY (SCALE 8-10)  8
DPTR FM NORMAL  -217

[CDD (BASE 65) ]
TOTAL THIS MO.    18
DPTR FM NORMAL    11    [PRESSURE DATA]
TOTAL FM JAN 1    48    HIGHEST SLP M ON M
DPTR FM NORMAL    25    LOWEST  SLP 29.58 ON 23

[REMARKS]
#FINAL-09-14#
