000
CXUS55 KSEW 190930
CF6HQM
PRELIMINARY LOCAL CLIMATOLOGICAL DATA (WS FORM: F-6)

                                          STATION:   HOQUIAM WA AIRPORT
                                          MONTH:     NOVEMBER
                                          YEAR:      2017
                                          LATITUDE:   46 58 N
                                          LONGITUDE: 123 56 W

  TEMPERATURE IN F:       :PCPN:    SNOW:  WIND      :SUNSHINE: SKY     :PK WND
================================================================================
1   2   3   4   5  6A  6B    7    8   9   10  11  12  13   14  15   16   17  18
                                     12Z  AVG MX 2MIN
DY MAX MIN AVG DEP HDD CDD  WTR  SNW DPTH SPD SPD DIR MIN PSBL S-S WX    SPD DR
================================================================================

 1  54  46  50   1  15   0 0.12  0.0    0  9.5 26 270   M    M   8 1      32 270
 2  50  42  46  -3  19   0 0.39  0.0    0 13.8 33 270   M    M   8 1      43 270
 3  44  34  39  -9  26   0 0.13  0.0    0 10.6 20  50   M    M   6 1      25  30
 4  43  33  38 -10  27   0 0.43  0.0    0  9.4 17  70   M    M   9 1      21  50
 5  44  37  41  -7  24   0 0.13  0.0    0  9.6 17  40   M    M   8 1      22  30
 6  48  31  40  -8  25   0 0.00  0.0    0  9.2 17  80   M    M   2 1      20  80
 7  47  38  43  -5  22   0 0.00  0.0    0 14.2 26  70   M    M   2        34  70
 8  47  43  45  -2  20   0 0.50  0.0    0 14.9 25  50   M    M  10 1      33  70
 9  53  45  49   2  16   0 0.16  0.0    0  9.1 17 180   M    M   7 1      21  70
10  55  40  48   1  17   0 0.01  0.0    0  5.9 10  70   M    M   5 1      12  50
11  53  40  47   0  18   0 0.55  0.0    0 10.0 18 140   M    M   9 1      22 140
12  53  50  52   5  13   0 1.88  0.0    0 11.6 22 150   M    M  10 1      29 160
13  53  47  50   4  15   0 1.76  0.0    0 23.6 46 180   M    M   9 13     64 170
14  51  47  49   3  16   0 1.62  0.0    0 19.9 37 160   M    M   8 13     49 160
15  50  43  47   1  18   0 0.80  0.0    0  9.2 22 220   M    M   8 1      27 210
16  48  42  45  -1  20   0 0.31  0.0    0 10.8 22 160   M    M   7 1      25 160
17  51  38  45   0  20   0 0.24  0.0    0  4.4 20 230   M    M   5 1      25 240
18  54  44  49   4  16   0 0.02  0.0    0  6.8 14  90   M    M   7 1      17 100
================================================================================
SM  898  740       347   0  9.05     0.0 202.5          M      128
================================================================================
AV 49.9 41.1                              11.2 FASTST   M    M   7    MAX(MPH)
                                 MISC ---->  # 46 180               # 64  170
================================================================================
NOTES:
# LAST OF SEVERAL OCCURRENCES

COLUMN 17 PEAK WIND IN M.P.H.

PRELIMINARY LOCAL CLIMATOLOGICAL DATA (WS FORM: F-6) , PAGE 2

                                          STATION:  HOQUIAM WA AIRPORT
                                          MONTH:    NOVEMBER
                                          YEAR:     2017
                                          LATITUDE:   46 58 N
                                          LONGITUDE: 123 56 W

[TEMPERATURE DATA]      [PRECIPITATION DATA]       SYMBOLS USED IN COLUMN 16

AVERAGE MONTHLY: 45.5   TOTAL FOR MONTH:   9.05    1 = FOG OR MIST
DPTR FM NORMAL:  -1.6   DPTR FM NORMAL:    2.43    2 = FOG REDUCING VISIBILITY
HIGHEST:    55 ON 10    GRTST 24HR  1.88 ON 12-12      TO 1/4 MILE OR LESS
LOWEST:     31 ON  6                               3 = THUNDER
                        SNOW, ICE PELLETS, HAIL    4 = ICE PELLETS
                        TOTAL MONTH:   0.0 INCH    5 = HAIL
                        GRTST 24HR     0.0         6 = FREEZING RAIN OR DRIZZLE
                        GRTST DEPTH:   0           7 = DUSTSTORM OR SANDSTORM:
                                                       VSBY 1/2 MILE OR LESS
                                                   8 = SMOKE OR HAZE
[NO. OF DAYS WITH]      [WEATHER - DAYS WITH]      9 = BLOWING SNOW
                                                   X = TORNADO
MAX 32 OR BELOW:   0    0.01 INCH OR MORE:  16
MAX 90 OR ABOVE:   0    0.10 INCH OR MORE:  14
MIN 32 OR BELOW:   1    0.50 INCH OR MORE:   6
MIN  0 OR BELOW:   0    1.00 INCH OR MORE:   3

[HDD (BASE 65) ]
TOTAL THIS MO.   347    CLEAR  (SCALE 0-3)   2
DPTR FM NORMAL    24    PTCLDY (SCALE 4-7)  10
TOTAL FM JUL 1  1115    CLOUDY (SCALE 8-10)  6
DPTR FM NORMAL  -107

[CDD (BASE 65) ]
TOTAL THIS MO.     0
DPTR FM NORMAL     0    [PRESSURE DATA]
TOTAL FM JAN 1    77    HIGHEST SLP M ON M
DPTR FM NORMAL    54    LOWEST  SLP 29.38 ON 13

[REMARKS]
