000
CXUS54 KBRO 240900
CF6HRL
PRELIMINARY LOCAL CLIMATOLOGICAL DATA (WS FORM: F-6)

                                          STATION:   HARLINGEN
                                          MONTH:     JANUARY
                                          YEAR:      2017
                                          LATITUDE:   26 13 N
                                          LONGITUDE:  97 40 W

  TEMPERATURE IN F:       :PCPN:    SNOW:  WIND      :SUNSHINE: SKY     :PK WND
================================================================================
1   2   3   4   5  6A  6B    7    8   9   10  11  12  13   14  15   16   17  18
                                     12Z  AVG MX 2MIN
DY MAX MIN AVG DEP HDD CDD  WTR  SNW DPTH SPD SPD DIR MIN PSBL S-S WX    SPD DR
================================================================================

 1  81  63  72  13   0   7 0.01  0.0    0  8.3 24 120   M    M   3 1      29 120
 2  89  55  72  13   0   7 0.00  0.0    0  9.0 18 170   M    M   4 18     23 170
 3  84  50  67   8   0   2 0.00  0.0    0  4.0 15  80   M    M   6 128    18  90
 4  67  56  62   3   3   0 0.00  0.0    0 10.2 18  40   M    M  10 12     23  20
 5  83  54  69  10   0   4 0.00  0.0    0  6.6 22 170   M    M   8        27 170
 6  71  35  53  -6  12   0    T  0.0    0 20.7 31 350   M    M  10 1      37 360
 7  47  29  38 -21  27   0 0.00  0.0    0 15.8 30 350   M    M   4        34 340
 8  64  31  48 -12  17   0 0.00  0.0    0  8.3 16 100   M    M   6        19  80
 9  78  43  61   1   4   0 0.00  0.0    0  9.6 25 160   M    M   2        32 160
10  82  58  70  10   0   5 0.00  0.0    0 21.3 39 180   M    M   0        49 170
11  83  64  74  14   0   9 0.00  0.0    0 20.4 37 170   M    M   1        44 180
12  85  69  77  17   0  12 0.00  0.0    0 17.4 30 160   M    M   4        40 150
13  84  63  74  14   0   9    T  0.0    0 13.1 25 130   M    M   7        32 140
14  81  64  73  13   0   8 0.00  0.0    0 13.2 29 140   M    M   7 1      35 140
15  85  69  77  17   0  12 0.00  0.0    0 19.3 33 170   M    M   5        41 180
16  84  66  75  15   0  10 0.00  0.0    0 14.9 23 180   M    M   6 1      35 190
17  82  64  73  13   0   8 0.02  0.0    0 11.4 25 140   M    M   5 1      30 140
18  71  60  66   6   0   1 0.03  0.0    0  9.4 17 310   M    M   9 138    22 320
19  68  60  64   4   1   0 0.78  0.0    0  6.9 20 180   M    M   9 13     24 180
20  81  60  71  11   0   6 0.00  0.0    0  7.1 17 180   M    M   8 128    22 170
21  92  62  77  17   0  12 0.00  0.0    0  7.7 22 320   M    M   4 128    27 320
22  82  54  68   8   0   3 0.00  0.0    0 18.4 36 310   M    M   2 8      44 310
23  80  47  64   3   1   0 0.00  0.0    0  8.1 14 130   M    M   0        17 130
================================================================================
SM 1804 1276        65 115  0.84     0.0 281.1          M      120
================================================================================
AV 78.4 55.5                              12.2 FASTST   M    M   5    MAX(MPH)
                                 MISC ---->  # 39 180               # 49  170
================================================================================
NOTES:
# LAST OF SEVERAL OCCURRENCES

COLUMN 17 PEAK WIND IN M.P.H.

PRELIMINARY LOCAL CLIMATOLOGICAL DATA (WS FORM: F-6) , PAGE 2

                                          STATION:  HARLINGEN
                                          MONTH:    JANUARY
                                          YEAR:     2017
                                          LATITUDE:   26 13 N
                                          LONGITUDE:  97 40 W

[TEMPERATURE DATA]      [PRECIPITATION DATA]       SYMBOLS USED IN COLUMN 16

AVERAGE MONTHLY: 67.0   TOTAL FOR MONTH:   0.84    1 = FOG OR MIST
DPTR FM NORMAL:   7.2   DPTR FM NORMAL:    0.13    2 = FOG REDUCING VISIBILITY
HIGHEST:    92 ON 21    GRTST 24HR  0.81 ON 18-19      TO 1/4 MILE OR LESS
LOWEST:     29 ON  7                               3 = THUNDER
                        SNOW, ICE PELLETS, HAIL    4 = ICE PELLETS
                        TOTAL MONTH:   0.0 INCH    5 = HAIL
                        GRTST 24HR     0.0         6 = FREEZING RAIN OR DRIZZLE
                        GRTST DEPTH:   0           7 = DUSTSTORM OR SANDSTORM:
                                                       VSBY 1/2 MILE OR LESS
                                                   8 = SMOKE OR HAZE
[NO. OF DAYS WITH]      [WEATHER - DAYS WITH]      9 = BLOWING SNOW
                                                   X = TORNADO
MAX 32 OR BELOW:   0    0.01 INCH OR MORE:   4
MAX 90 OR ABOVE:   1    0.10 INCH OR MORE:   1
MIN 32 OR BELOW:   2    0.50 INCH OR MORE:   1
MIN  0 OR BELOW:   0    1.00 INCH OR MORE:   0

[HDD (BASE 65) ]
TOTAL THIS MO.    65    CLEAR  (SCALE 0-3)   5
DPTR FM NORMAL   -89    PTCLDY (SCALE 4-7)  13
TOTAL FM JUL 1   182    CLOUDY (SCALE 8-10)  5
DPTR FM NORMAL  -220

[CDD (BASE 65) ]
TOTAL THIS MO.   115
DPTR FM NORMAL    73    [PRESSURE DATA]
TOTAL FM JAN 1   115    HIGHEST SLP M ON M
DPTR FM NORMAL    73    LOWEST  SLP 29.42 ON 21

[REMARKS]
