000
CXUS53 KAPX 200631
CF6HTL
PRELIMINARY LOCAL CLIMATOLOGICAL DATA (WS FORM: F-6)

                                          STATION:   HOUGHTON LAKE MI
                                          MONTH:     FEBRUARY
                                          YEAR:      2018
                                          LATITUDE:   44 22 N
                                          LONGITUDE:  84 41 W

  TEMPERATURE IN F:       :PCPN:    SNOW:  WIND      :SUNSHINE: SKY     :PK WND
================================================================================
1   2   3   4   5  6A  6B    7    8   9   10  11  12  13   14  15   16   17  18
                                     12Z  AVG MX 2MIN
DY MAX MIN AVG DEP HDD CDD  WTR  SNW DPTH SPD SPD DIR MIN PSBL S-S WX    SPD DR
================================================================================

 1  31   6  19   1  46   0 0.03  0.3    1 13.3 23 310   M    M   8 18     30 290
 2  12   6   9  -9  56   0 0.06  0.8    2  9.1 18 280   M    M  10 18     24 270
 3  24   9  17  -1  48   0 0.14  2.1    2  6.4 13 170   M    M   9 18     17 170
 4  25  -1  12  -6  53   0 0.13  1.6    5  9.2 17  10   M    M   9 1      23 360
 5  14   1   8 -10  57   0    T    T    5  9.7 16 240   M    M   6        24 240
 6  15  -1   7 -11  58   0    T    T    5  5.3 13 260   M    M   5 1      16 260
 7  18   2  10  -8  55   0 0.01  0.1    4  4.6 14 280   M    M   9 1      18 270
 8  18   5  12  -7  53   0    T    T    4  7.9 17 270   M    M   8 8      23 270
 9  22  11  17  -2  48   0 0.07  1.0    4  3.5  9 320   M    M  10 18     12 220
10  23   2  13  -6  52   0    T    T    5  2.1  7 130   M    M   6         9 230
11  22   9  16  -3  49   0 0.28  3.0    6  5.7 18 280   M    M   7 18     23 290
12  20  -3   9 -10  56   0    T    T    8  5.2 13 310   M    M   2        16 340
13  25  -5  10  -9  55   0 0.00  0.0    8  6.2 15 180   M    M   5        19 160
14  45  20  33  13  32   0 0.00  0.0    8  9.4 17 240   M    M   0 18     23 250
15  44  28  36  16  29   0 0.00  0.0    5 10.0 21 330   M    M   7 18     25 330
16  28  17  23   3  42   0 0.01  0.2    3 10.7 20 320   M    M   6 1      27 290
17  30  12  21   1  44   0 0.01    T    3  9.1 17 230   M    M   4 18     24 230
18  36  23  30  10  35   0 0.00  0.0    3 10.7 20 170   M    M   5        27 160
19  40  28  34  13  31   0 0.26  0.0    3  6.7 14 180   M    M   8 18     20 180
================================================================================
SM  492  169       899   0  1.00     9.1 144.8          M      124
================================================================================
AV 25.9  8.9                               7.6 FASTST   M    M   7    MAX(MPH)
                                 MISC ---->  # 23 310               # 30  290
================================================================================
NOTES:
# LAST OF SEVERAL OCCURRENCES

COLUMN 17 PEAK WIND IN M.P.H.

PRELIMINARY LOCAL CLIMATOLOGICAL DATA (WS FORM: F-6) , PAGE 2

                                          STATION:  HOUGHTON LAKE MI
                                          MONTH:    FEBRUARY
                                          YEAR:     2018
                                          LATITUDE:   44 22 N
                                          LONGITUDE:  84 41 W

[TEMPERATURE DATA]      [PRECIPITATION DATA]       SYMBOLS USED IN COLUMN 16

AVERAGE MONTHLY: 17.4   TOTAL FOR MONTH:   1.00    1 = FOG OR MIST
DPTR FM NORMAL:  -1.6   DPTR FM NORMAL:    0.24    2 = FOG REDUCING VISIBILITY
HIGHEST:    45 ON 14    GRTST 24HR  0.28 ON 11-11      TO 1/4 MILE OR LESS
LOWEST:     -5 ON 13                               3 = THUNDER
                        SNOW, ICE PELLETS, HAIL    4 = ICE PELLETS
                        TOTAL MONTH:   9.1 INCHES  5 = HAIL
                        GRTST 24HR   3.0 ON 11-11  6 = FREEZING RAIN OR DRIZZLE
                        GRTST DEPTH:   8 ON 14,13  7 = DUSTSTORM OR SANDSTORM:
                                                       VSBY 1/2 MILE OR LESS
                                                   8 = SMOKE OR HAZE
[NO. OF DAYS WITH]      [WEATHER - DAYS WITH]      9 = BLOWING SNOW
                                                   X = TORNADO
MAX 32 OR BELOW:  15    0.01 INCH OR MORE:  10
MAX 90 OR ABOVE:   0    0.10 INCH OR MORE:   4
MIN 32 OR BELOW:  19    0.50 INCH OR MORE:   0
MIN  0 OR BELOW:   4    1.00 INCH OR MORE:   0

[HDD (BASE 65) ]
TOTAL THIS MO.   899    CLEAR  (SCALE 0-3)   2
DPTR FM NORMAL    25    PTCLDY (SCALE 4-7)  10
TOTAL FM JUL 1  5290    CLOUDY (SCALE 8-10)  7
DPTR FM NORMAL  -196

[CDD (BASE 65) ]
TOTAL THIS MO.     0
DPTR FM NORMAL     0    [PRESSURE DATA]
TOTAL FM JAN 1     0    HIGHEST SLP M ON M
DPTR FM NORMAL     0    LOWEST  SLP 29.57 ON 15

[REMARKS]
