530
CXUS53 KAPX 220837
CF6HTL
PRELIMINARY LOCAL CLIMATOLOGICAL DATA (WS FORM: F-6)

                                          STATION:   HOUGHTON LAKE MI
                                          MONTH:     MARCH
                                          YEAR:      2017
                                          LATITUDE:   44 22 N
                                          LONGITUDE:  84 41 W

  TEMPERATURE IN F:       :PCPN:    SNOW:  WIND      :SUNSHINE: SKY     :PK WND
================================================================================
1   2   3   4   5  6A  6B    7    8   9   10  11  12  13   14  15   16   17  18
                                     12Z  AVG MX 2MIN
DY MAX MIN AVG DEP HDD CDD  WTR  SNW DPTH SPD SPD DIR MIN PSBL S-S WX    SPD DR
================================================================================

 1  43  18  31   7  34   0 0.60  4.6    0 11.4 26 320   M    M  10 18     38 320
 2  26  14  20  -4  45   0 0.04  1.0    4 10.3 22 320   M    M   8 1      29 310
 3  19   6  13 -11  52   0 0.09  1.0    5  8.1 18 300   M    M   7 1      25 270
 4  27  -2  13 -11  52   0 0.00  0.0    4  6.4 13 170   M    M   0        17 160
 5  40  16  28   3  37   0    T  0.0    3 11.1 21 150   M    M   5        27 150
 6  52  36  44  19  21   0    T  0.0    1  9.5 18 180   M    M  10 1      25 170
 7  56  38  47  21  18   0 0.13  0.0    0 17.7 27 230   M    M   5 1      51 230
 8  38  28  33   7  32   0    T    T    0 21.3 35 270   M    M   5 1      48 300
 9  35  21  28   2  37   0 0.00  0.0    0 10.2 26 270   M    M   0        37 280
10  22   9  16 -11  49   0    T    T    T 14.8 29 310   M    M   7 8      36 300
11  18  10  14 -13  51   0    T    T    T 12.2 22 320   M    M   8 18     29 310
12  26  13  20  -7  45   0    T    T    T  5.6 12  80   M    M   8 18     14 330
13  22  14  18 -10  47   0 0.16  1.8    T 10.2 16  40   M    M  10 18     21  60
14  21   7  14 -14  51   0    T    T    2 11.0 22  30   M    M   3 18     29 330
15  28   9  19  -9  46   0    T    T    1 12.5 26 310   M    M   1        35 310
16  38  14  26  -3  39   0 0.00  0.0    0  6.9 17 310   M    M   0        22 300
17  38  14  26  -3  39   0 0.07  1.0    T  6.6 16 170   M    M   5 128    23 160
18  36  31  34   4  31   0    T    T    1  4.8 12 320   M    M  10 12     14 310
19  48  30  39   9  26   0 0.05  0.0    T  4.8 13 180   M    M   5 1      17 180
20  54  32  43  13  22   0 0.05    T    T  5.8 14 350   M    M   5 1      19 360
21  40  19  30  -1  35   0    T    T    0 13.2 26 320   M    M   4 12     36 330
================================================================================
SM  727  377       809   0  1.19     9.4 214.4          M      116
================================================================================
AV 34.6 18.0                              10.2 FASTST   M    M   6    MAX(MPH)
                                 MISC ---->  # 35 270                 51    M
================================================================================
NOTES:
# LAST OF SEVERAL OCCURRENCES

COLUMN 17 PEAK WIND IN M.P.H.

PRELIMINARY LOCAL CLIMATOLOGICAL DATA (WS FORM: F-6) , PAGE 2

                                          STATION:  HOUGHTON LAKE MI
                                          MONTH:    MARCH
                                          YEAR:     2017
                                          LATITUDE:   44 22 N
                                          LONGITUDE:  84 41 W

[TEMPERATURE DATA]      [PRECIPITATION DATA]       SYMBOLS USED IN COLUMN 16

AVERAGE MONTHLY: 26.3   TOTAL FOR MONTH:   1.19    1 = FOG OR MIST
DPTR FM NORMAL:  -0.8   DPTR FM NORMAL:    0.01    2 = FOG REDUCING VISIBILITY
HIGHEST:    56 ON  7    GRTST 24HR  0.60 ON  1- 1      TO 1/4 MILE OR LESS
LOWEST:     -2 ON  4                               3 = THUNDER
                        SNOW, ICE PELLETS, HAIL    4 = ICE PELLETS
                        TOTAL MONTH:   9.4 INCHES  5 = HAIL
                        GRTST 24HR   4.6 ON   M    6 = FREEZING RAIN OR DRIZZLE
                        GRTST DEPTH:   5 ON  3     7 = DUSTSTORM OR SANDSTORM:
                                                       VSBY 1/2 MILE OR LESS
                                                   8 = SMOKE OR HAZE
[NO. OF DAYS WITH]      [WEATHER - DAYS WITH]      9 = BLOWING SNOW
                                                   X = TORNADO
MAX 32 OR BELOW:   9    0.01 INCH OR MORE:   8
MAX 90 OR ABOVE:   0    0.10 INCH OR MORE:   3
MIN 32 OR BELOW:  19    0.50 INCH OR MORE:   1
MIN  0 OR BELOW:   1    1.00 INCH OR MORE:   0

[HDD (BASE 65) ]
TOTAL THIS MO.   809    CLEAR  (SCALE 0-3)   5
DPTR FM NORMAL    11    PTCLDY (SCALE 4-7)  12
TOTAL FM JUL 1  5659    CLOUDY (SCALE 8-10)  4
DPTR FM NORMAL -1011

[CDD (BASE 65) ]
TOTAL THIS MO.     0
DPTR FM NORMAL     0    [PRESSURE DATA]
TOTAL FM JAN 1     0    HIGHEST SLP M ON M
DPTR FM NORMAL     0    LOWEST  SLP 29.37 ON  1

[REMARKS]
