000
CXUS56 KTFX 240838
CF6HVR
PRELIMINARY LOCAL CLIMATOLOGICAL DATA (WS FORM: F-6)

                                          STATION:   HAVRE MT
                                          MONTH:     OCTOBER
                                          YEAR:      2017
                                          LATITUDE:   48 32 N
                                          LONGITUDE: 109 46 W

  TEMPERATURE IN F:       :PCPN:    SNOW:  WIND      :SUNSHINE: SKY     :PK WND
================================================================================
1   2   3   4   5  6A  6B    7    8   9   10  11  12  13   14  15   16   17  18
                                     12Z  AVG MX 2MIN
DY MAX MIN AVG DEP HDD CDD  WTR  SNW DPTH SPD SPD DIR MIN PSBL S-S WX    SPD DR
================================================================================

 1  57  42  50   0  15   0 0.01  0.0    0 14.6 25 300   M    M   9        31 290
 2  42  31  37 -13  28   0 1.19  9.1    0 24.0 33 300   M    M  10 12     44 310
 3  32  15  24 -26  41   0 0.51  3.9   13 17.3 25 320   M    M   7 12     37 320
 4  33   6  20 -29  45   0 0.00  0.0   10  4.3 15 220   M    M   0        17 220
 5  40  16  28 -21  37   0 0.00  0.0   10  3.2 10 220   M    M   1 12     11 220
 6  50  16  33 -16  32   0 0.00  0.0    6 13.2 29 220   M    M   3 12     33 220
 7  50  35  43  -5  22   0 0.07  0.0    5  8.2 35 270   M    M   5 1      41 270
 8  44  27  36 -12  29   0 0.00  0.0    1 12.5 23 310   M    M   4        29 320
 9  56  28  42  -5  23   0 0.00  0.0    T 13.9 24 250   M    M   0        29 230
10  66  35  51   4  14   0 0.00  0.0    0  7.2 18 130   M    M   0        21 130
11  60  32  46   0  19   0 0.00  0.0    0  6.2 23 310   M    M   3 1      27 300
12  49  25  37  -9  28   0 0.00  0.0    0  4.1 10 240   M    M   5 12     10 240
13  47  22  35 -11  30   0 0.00  0.0    0  7.6 16  40   M    M   6        20  40
14  54  22  38  -7  27   0 0.00  0.0    0 15.4 31 260   M    M   2        36 260
15  65  33  49   4  16   0 0.00  0.0    0 16.6 26 250   M    M   0        32 240
16  72  41  57  13   8   0 0.00  0.0    0 21.0 35 260   M    M   0        41 260
17  77  43  60  16   5   0 0.00  0.0    0 27.6 47 280   M    M   1        60 290
18  65  26  46   2  19   0 0.00  0.0    0  9.9 26 230   M    M   1        35 220
19  78  42  60  17   5   0 0.00  0.0    0 15.3 32 230   M    M   0        39 210
20  60  35  48   5  17   0 0.02  0.0    0 11.7 38 260   M    M   3        46 270
21  57  32  45   3  20   0 0.07  0.0    0 16.2 31 290   M    M   2        39 290
22  64  35  50   8  15   0    T  0.0    0 24.9 48 270   M    M   4        59 270
23  59  31  45   4  20   0 0.00  0.0    0 12.5 28 300   M    M   0        36 320
================================================================================
SM 1277  670       515   0  1.87    13.0 307.4          M       66
================================================================================
AV 55.5 29.1                              13.4 FASTST   M    M   3    MAX(MPH)
                                 MISC ---->  # 48 270               # 60  290
================================================================================
NOTES:
# LAST OF SEVERAL OCCURRENCES

COLUMN 17 PEAK WIND IN M.P.H.

PRELIMINARY LOCAL CLIMATOLOGICAL DATA (WS FORM: F-6) , PAGE 2

                                          STATION:  HAVRE MT
                                          MONTH:    OCTOBER
                                          YEAR:     2017
                                          LATITUDE:   48 32 N
                                          LONGITUDE: 109 46 W

[TEMPERATURE DATA]      [PRECIPITATION DATA]       SYMBOLS USED IN COLUMN 16

AVERAGE MONTHLY: 42.3   TOTAL FOR MONTH:   1.87    1 = FOG OR MIST
DPTR FM NORMAL:  -3.7   DPTR FM NORMAL:    1.41    2 = FOG REDUCING VISIBILITY
HIGHEST:    78 ON 19    GRTST 24HR  1.19 ON  2- 2      TO 1/4 MILE OR LESS
LOWEST:      6 ON  4                               3 = THUNDER
                        SNOW, ICE PELLETS, HAIL    4 = ICE PELLETS
                        TOTAL MONTH:  13.0 INCHES  5 = HAIL
                        GRTST 24HR   9.1 ON  2- 2  6 = FREEZING RAIN OR DRIZZLE
                        GRTST DEPTH:  13 ON  3     7 = DUSTSTORM OR SANDSTORM:
                                                       VSBY 1/2 MILE OR LESS
                                                   8 = SMOKE OR HAZE
[NO. OF DAYS WITH]      [WEATHER - DAYS WITH]      9 = BLOWING SNOW
                                                   X = TORNADO
MAX 32 OR BELOW:   1    0.01 INCH OR MORE:   6
MAX 90 OR ABOVE:   0    0.10 INCH OR MORE:   2
MIN 32 OR BELOW:  14    0.50 INCH OR MORE:   2
MIN  0 OR BELOW:   0    1.00 INCH OR MORE:   1

[HDD (BASE 65) ]
TOTAL THIS MO.   515    CLEAR  (SCALE 0-3)  13
DPTR FM NORMAL    79    PTCLDY (SCALE 4-7)   8
TOTAL FM JUL 1   779    CLOUDY (SCALE 8-10)  2
DPTR FM NORMAL   -14

[CDD (BASE 65) ]
TOTAL THIS MO.     0
DPTR FM NORMAL     0    [PRESSURE DATA]
TOTAL FM JAN 1   526    HIGHEST SLP M ON M
DPTR FM NORMAL   140    LOWEST  SLP 29.25 ON 20

[REMARKS]
