000
CXUS53 KUNR 220945
CF6ICR
PRELIMINARY LOCAL CLIMATOLOGICAL DATA (WS FORM: F-6)

                                          STATION:   WINNER REGIONAL AIRPORT SD
                                          MONTH:     AUGUST
                                          YEAR:      2017
                                          LATITUDE:   43 23 N
                                          LONGITUDE:  99 50 W

  TEMPERATURE IN F:       :PCPN:    SNOW:  WIND      :SUNSHINE: SKY     :PK WND
================================================================================
1   2   3   4   5  6A  6B    7    8   9   10  11  12  13   14  15   16   17  18
                                     12Z  AVG MX 2MIN
DY MAX MIN AVG DEP HDD CDD  WTR  SNW DPTH SPD SPD DIR MIN PSBL S-S WX    SPD DR
================================================================================

 1  92  62  77   1   0  12 0.05    M    M  5.2 38 340   M    M   0 3      50 340
 2  80  59  70  -6   0   5 0.05    M    M  9.0 28 320   M    M   4 13     35 310
 3  73  52  63 -13   2   0 0.01    M    M 12.2 23 320   M    M   7 1      29 320
 4  83  50  67  -9   0   2 0.00    M    M 11.4 21 150   M    M   1        25 180
 5  75  59  67  -9   0   2 0.91    M    M 11.2 25 180   M    M   7 13     34 180
 6  80  55  68  -8   0   3 0.06    M    M  5.3 16 290   M    M   5 123    21 280
 7  78  59  69  -7   0   4 0.43    M    M  5.4 22  40   M    M   6 123    27  30
 8  86  58  72  -4   0   7 0.03    M    M 11.9 24 190   M    M   2 3      32 190
 9  87  63  75  -1   0  10 0.06    M    M  9.7 22 180   M    M   1 1      28 170
10  78  54  66 -10   0   1 0.00    M    M  7.1 16 330   M    M   3        19 330
11  84  53  69  -7   0   4 0.00    M    M  5.2 14 160   M    M   1        18 150
12  88  60  74  -2   0   9 3.43    M    M 16.8 32  10   M    M   6 123    40  10
13  81  60  71  -4   0   6    T    M    M  7.3 21 190   M    M   2 3      26 190
14  81  57  69  -6   0   4    T    M    M  7.5 16 100   M    M   0 1      21 100
15  82  65  74  -1   0   9 0.12    M    M 10.6 21 130   M    M   4 13     26 120
16  70  59  65 -10   0   0 0.43    M    M 10.1 22 340   M    M   7 1      27 340
17  90  55  73  -2   0   8 0.83    M    M  9.3 38 290   M    M   0 38     49 280
18  85  58  72  -2   0   7 0.00    M    M  8.9 17 330   M    M   0        21 340
19  91  63  77   3   0  12 0.00    M    M 12.7 22 170   M    M   0        28 180
20  87  65  76   2   0  11 0.00    M    M 10.6 21  60   M    M   1 12     26  20
21  79  58  69  -5   0   4 1.17    M    M  8.8 31 360   M    M   4 13     42 350
================================================================================
SM 1730 1224         2 120  7.58    M    196.2          M       61
================================================================================
AV 82.4 58.3                               9.3 FASTST   M    M   3    MAX(MPH)
                                 MISC ---->  # 38 340               # 50  340
================================================================================
NOTES:
# LAST OF SEVERAL OCCURRENCES

COLUMN 17 PEAK WIND IN M.P.H.

PRELIMINARY LOCAL CLIMATOLOGICAL DATA (WS FORM: F-6) , PAGE 2

                                          STATION:  WINNER REGIONAL AIRPORT SD
                                          MONTH:    AUGUST
                                          YEAR:     2017
                                          LATITUDE:   43 23 N
                                          LONGITUDE:  99 50 W

[TEMPERATURE DATA]      [PRECIPITATION DATA]       SYMBOLS USED IN COLUMN 16

AVERAGE MONTHLY: 70.3   TOTAL FOR MONTH:   7.58    1 = FOG OR MIST
DPTR FM NORMAL:  -5.0   DPTR FM NORMAL:    5.82    2 = FOG REDUCING VISIBILITY
HIGHEST:    92 ON  1    GRTST 24HR  3.43 ON 12-12      TO 1/4 MILE OR LESS
LOWEST:     50 ON  4                               3 = THUNDER
                        SNOW, ICE PELLETS, HAIL    4 = ICE PELLETS
                        TOTAL MONTH:    M          5 = HAIL
                        GRTST 24HR    M  ON   M    6 = FREEZING RAIN OR DRIZZLE
                        GRTST DEPTH:  M  ON   M    7 = DUSTSTORM OR SANDSTORM:
                                                       VSBY 1/2 MILE OR LESS
                                                   8 = SMOKE OR HAZE
[NO. OF DAYS WITH]      [WEATHER - DAYS WITH]      9 = BLOWING SNOW
                                                   X = TORNADO
MAX 32 OR BELOW:   0    0.01 INCH OR MORE:  13
MAX 90 OR ABOVE:   3    0.10 INCH OR MORE:   7
MIN 32 OR BELOW:   0    0.50 INCH OR MORE:   4
MIN  0 OR BELOW:   0    1.00 INCH OR MORE:   2

[HDD (BASE 65) ]
TOTAL THIS MO.     2    CLEAR  (SCALE 0-3)  12
DPTR FM NORMAL     2    PTCLDY (SCALE 4-7)   9
TOTAL FM JUL 1     2    CLOUDY (SCALE 8-10)  0
DPTR FM NORMAL    -3

[CDD (BASE 65) ]
TOTAL THIS MO.   120
DPTR FM NORMAL  -101    [PRESSURE DATA]
TOTAL FM JAN 1   904    HIGHEST SLP M ON M
DPTR FM NORMAL   177    LOWEST  SLP 29.44 ON 14

[REMARKS]
