000
CXUS53 KUNR 270945
CF6ICR
PRELIMINARY LOCAL CLIMATOLOGICAL DATA (WS FORM: F-6)

                                          STATION:   WINNER REGIONAL AIRPORT SD
                                          MONTH:     AUGUST
                                          YEAR:      2014
                                          LATITUDE:   43 23 N
                                          LONGITUDE:  99 50 W

  TEMPERATURE IN F:       :PCPN:    SNOW:  WIND      :SUNSHINE: SKY     :PK WND
================================================================================
1   2   3   4   5  6A  6B    7    8   9   10  11  12  13   14  15   16   17  18
                                     12Z  AVG MX 2MIN
DY MAX MIN AVG DEP HDD CDD  WTR  SNW DPTH SPD SPD DIR MIN PSBL S-S WX    SPD DR
================================================================================

 1  94  62  78   2   0  13 0.16    M    M  9.5 35 310   M    M   0 138    43 320
 2  94  63  79   3   0  14 0.00    M    M  9.0 17 180   M    M   0        22 160
 3  92  59  76   0   0  11 0.00    M    M  7.3 18 120   M    M   1 1      22 120
 4  82  67  75  -1   0  10    T    M    M  9.5 18 110   M    M   4 13     24 110
 5  79  67  73  -3   0   8 0.58    M    M 14.4 25  80   M    M   6 13     31  80
 6  72  66  69  -7   0   4 1.64    M    M  9.9 20 120   M    M  10 13     23 120
 7  81  65  73  -3   0   8 0.02    M    M  7.3 15  90   M    M   6 12     19  90
 8  77  59  68  -8   0   3 0.09    M    M  8.1 21 200   M    M   8 3      26 210
 9  84  56  70  -6   0   5    T    M    M  6.3 14 150   M    M   2 1      18 150
10  82  60  71  -5   0   6 0.03    M    M  9.8 23 330   M    M   2 3      29 330
11  81  53  67  -9   0   2 0.00    M    M  8.3 18  10   M    M   0        23 360
12  86  53  70  -6   0   5 0.00    M    M  5.6 12 160   M    M   0        15 160
13  90  60  75   0   0  10 0.00    M    M 11.5 22 130   M    M   0 8      26 130
14  91  70  81   6   0  16 0.00    M    M 16.5 28 140   M    M   1        35 140
15  86  71  79   4   0  14 0.10    M    M  8.0 17 190   M    M   3 3      22 180
16  87  68  78   3   0  13 0.00    M    M 10.9 22 330   M    M   3        26 280
17  85  63  74  -1   0   9 0.01    M    M  9.9 40 170   M    M   0 3      55 130
18  87  57  72  -2   0   7 0.00    M    M 10.2 23 330   M    M   0        29 320
19  90  59  75   1   0  10 0.00    M    M  7.7 16 110   M    M   0        22 130
20  91  68  80   6   0  15    T    M    M 10.4 20  60   M    M   1        23  60
21  90  67  79   5   0  14 0.00    M    M  9.1 17 310   M    M   2 1      23 310
22  87  63  75   1   0  10    T    M    M  7.6 15 110   M    M   2        19 120
23  79  65  72  -1   0   7 0.52    M    M 11.0 26 290   M    M   8 13     39 280
24  82  58  70  -3   0   5 0.00    M    M 11.8 23 280   M    M   0        28 280
25  76  51  64  -9   1   0 0.00    M    M  9.0 20 330   M    M   0        24 340
26  78  51  65  -7   0   0 0.00    M    M  9.1 17 130   M    M   1        23 130
================================================================================
SM 2203 1601         1 219  3.15    M    247.7          M       60
================================================================================
AV 84.7 61.6                               9.5 FASTST   M    M   2    MAX(MPH)
                                 MISC ---->  # 40 170               # 55  130
================================================================================
NOTES:
# LAST OF SEVERAL OCCURRENCES

COLUMN 17 PEAK WIND IN M.P.H.

PRELIMINARY LOCAL CLIMATOLOGICAL DATA (WS FORM: F-6) , PAGE 2

                                          STATION:  WINNER REGIONAL AIRPORT SD
                                          MONTH:    AUGUST
                                          YEAR:     2014
                                          LATITUDE:   43 23 N
                                          LONGITUDE:  99 50 W

[TEMPERATURE DATA]      [PRECIPITATION DATA]       SYMBOLS USED IN COLUMN 16

AVERAGE MONTHLY: 73.2   TOTAL FOR MONTH:   3.15    1 = FOG OR MIST
DPTR FM NORMAL:  -1.8   DPTR FM NORMAL:    1.11    2 = FOG REDUCING VISIBILITY
HIGHEST:    94 ON  2, 1 GRTST 24HR  1.64 ON  6- 6      TO 1/4 MILE OR LESS
LOWEST:     51 ON 26,25                            3 = THUNDER
                        SNOW, ICE PELLETS, HAIL    4 = ICE PELLETS
                        TOTAL MONTH:    M          5 = HAIL
                        GRTST 24HR    M  ON   M    6 = FREEZING RAIN OR DRIZZLE
                        GRTST DEPTH:  M  ON   M    7 = DUSTSTORM OR SANDSTORM:
                                                       VSBY 1/2 MILE OR LESS
                                                   8 = SMOKE OR HAZE
[NO. OF DAYS WITH]      [WEATHER - DAYS WITH]      9 = BLOWING SNOW
                                                   X = TORNADO
MAX 32 OR BELOW:   0    0.01 INCH OR MORE:   9
MAX 90 OR ABOVE:   8    0.10 INCH OR MORE:   5
MIN 32 OR BELOW:   0    0.50 INCH OR MORE:   3
MIN  0 OR BELOW:   0    1.00 INCH OR MORE:   1

[HDD (BASE 65) ]
TOTAL THIS MO.     1    CLEAR  (SCALE 0-3)  19
DPTR FM NORMAL     1    PTCLDY (SCALE 4-7)   6
TOTAL FM JUL 1    13    CLOUDY (SCALE 8-10)  1
DPTR FM NORMAL     8

[CDD (BASE 65) ]
TOTAL THIS MO.   219
DPTR FM NORMAL   -44    [PRESSURE DATA]
TOTAL FM JAN 1   703    HIGHEST SLP M ON M
DPTR FM NORMAL   -66    LOWEST  SLP 29.60 ON 20

[REMARKS]
