000
CXUS53 KUNR 270945
CF6IEN
PRELIMINARY LOCAL CLIMATOLOGICAL DATA (WS FORM: F-6)

                                          STATION:   PINE RIDGE SD
                                          MONTH:     FEBRUARY
                                          YEAR:      2017
                                          LATITUDE:   43  1 N
                                          LONGITUDE: 102 31 W

  TEMPERATURE IN F:       :PCPN:    SNOW:  WIND      :SUNSHINE: SKY     :PK WND
================================================================================
1   2   3   4   5  6A  6B    7    8   9   10  11  12  13   14  15   16   17  18
                                     12Z  AVG MX 2MIN
DY MAX MIN AVG DEP HDD CDD  WTR  SNW DPTH SPD SPD DIR MIN PSBL S-S WX    SPD DR
================================================================================

 1  21  12  17  -7  48   0 0.04    M    M  4.2 14 360   M    M  10 18     16  20
 2  17  -4   7 -17  58   0 0.06    M    M  3.6 10 120   M    M  10 128    12 120
 3  29  -9  10 -14  55   0    T    M    M 16.6 41 180   M    M   5 128    53 180
 4  46  13  30   5  35   0 0.00    M    M 10.9 33 190   M    M   0 18     38 190
 5  47   8  28   3  37   0 0.00    M    M  4.3 17 200   M    M   0 18     18 210
 6  53  19  36  11  29   0 0.00    M    M  5.3 18 180   M    M   2 1      21 200
 7  20  12  16  -9  49   0 0.18    M    M  7.9 18  10   M    M  10 128    23 350
 8  21   0  11 -14  54   0 0.10    M    M  4.9 14  80   M    M   5 12     17  70
 9  46  10  28   3  37   0 0.00    M    M  4.5 21 190   M    M   2        23 200
10  54  36  45  20  20   0 0.00    M    M  6.3 17 270   M    M   3        26 260
11  47  30  39  13  26   0 0.02    M    M  4.1 23  20   M    M   8        28  30
12  44  17  31   5  34   0 0.00    M    M  5.3 12 250   M    M   0        13 250
13  49  14  32   6  33   0 0.00    M    M  3.5 16  20   M    M   0        18  20
14  46  18  32   6  33   0 0.00    M    M  4.3 10 360   M    M   2 1      14 350
15  58  20  39  13  26   0 0.00    M    M  5.0 12 270   M    M   0        14 270
16  63  32  48  21  17   0 0.00    M    M  6.1 14 270   M    M   0 8      17 260
17  60  30  45  18  20   0 0.00    M    M  5.9 15  60   M    M   0        19  50
18  57  31  44  17  21   0 0.00    M    M 13.7 28 180   M    M   0        35 180
19  60  36  48  21  17   0 0.00    M    M  7.6 23 180   M    M   1        29 180
20  61  39  50  22  15   0 0.01    M    M  8.5 22 260   M    M   3        29 260
21  72  32  52  24  13   0 0.00    M    M 12.1 37 270   M    M   0        49 290
22  58  32  45  17  20   0    T    M    M 12.0 24  20   M    M   4 1      33 290
23  32  23  28  -1  37   0    M    M    M 14.0 24  40   M    M  10 12     32  30
24  24   5  15 -14  50   0    M    M    M  5.4 15  30   M    M   6 1      18  10
25  30   0  15 -14  50   0 0.00    M    M  8.0 21 250   M    M   1        25 270
26  29   5  17 -13  48   0 0.00    M    M  6.7 18 280   M    M   0        23 260
================================================================================
SM 1144  461       882   0  0.41    M    190.7          M       82
================================================================================
AV 44.0 17.7                               7.3 FASTST   M    M   3    MAX(MPH)
                                 MISC ---->  # 41 180               # 53  180
================================================================================
NOTES:
# LAST OF SEVERAL OCCURRENCES

COLUMN 17 PEAK WIND IN M.P.H.

PRELIMINARY LOCAL CLIMATOLOGICAL DATA (WS FORM: F-6) , PAGE 2

                                          STATION:  PINE RIDGE SD
                                          MONTH:    FEBRUARY
                                          YEAR:     2017
                                          LATITUDE:   43  1 N
                                          LONGITUDE: 102 31 W

[TEMPERATURE DATA]      [PRECIPITATION DATA]       SYMBOLS USED IN COLUMN 16

AVERAGE MONTHLY: 30.9   TOTAL FOR MONTH:   0.41    1 = FOG OR MIST
DPTR FM NORMAL:   4.5   DPTR FM NORMAL:   -0.01    2 = FOG REDUCING VISIBILITY
HIGHEST:    72 ON 21    GRTST 24HR  0.28 ON  7- 8      TO 1/4 MILE OR LESS
LOWEST:     -9 ON  3                               3 = THUNDER
                        SNOW, ICE PELLETS, HAIL    4 = ICE PELLETS
                        TOTAL MONTH:    M          5 = HAIL
                        GRTST 24HR    M  ON   M    6 = FREEZING RAIN OR DRIZZLE
                        GRTST DEPTH:  M  ON   M    7 = DUSTSTORM OR SANDSTORM:
                                                       VSBY 1/2 MILE OR LESS
                                                   8 = SMOKE OR HAZE
[NO. OF DAYS WITH]      [WEATHER - DAYS WITH]      9 = BLOWING SNOW
                                                   X = TORNADO
MAX 32 OR BELOW:   9    0.01 INCH OR MORE:   6
MAX 90 OR ABOVE:   0    0.10 INCH OR MORE:   2
MIN 32 OR BELOW:  23    0.50 INCH OR MORE:   0
MIN  0 OR BELOW:   4    1.00 INCH OR MORE:   0

[HDD (BASE 65) ]
TOTAL THIS MO.   882    CLEAR  (SCALE 0-3)  16
DPTR FM NORMAL  -122    PTCLDY (SCALE 4-7)   6
TOTAL FM JUL 1  5082    CLOUDY (SCALE 8-10)  4
DPTR FM NORMAL  -199

[CDD (BASE 65) ]
TOTAL THIS MO.     0
DPTR FM NORMAL     0    [PRESSURE DATA]
TOTAL FM JAN 1     0    HIGHEST SLP M ON M
DPTR FM NORMAL     0    LOWEST  SLP 29.16 ON 17

[REMARKS]
