000
CXUS55 KVEF 230940
CF6IGM
PRELIMINARY LOCAL CLIMATOLOGICAL DATA (WS FORM: F-6)

                                          STATION:   KINGMAN AZ
                                          MONTH:     JANUARY
                                          YEAR:      2017
                                          LATITUDE:   35 16 N
                                          LONGITUDE: 113 57 W

  TEMPERATURE IN F:       :PCPN:    SNOW:  WIND      :SUNSHINE: SKY     :PK WND
================================================================================
1   2   3   4   5  6A  6B    7    8   9   10  11  12  13   14  15   16   17  18
                                     12Z  AVG MX 2MIN
DY MAX MIN AVG DEP HDD CDD  WTR  SNW DPTH SPD SPD DIR MIN PSBL S-S WX    SPD DR
================================================================================

 1  52  39  46   4  19   0 0.12    M    0  8.6 18 230   M    M   5 1      22 240
 2  49  37  43   1  22   0 0.00  0.0    0  9.3 26 210   M    M   5        37 210
 3  49  36  43   0  22   0 0.00  0.0    0  7.7 15 210   M    M   2        24 170
 4  55  34  45   2  20   0 0.00  0.0    0  7.3 17 250   M    M   5        25 110
 5  57  47  52   9  13   0 0.00  0.0    0 17.5 43 220   M    M   8        53 230
 6  47  26  37  -6  28   0 0.00  0.0    0 10.9 23 350   M    M   1        27 350
 7  53  27  40  -3  25   0 0.00  0.0    0  5.2 12 120   M    M   6        14 110
 8  67  36  52   9  13   0 0.02    M    0  5.1 12 200   M    M   3        15 210
 9  58  48  53  10  12   0 0.14    M    0 11.1 31 210   M    M   5        38 210
10  62  37  50   7  15   0 0.00  0.0    0  7.3 22 210   M    M   1        26 210
11  59  38  49   6  16   0 0.00  0.0    0 11.0 26 210   M    M   3        32 220
12  54  43  49   5  16   0    T    M    0  5.6 22 200   M    M   6        27 210
13  61  42  52   8  13   0 0.01    M    0  6.7 23 140   M    M   6        28 140
14  54  42  48   4  17   0 0.13    M    0  8.7 20 350   M    M   9 13     24 360
15  54  34  44   0  21   0 0.00  0.0    0  6.1 12 100   M    M   4        15  80
16  49  32  41  -3  24   0 0.00  0.0    0  8.5 15 360   M    M   0        20 360
17  53  31  42  -2  23   0 0.00  0.0    0  7.5 14  20   M    M   0        18  80
18  58  27  43  -1  22   0 0.00  0.0    0  7.6 22 230   M    M   0        26 220
19  48  37  43  -1  22   0 0.64    M    0 11.1 29 210   M    M   8 13     33 210
20  46  38  42  -2  23   0 0.14    M    0 13.6 32 210   M    M   9 1      40 210
21  49  35  42  -2  23   0 0.05    M    0 17.1 30 230   M    M   3 1      38 220
22  48  37  43  -1  22   0 0.07    M    0 13.8 35 110   M    M   9        45 110
================================================================================
SM 1182  803       431   0  1.32     0.0 207.3          M       98
================================================================================
AV 53.7 36.5                               9.4 FASTST   M    M   4    MAX(MPH)
                                 MISC ---->  # 43 220               # 53  230
================================================================================
NOTES:
# LAST OF SEVERAL OCCURRENCES

COLUMN 17 PEAK WIND IN M.P.H.

PRELIMINARY LOCAL CLIMATOLOGICAL DATA (WS FORM: F-6) , PAGE 2

                                          STATION:  KINGMAN AZ
                                          MONTH:    JANUARY
                                          YEAR:     2017
                                          LATITUDE:   35 16 N
                                          LONGITUDE: 113 57 W

[TEMPERATURE DATA]      [PRECIPITATION DATA]       SYMBOLS USED IN COLUMN 16

AVERAGE MONTHLY: 45.1   TOTAL FOR MONTH:   1.32    1 = FOG OR MIST
DPTR FM NORMAL:   1.7   DPTR FM NORMAL:    0.63    2 = FOG REDUCING VISIBILITY
HIGHEST:    67 ON  8    GRTST 24HR  0.64 ON 19-19      TO 1/4 MILE OR LESS
LOWEST:     26 ON  6                               3 = THUNDER
                        SNOW, ICE PELLETS, HAIL    4 = ICE PELLETS
                        TOTAL MONTH:   0.0 INCH    5 = HAIL
                        GRTST 24HR     0.0         6 = FREEZING RAIN OR DRIZZLE
                        GRTST DEPTH:   0           7 = DUSTSTORM OR SANDSTORM:
                                                       VSBY 1/2 MILE OR LESS
                                                   8 = SMOKE OR HAZE
[NO. OF DAYS WITH]      [WEATHER - DAYS WITH]      9 = BLOWING SNOW
                                                   X = TORNADO
MAX 32 OR BELOW:   0    0.01 INCH OR MORE:   9
MAX 90 OR ABOVE:   0    0.10 INCH OR MORE:   5
MIN 32 OR BELOW:   5    0.50 INCH OR MORE:   1
MIN  0 OR BELOW:   0    1.00 INCH OR MORE:   0

[HDD (BASE 65) ]
TOTAL THIS MO.   431    CLEAR  (SCALE 0-3)   9
DPTR FM NORMAL   -44    PTCLDY (SCALE 4-7)   9
TOTAL FM JUL 1  1394    CLOUDY (SCALE 8-10)  4
DPTR FM NORMAL  -330

[CDD (BASE 65) ]
TOTAL THIS MO.     0
DPTR FM NORMAL     0    [PRESSURE DATA]
TOTAL FM JAN 1     0    HIGHEST SLP M ON M
DPTR FM NORMAL     0    LOWEST  SLP 29.28 ON 20

[REMARKS]
