000
CXUS55 KVEF 280940
CF6IGM
PRELIMINARY LOCAL CLIMATOLOGICAL DATA (WS FORM: F-6)

                                          STATION:   KINGMAN AZ
                                          MONTH:     APRIL
                                          YEAR:      2016
                                          LATITUDE:   35 16 N
                                          LONGITUDE: 113 57 W

  TEMPERATURE IN F:       :PCPN:    SNOW:  WIND      :SUNSHINE: SKY     :PK WND
================================================================================
1   2   3   4   5  6A  6B    7    8   9   10  11  12  13   14  15   16   17  18
                                     12Z  AVG MX 2MIN
DY MAX MIN AVG DEP HDD CDD  WTR  SNW DPTH SPD SPD DIR MIN PSBL S-S WX    SPD DR
================================================================================

 1  73  40  57   2   8   0 0.00  0.0    0 10.1 24  10   M    M   1        34 360
 2  77  47  62   7   3   0 0.00  0.0    0  9.2 18 110   M    M   0        21 110
 3  80  44  62   7   3   0 0.00  0.0    0  5.4 16 220   M    M   0        21 240
 4  82  45  64   9   1   0 0.00  0.0    0  9.5 24 240   M    M   0        39 260
 5  85  46  66  10   0   1 0.00  0.0    0  7.4 23 340   M    M   0        29 300
 6  87  49  68  12   0   3 0.00  0.0    0 11.0 22 360   M    M   0        28  10
 7  81  53  67  11   0   2 0.00  0.0    0  7.7 22 210   M    M   1        31 170
 8  69  53  61   5   4   0 0.48  0.0    0  8.5 23 210   M    M   9 13     29 150
 9  67  52  60   3   5   0 0.01  0.0    0  7.2 25 220   M    M   7 3      32 250
10  59  47  53  -4  12   0 0.08  0.0    0  8.6 25 220   M    M   6 1      30 220
11  61  48  55  -2  10   0 0.12    M    0  6.1 20 140   M    M   9 1      22 140
12  74  43  59   1   6   0 0.00  0.0    0  4.9 18 240   M    M   0        24 210
13  77  50  64   6   1   0 0.00  0.0    0 11.0 24 220   M    M   0        37 230
14  76  52  64   6   1   0 0.00  0.0    0 15.3 32 230   M    M   0        40 220
15  64  49  57  -1   8   0 0.00  0.0    0 17.9 40 350   M    M   1 8      52 360
16  69  46  58  -1   7   0 0.00  0.0    0 20.0 35 360   M    M   0        41 330
17  73  44  59   0   6   0 0.00  0.0    0 10.2 25 330   M    M   0        32  30
18  76  41  59   0   6   0 0.00  0.0    0  8.4 21 340   M    M   0        26 340
19  82  43  63   3   2   0 0.00  0.0    0  7.3 20 230   M    M   0        25 230
20  86  50  68   8   0   3 0.00  0.0    0 10.5 25 210   M    M   0        31 190
21  87  51  69   9   0   4 0.00  0.0    0 12.3 29 210   M    M   0        35 230
22  87  52  70   9   0   5 0.00  0.0    0 19.2 39 210   M    M   0        49 200
23  73  49  61   0   4   0 0.00  0.0    0 11.4 32 210   M    M   0        38 210
24  79  43  61   0   4   0 0.00  0.0    0 10.5 35 210   M    M   0        42 210
25  65  45  55  -7  10   0    T    M    0 20.2 36 210   M    M   5        43 220
26  70  42  56  -6   9   0 0.00  0.0    0  7.6 15 230   M    M   2        19 190
27  73  47  60  -2   5   0    T    M    0 15.8 31 210   M    M   2 3      40 220
================================================================================
SM 2032 1271       115  18  0.69     0.0 293.2          M       43
================================================================================
AV 75.3 47.1                              10.9 FASTST   M    M   2    MAX(MPH)
                                 MISC ---->  # 40 350               # 52  360
================================================================================
NOTES:
# LAST OF SEVERAL OCCURRENCES

COLUMN 17 PEAK WIND IN M.P.H.

PRELIMINARY LOCAL CLIMATOLOGICAL DATA (WS FORM: F-6) , PAGE 2

                                          STATION:  KINGMAN AZ
                                          MONTH:    APRIL
                                          YEAR:     2016
                                          LATITUDE:   35 16 N
                                          LONGITUDE: 113 57 W

[TEMPERATURE DATA]      [PRECIPITATION DATA]       SYMBOLS USED IN COLUMN 16

AVERAGE MONTHLY: 61.2   TOTAL FOR MONTH:   0.69    1 = FOG OR MIST
DPTR FM NORMAL:   2.9   DPTR FM NORMAL:    0.30    2 = FOG REDUCING VISIBILITY
HIGHEST:    87 ON 22,21 GRTST 24HR  0.49 ON  8- 9      TO 1/4 MILE OR LESS
LOWEST:     40 ON  1                               3 = THUNDER
                        SNOW, ICE PELLETS, HAIL    4 = ICE PELLETS
                        TOTAL MONTH:   0.0 INCH    5 = HAIL
                        GRTST 24HR     0.0         6 = FREEZING RAIN OR DRIZZLE
                        GRTST DEPTH:   0           7 = DUSTSTORM OR SANDSTORM:
                                                       VSBY 1/2 MILE OR LESS
                                                   8 = SMOKE OR HAZE
[NO. OF DAYS WITH]      [WEATHER - DAYS WITH]      9 = BLOWING SNOW
                                                   X = TORNADO
MAX 32 OR BELOW:   0    0.01 INCH OR MORE:   4
MAX 90 OR ABOVE:   0    0.10 INCH OR MORE:   2
MIN 32 OR BELOW:   0    0.50 INCH OR MORE:   0
MIN  0 OR BELOW:   0    1.00 INCH OR MORE:   0

[HDD (BASE 65) ]
TOTAL THIS MO.   115    CLEAR  (SCALE 0-3)  22
DPTR FM NORMAL   -88    PTCLDY (SCALE 4-7)   3
TOTAL FM JUL 1  2746    CLOUDY (SCALE 8-10)  2
DPTR FM NORMAL  -288

[CDD (BASE 65) ]
TOTAL THIS MO.    18
DPTR FM NORMAL    -5    [PRESSURE DATA]
TOTAL FM JAN 1    20    HIGHEST SLP M ON M
DPTR FM NORMAL    -6    LOWEST  SLP 29.45 ON 27

[REMARKS]
