000
CXUS54 KFWD 240730
CF6ILE
PRELIMINARY LOCAL CLIMATOLOGICAL DATA (WS FORM: F-6)

                                          STATION:   KILLEEN SKYLARK
                                          MONTH:     JULY
                                          YEAR:      2016
                                          LATITUDE:   31  4 N
                                          LONGITUDE:  97 41 W

  TEMPERATURE IN F:       :PCPN:    SNOW:  WIND      :SUNSHINE: SKY     :PK WND
================================================================================
1   2   3   4   5  6A  6B    7    8   9   10  11  12  13   14  15   16   17  18
                                     12Z  AVG MX 2MIN
DY MAX MIN AVG DEP HDD CDD  WTR  SNW DPTH SPD SPD DIR MIN PSBL S-S WX    SPD DR
================================================================================

 1  94  73  84   2   0  19 0.00  0.0    0  6.0 12 140   M    M   0        16 110
 2  96  75  86   4   0  21 0.00  0.0    0 11.6 18 160   M    M   0        24 160
 3  96  76  86   4   0  21 0.00  0.0    0 15.1 21 190   M    M   3        27 190
 4  95  80  88   6   0  23 0.00  0.0    0 13.7 18 160   M    M   4        24 160
 5  96  76  86   4   0  21 0.00  0.0    0 12.8 21 170   M    M   1        28 170
 6  96  77  87   5   0  22 0.00  0.0    0 15.8 22 180   M    M   2        30 190
 7  96  76  86   4   0  21 0.00  0.0    0 14.6 21 150   M    M   2        28 150
 8  96  75  86   4   0  21 0.00  0.0    0 12.8 16 170   M    M   3        24 140
 9  96  73  85   3   0  20 0.20  0.0    0 10.0 16 190   M    M   3 3      24 200
10  94  73  84   2   0  19 0.08  0.0    0 11.4 20 160   M    M   4 3      21 160
11  97  77  87   4   0  22 0.00  0.0    0 15.4 23 180   M    M   2        32 180
12  96  76  86   3   0  21 0.00  0.0    0 15.2 23 190   M    M   3        29 170
13  97  78  88   5   0  23 0.00  0.0    0 15.0 21 180   M    M   3        28 170
14  97  74  86   3   0  21 0.00  0.0    0 12.2 16 160   M    M   1        28 170
15  99  77  88   5   0  23 0.00  0.0    0 10.8 15 190   M    M   2        23 170
16  97  74  86   3   0  21 0.00  0.0    0  8.2 14 150   M    M   0        18 150
17  96  73  85   2   0  20 0.00  0.0    0 10.7 14 150   M    M   0        20 180
18  97  75  86   3   0  21 0.00  0.0    0  8.6 14 110   M    M   2        16 160
19  97  77  87   4   0  22 0.00  0.0    0  8.3 13 140   M    M   1        20 160
20  98  75  87   4   0  22 0.00  0.0    0  7.7 15 150   M    M   1 8      18 140
21  98  75  87   4   0  22 0.00  0.0    0  7.3 13 140   M    M   0        21 140
22  99  75  87   4   0  22 0.00  0.0    0  7.1 12 150   M    M   0        20 110
23  99  77  88   4   0  23 0.00  0.0    0  8.4 15 150   M    M   0        18 150
================================================================================
SM 2222 1737         0 491  0.28     0.0 258.7          M       37
================================================================================
AV 96.6 75.5                              11.2 FASTST   M    M   2    MAX(MPH)
                                 MISC ---->  # 23 180                 32    M
================================================================================
NOTES:
# LAST OF SEVERAL OCCURRENCES

COLUMN 17 PEAK WIND IN M.P.H.

PRELIMINARY LOCAL CLIMATOLOGICAL DATA (WS FORM: F-6) , PAGE 2

                                          STATION:  KILLEEN SKYLARK
                                          MONTH:    JULY
                                          YEAR:     2016
                                          LATITUDE:   31  4 N
                                          LONGITUDE:  97 41 W

[TEMPERATURE DATA]      [PRECIPITATION DATA]       SYMBOLS USED IN COLUMN 16

AVERAGE MONTHLY: 86.1   TOTAL FOR MONTH:   0.28    1 = FOG OR MIST
DPTR FM NORMAL:   3.5   DPTR FM NORMAL:   -1.20    2 = FOG REDUCING VISIBILITY
HIGHEST:    99 ON 23,22 GRTST 24HR  0.20 ON  9- 9      TO 1/4 MILE OR LESS
LOWEST:     73 ON 17,10                            3 = THUNDER
                        SNOW, ICE PELLETS, HAIL    4 = ICE PELLETS
                        TOTAL MONTH:   0.0 INCH    5 = HAIL
                        GRTST 24HR     0.0         6 = FREEZING RAIN OR DRIZZLE
                        GRTST DEPTH:   0           7 = DUSTSTORM OR SANDSTORM:
                                                       VSBY 1/2 MILE OR LESS
                                                   8 = SMOKE OR HAZE
[NO. OF DAYS WITH]      [WEATHER - DAYS WITH]      9 = BLOWING SNOW
                                                   X = TORNADO
MAX 32 OR BELOW:   0    0.01 INCH OR MORE:   2
MAX 90 OR ABOVE:  23    0.10 INCH OR MORE:   1
MIN 32 OR BELOW:   0    0.50 INCH OR MORE:   0
MIN  0 OR BELOW:   0    1.00 INCH OR MORE:   0

[HDD (BASE 65) ]
TOTAL THIS MO.     0    CLEAR  (SCALE 0-3)  20
DPTR FM NORMAL     0    PTCLDY (SCALE 4-7)   3
TOTAL FM JUL 1     0    CLOUDY (SCALE 8-10)  0
DPTR FM NORMAL     0

[CDD (BASE 65) ]
TOTAL THIS MO.   491
DPTR FM NORMAL    85    [PRESSURE DATA]
TOTAL FM JAN 1  1415    HIGHEST SLP M ON M
DPTR FM NORMAL   167    LOWEST  SLP M ON M

[REMARKS]
