000
CXUS53 KILX 200900
CF6ILX
PRELIMINARY LOCAL CLIMATOLOGICAL DATA (WS FORM: F-6)

                                          STATION:   LINCOLN IL
                                          MONTH:     APRIL
                                          YEAR:      2014
                                          LATITUDE:   40  9 N
                                          LONGITUDE:  89 20 W

  TEMPERATURE IN F:       :PCPN:    SNOW:  WIND      :SUNSHINE: SKY     :PK WND
================================================================================
1   2   3   4   5  6A  6B    7    8   9   10  11  12  13   14  15   16   17  18
                                     12Z  AVG MX 2MIN
DY MAX MIN AVG DEP HDD CDD  WTR  SNW DPTH SPD SPD DIR MIN PSBL S-S WX    SPD DR
================================================================================

 1  55  32  44  -3  21   0 0.02  0.0    0   M   M   M   M    M   M         M  M
 2  51  41  46  -1  19   0 0.26  0.0    0   M   M   M   M    M   M 3       M  M
 3  59  44  52   4  13   0 1.33  0.0    0   M   M   M   M    M   M 13      M  M
 4  59  37  48   0  17   0    T  0.0    0   M   M   M   M    M   M 1       M  M
 5  53  31  42  -6  23   0 0.00  0.0    0   M   M   M   M    M   M         M  M
 6  58  28  43  -6  22   0 0.00  0.0    0   M   M   M   M    M   M         M  M
 7  54  38  46  -3  19   0 0.02  0.0    0   M   M   M   M    M   M 1       M  M
 8  62  40  51   1  14   0 0.00  0.0    0   M   M   M   M    M   M         M  M
 9  64  38  51   1  14   0 0.00  0.0    0   M   M   M   M    M   M         M  M
10  72  46  59   9   6   0    T  0.0    0   M   M   M   M    M   M         M  M
11  72  36  54   3  11   0 0.00  0.0    0   M   M   M   M    M   M         M  M
12  80  45  63  12   2   0 0.00  0.0    0   M   M   M   M    M   M         M  M
13  71  60  66  15   0   1 0.29  0.0    0   M   M   M   M    M   M         M  M
14  61  31  46  -6  19   0 0.10    T    0   M   M   M   M    M   M 1       M  M
15  43  27  35 -17  30   0 0.00  0.0    0   M   M   M   M    M   M         M  M
16  55  29  42 -11  23   0 0.00  0.0    0   M   M   M   M    M   M         M  M
17  60  37  49  -4  16   0 0.00  0.0    0   M   M   M   M    M   M         M  M
18  68  39  54   1  11   0 0.00  0.0    0   M   M   M   M    M   M         M  M
19  74  35  55   1  10   0 0.00  0.0    0   M   M   M   M    M   M         M  M
================================================================================
SM 1171  714       290   1  2.02    T        M          M        M
================================================================================
AV 61.6 37.6                                 M FASTST   M    M   4    MAX(MPH)
                                 MISC ---->     M   M                  M    M
================================================================================
NOTES:
# LAST OF SEVERAL OCCURRENCES

COLUMN 17 PEAK WIND IN M.P.H.

PRELIMINARY LOCAL CLIMATOLOGICAL DATA (WS FORM: F-6) , PAGE 2

                                          STATION:  LINCOLN IL
                                          MONTH:    APRIL
                                          YEAR:     2014
                                          LATITUDE:   40  9 N
                                          LONGITUDE:  89 20 W

[TEMPERATURE DATA]      [PRECIPITATION DATA]       SYMBOLS USED IN COLUMN 16

AVERAGE MONTHLY: 49.6   TOTAL FOR MONTH:   2.02    1 = FOG OR MIST
DPTR FM NORMAL:  -0.7   DPTR FM NORMAL:   -0.15    2 = FOG REDUCING VISIBILITY
HIGHEST:    80 ON 12    GRTST 24HR  1.33 ON  3- 3      TO 1/4 MILE OR LESS
LOWEST:     27 ON 15                               3 = THUNDER
                        SNOW, ICE PELLETS, HAIL    4 = ICE PELLETS
                        TOTAL MONTH:    T          5 = HAIL
                        GRTST 24HR    T  ON 14-14  6 = FREEZING RAIN OR DRIZZLE
                        GRTST DEPTH:   0           7 = DUSTSTORM OR SANDSTORM:
                                                       VSBY 1/2 MILE OR LESS
                                                   8 = SMOKE OR HAZE
[NO. OF DAYS WITH]      [WEATHER - DAYS WITH]      9 = BLOWING SNOW
                                                   X = TORNADO
MAX 32 OR BELOW:   0    0.01 INCH OR MORE:   6
MAX 90 OR ABOVE:   0    0.10 INCH OR MORE:   4
MIN 32 OR BELOW:   6    0.50 INCH OR MORE:   1
MIN  0 OR BELOW:   0    1.00 INCH OR MORE:   1

[HDD (BASE 65) ]
TOTAL THIS MO.   290    CLEAR  (SCALE 0-3)   0
DPTR FM NORMAL     5    PTCLDY (SCALE 4-7)   0
TOTAL FM JUL 1  6466    CLOUDY (SCALE 8-10)  0
DPTR FM NORMAL  1017

[CDD (BASE 65) ]
TOTAL THIS MO.     1
DPTR FM NORMAL    -1    [PRESSURE DATA]
TOTAL FM JAN 1     1    HIGHEST SLP M ON M
DPTR FM NORMAL    -3    LOWEST  SLP M ON M

[REMARKS]
