000
CXUS55 KLBF 291200
CF6IML
PRELIMINARY LOCAL CLIMATOLOGICAL DATA (WS FORM: F-6)

                                          STATION:   IMPERIAL NE
                                          MONTH:     JUNE
                                          YEAR:      2015
                                          LATITUDE:   40 31 N
                                          LONGITUDE: 101 37 W

  TEMPERATURE IN F:       :PCPN:    SNOW:  WIND      :SUNSHINE: SKY     :PK WND
================================================================================
1   2   3   4   5  6A  6B    7    8   9   10  11  12  13   14  15   16   17  18
                                     12Z  AVG MX 2MIN
DY MAX MIN AVG DEP HDD CDD  WTR  SNW DPTH SPD SPD DIR MIN PSBL S-S WX    SPD DR
================================================================================

 1  82  53  68   2   0   3 0.86    M    M 13.2 38  10   M    M   2 138    51  10
 2  85  57  71   5   0   6 0.01    M    M  9.5 20 320   M    M   1 3      25 320
 3  79  59  69   3   0   4 0.00    M    M  9.4 28  70   M    M   3        37  80
 4  80  63  72   6   0   7    T    M    M 10.1 24 120   M    M   8 13     30 110
 5  79  60  70   3   0   5 0.11    M    M 12.1 33 160   M    M   7 13     43 140
 6  82  59  71   4   0   6 0.00    M    M  6.5 14 230   M    M   3 1      19 220
 7  80  60  70   3   0   5 0.00    M    M  9.6 28 330   M    M   2        36 310
 8  85  56  71   3   0   6 0.00    M    M  7.2 17 320   M    M   1        21 330
 9  94  57  76   8   0  11 0.00    M    M  4.9 13 280   M    M   0        17 280
10  86  64  75   7   0  10 0.39    M    M 10.0 23 280   M    M   1 13     31 310
11  74  59  67  -2   0   2 0.00    M    M 12.9 21  30   M    M   9 12     26  30
12  65  56  61  -8   4   0 0.05    M    M  5.0  9  60   M    M   7        12  50
13  81  53  67  -2   0   2 0.00    M    M  9.5 17 160   M    M   3        24 160
14  81  60  71   1   0   6 0.77    M    0  8.1 30  70   M    M   1 13     40  50
15  78  59  69  -1   0   4 0.00    M    M  9.1 20  50   M    M   4        24  50
16  83  60  72   2   0   7 0.05    M    M 15.5 38  60   M    M   6 3      44  50
17  82  57  70   0   0   5 0.00    M    M  8.0 16 120   M    M   2        23 120
18  79  60  70  -1   0   5 0.00    M    M 10.8 29  40   M    M   1        40  20
19  93  61  77   6   0  12 0.00    M    M 12.6 22 170   M    M   4 1      28 160
20  87  64  76   5   0  11 0.00    M    M 12.0 24 350   M    M   0        31 350
21  90  62  76   4   0  11 0.00    M    M 10.3 22 130   M    M   2        26 130
22  84  57  71  -1   0   6 0.00    M    M 13.2 31 360   M    M   0        41 360
23  84  56  70  -2   0   5 0.00    M    M 12.5 24  90   M    M   4        29  90
24  89  57  73   0   0   8 0.00    M    M  6.5 18  30   M    M   1        23  10
25  87  57  72  -1   0   7 0.63    M    M  8.6 38 330   M    M   2 13     56 340
26  81  60  71  -2   0   6 0.00    M    M  8.5 17 360   M    M   3        25  20
27  88  56  72  -2   0   7 0.00    M    M  4.1 12 150   M    M   1        16 140
28  94  60  77   3   0  12 0.00    M    M  6.1 15  10   M    M   0        20  10
================================================================================
SM 2332 1642         4 179  2.87    M    265.8          M       78
================================================================================
AV 83.3 58.6                               9.5 FASTST   M    M   3    MAX(MPH)
                                 MISC ---->  # 38  10               # 56  340
================================================================================
NOTES:
# LAST OF SEVERAL OCCURRENCES

COLUMN 17 PEAK WIND IN M.P.H.

PRELIMINARY LOCAL CLIMATOLOGICAL DATA (WS FORM: F-6) , PAGE 2

                                          STATION:  IMPERIAL NE
                                          MONTH:    JUNE
                                          YEAR:     2015
                                          LATITUDE:   40 31 N
                                          LONGITUDE: 101 37 W

[TEMPERATURE DATA]      [PRECIPITATION DATA]       SYMBOLS USED IN COLUMN 16

AVERAGE MONTHLY: 71.0   TOTAL FOR MONTH:   2.87    1 = FOG OR MIST
DPTR FM NORMAL:   1.2   DPTR FM NORMAL:   -0.13    2 = FOG REDUCING VISIBILITY
HIGHEST:    94 ON 28, 9 GRTST 24HR  0.87 ON  1- 2      TO 1/4 MILE OR LESS
LOWEST:     53 ON 13, 1                            3 = THUNDER
                        SNOW, ICE PELLETS, HAIL    4 = ICE PELLETS
                        TOTAL MONTH:    M          5 = HAIL
                        GRTST 24HR    M  ON   M    6 = FREEZING RAIN OR DRIZZLE
                        GRTST DEPTH:   0           7 = DUSTSTORM OR SANDSTORM:
                                                       VSBY 1/2 MILE OR LESS
                                                   8 = SMOKE OR HAZE
[NO. OF DAYS WITH]      [WEATHER - DAYS WITH]      9 = BLOWING SNOW
                                                   X = TORNADO
MAX 32 OR BELOW:   0    0.01 INCH OR MORE:   8
MAX 90 OR ABOVE:   4    0.10 INCH OR MORE:   5
MIN 32 OR BELOW:   0    0.50 INCH OR MORE:   3
MIN  0 OR BELOW:   0    1.00 INCH OR MORE:   0

[HDD (BASE 65) ]
TOTAL THIS MO.     4    CLEAR  (SCALE 0-3)  19
DPTR FM NORMAL   -30    PTCLDY (SCALE 4-7)   8
TOTAL FM JUL 1  5754    CLOUDY (SCALE 8-10)  1
DPTR FM NORMAL  -347

[CDD (BASE 65) ]
TOTAL THIS MO.   179
DPTR FM NORMAL    13    [PRESSURE DATA]
TOTAL FM JAN 1   183    HIGHEST SLP M ON M
DPTR FM NORMAL   -27    LOWEST  SLP 29.54 ON 22

[REMARKS]
