000
CXUS55 KLBF 300945
CF6IML
PRELIMINARY LOCAL CLIMATOLOGICAL DATA (WS FORM: F-6)

                                          STATION:   IMPERIAL NE
                                          MONTH:     JULY
                                          YEAR:      2015
                                          LATITUDE:   40 31 N
                                          LONGITUDE: 101 37 W

  TEMPERATURE IN F:       :PCPN:    SNOW:  WIND      :SUNSHINE: SKY     :PK WND
================================================================================
1   2   3   4   5  6A  6B    7    8   9   10  11  12  13   14  15   16   17  18
                                     12Z  AVG MX 2MIN
DY MAX MIN AVG DEP HDD CDD  WTR  SNW DPTH SPD SPD DIR MIN PSBL S-S WX    SPD DR
================================================================================

 1  97  70  84  10   0  19    T    M    M 10.6 24  10   M    M   1        31  10
 2  88  61  75   0   0  10 0.04    M    M 10.0 39 350   M    M   2        49 350
 3  88  61  75   0   0  10 0.00    M    M  5.7 13 140   M    M   2        16 140
 4  97  63  80   5   0  15 0.00    M    M 12.9 21 150   M    M   1        28 150
 5 102  68  85  10   0  20    T    M    M 11.5 28 340   M    M   1 3      36 340
 6  76  61  69  -7   0   4 0.03    M    M 13.1 25 360   M    M   9 8      31  10
 7  78  54  66 -10   0   1 0.00    M    M  9.3 17 130   M    M   6        23 120
 8  68  58  63 -13   2   0 0.01    M    M  8.4 21  30   M    M   9        25  40
 9  80  58  69  -7   0   4 0.01    M    M  8.7 16 160   M    M   6        22 170
10  92  63  78   2   0  13 0.00    M    M  8.6 15 170   M    M   1        20 140
11  94  59  77   1   0  12 0.00    M    M  5.3 15 290   M    M   2 123    22 140
12 100  65  83   7   0  18 0.00    M    M  6.1 17 300   M    M   0 8      22 300
13 100  66  83   6   0  18 0.00    M    M  6.9 16 290   M    M   0        20 290
14  98  65  82   5   0  17 0.52    M    M  7.1 23 240   M    M   2 3      33 240
15  86  65  76  -1   0  11    T    M    M  5.7 15 220   M    M   4 3      20 220
16  94  62  78   1   0  13 0.00    M    M  8.6 17 310   M    M   0 3      22 310
17 101  59  80   3   0  15 0.00    M    M 10.1 24 350   M    M   0        31 360
18  92  59  76  -1   0  11 0.01    M    M  8.8 32 340   M    M   2 3      42 340
19  87  62  75  -2   0  10 0.00    M    M  6.9 15 340   M    M   2 3      18 330
20  88  62  75  -2   0  10 0.00    M    M  8.4 13 330   M    M   0         M  M
21  87  59  73  -4   0   8 0.00    M    M 11.1 21 150   M    M   1        26 150
22  92  65  79   2   0  14 0.00    M    M  9.5 20 140   M    M   4        25 140
23  97  59  78   1   0  13    T    M    M  8.6 26  40   M    M   0 3      35  40
24  92  63  78   1   0  13    T    M    M  9.0 31 180   M    M   0 38     39 180
25  94  65  80   3   0  15 0.00    M    M  7.3 24 130   M    M   0 3      29 140
26  98  63  81   4   0  16 0.20    M    M  8.8 32 270   M    M   4 123    43 260
27  94  61  78   1   0  13 0.00    M    M 12.6 25 170   M    M   0        33 170
28  86  59  73  -4   0   8 0.01    M    M 12.0 24 340   M    M   0 8      31 340
29  85  53  69  -8   0   4 0.00    M    M  8.2 18 170   M    M   1        25 150
================================================================================
SM 2631 1788         2 335  0.83    M    259.8          M       60
================================================================================
AV 90.7 61.7                               9.0 FASTST   M    M   2    MAX(MPH)
                                 MISC ---->  # 39 350               # 49  350
================================================================================
NOTES:
# LAST OF SEVERAL OCCURRENCES

COLUMN 17 PEAK WIND IN M.P.H.

PRELIMINARY LOCAL CLIMATOLOGICAL DATA (WS FORM: F-6) , PAGE 2

                                          STATION:  IMPERIAL NE
                                          MONTH:    JULY
                                          YEAR:     2015
                                          LATITUDE:   40 31 N
                                          LONGITUDE: 101 37 W

[TEMPERATURE DATA]      [PRECIPITATION DATA]       SYMBOLS USED IN COLUMN 16

AVERAGE MONTHLY: 76.2   TOTAL FOR MONTH:   0.83    1 = FOG OR MIST
DPTR FM NORMAL:  -0.2   DPTR FM NORMAL:   -1.87    2 = FOG REDUCING VISIBILITY
HIGHEST:   102 ON  5    GRTST 24HR  0.52 ON 14-14      TO 1/4 MILE OR LESS
LOWEST:     53 ON 29                               3 = THUNDER
                        SNOW, ICE PELLETS, HAIL    4 = ICE PELLETS
                        TOTAL MONTH:    M          5 = HAIL
                        GRTST 24HR    M  ON   M    6 = FREEZING RAIN OR DRIZZLE
                        GRTST DEPTH:  M  ON   M    7 = DUSTSTORM OR SANDSTORM:
                                                       VSBY 1/2 MILE OR LESS
                                                   8 = SMOKE OR HAZE
[NO. OF DAYS WITH]      [WEATHER - DAYS WITH]      9 = BLOWING SNOW
                                                   X = TORNADO
MAX 32 OR BELOW:   0    0.01 INCH OR MORE:   8
MAX 90 OR ABOVE:  17    0.10 INCH OR MORE:   2
MIN 32 OR BELOW:   0    0.50 INCH OR MORE:   1
MIN  0 OR BELOW:   0    1.00 INCH OR MORE:   0

[HDD (BASE 65) ]
TOTAL THIS MO.     2    CLEAR  (SCALE 0-3)  22
DPTR FM NORMAL     2    PTCLDY (SCALE 4-7)   5
TOTAL FM JUL 1     2    CLOUDY (SCALE 8-10)  2
DPTR FM NORMAL     2

[CDD (BASE 65) ]
TOTAL THIS MO.   335
DPTR FM NORMAL     3    [PRESSURE DATA]
TOTAL FM JAN 1   545    HIGHEST SLP M ON M
DPTR FM NORMAL   -15    LOWEST  SLP 29.59 ON M

[REMARKS]
