000
CXUS54 KMAF 011100
CF6INK
PRELIMINARY LOCAL CLIMATOLOGICAL DATA (WS FORM: F-6)

                                          STATION:   Wink
                                          MONTH:     APRIL
                                          YEAR:      2016
                                          LATITUDE:   31 46 N
                                          LONGITUDE: 103 12 W

  TEMPERATURE IN F:       :PCPN:    SNOW:  WIND      :SUNSHINE: SKY     :PK WND
================================================================================
1   2   3   4   5  6A  6B    7    8   9   10  11  12  13   14  15   16   17  18
                                     12Z  AVG MX 2MIN
DY MAX MIN AVG DEP HDD CDD  WTR  SNW DPTH SPD SPD DIR MIN PSBL S-S WX    SPD DR
================================================================================

 1  65  39  52  -9  13   0 0.70    M    0 11.2 23  70   M    M   8        27  90
 2  65  35  50 -11  15   0 0.00  0.0    0  4.6 10 140   M    M   0        16  90
 3  79  39  59  -3   6   0 0.00  0.0    0  5.9 16 230   M    M   0        21 200
 4  85  40  63   1   2   0 0.00  0.0    0  6.1 15 160   M    M   0        19 160
 5  91  56  74  12   0   9 0.00  0.0    0 14.5 28 150   M    M   0        35 140
 6  76  51  64   2   1   0 0.00  0.0    0  9.2 33  20   M    M   1        43  20
 7  90  42  66   3   0   1 0.00  0.0    0  9.1 25  70   M    M   0        31  80
 8  79  60  70   7   0   5    T  0.0    0 15.6 25  80   M    M   5        33  90
 9  82  54  68   5   0   3 0.20  0.0    0  7.3 22 150   M    M   2        27 150
10  88  60  74  10   0   9 0.00  0.0    0 12.5 28 230   M    M   0        36 220
11  81  51  66   2   0   1 0.00  0.0    0 13.9 29  40   M    M   0        37  40
12  55  50  53 -11  12   0 0.08  0.0    0  6.5 17  40   M    M   9        21  40
13   M  48   M   M   M   M 0.00  0.0    0  3.3  8 120   M    M   3        11 340
14 107  54  81  16   0  16 0.00  0.0    0 11.7 20 140   M    M   0        31 140
15   M   M   M   M   M   M 0.00  0.0    0 19.8 28 120   M    M   0        37 140
16   M   M   M   M   M   M 0.00  0.0    0 12.8 20 290   M    M   0        31 290
17   M   M   M   M   M   M 0.00  0.0    0  8.7 14 360   M    M   2        22 340
18   M   M   M   M   M   M 0.00  0.0    0 11.4 18  30   M    M   6        23  20
19   M   M   M   M   M   M 0.00  0.0    0  8.6 21 140   M    M   6         M  M
20   M   M   M   M   M   M 0.00  0.0    0  7.1 17 160   M    M   2         M  M
21   M   M   M   M   M   M 0.00  0.0    0  9.9 16  50   M    M   3         M  M
22  84  50  67   0   0   2    T  0.0    0  9.9 21 120   M    M   0        29 150
23  88  58  73   5   0   8 0.00  0.0    0 11.9 26 130   M    M   1        34 120
24  92  54  73   5   0   8 0.00  0.0    0 13.1 29 260   M    M   0        38 260
25  94  48  71   3   0   6 0.00  0.0    0 11.6 25 240   M    M   0        35 260
26  90  53  72   3   0   7 0.00  0.0    0 14.8 39 260   M    M   1        50 270
27  86  43  65  -4   0   0 0.00  0.0    0  9.1 25 260   M    M   0        31 270
28  92  50  71   2   0   6 0.00  0.0    0  9.3 24 120   M    M   0        31 130
29  84  55  70   0   0   5 0.00  0.0    0 16.2 36 260   M    M   0        47 250
30  84  47  66  -4   0   1 0.00  0.0    0  8.3 22 110   M    M   0        28 120
================================================================================
SM 1837 1137        49  87  0.98     0.0 313.9          M       49
================================================================================
AV 83.5 49.4                              10.5 FASTST   M    M   2    MAX(MPH)
                                 MISC ---->  # 39 260               # 50  270
================================================================================
NOTES:
# LAST OF SEVERAL OCCURRENCES

COLUMN 17 PEAK WIND IN M.P.H.

PRELIMINARY LOCAL CLIMATOLOGICAL DATA (WS FORM: F-6) , PAGE 2

                                          STATION:  Wink
                                          MONTH:    APRIL
                                          YEAR:     2016
                                          LATITUDE:   31 46 N
                                          LONGITUDE: 103 12 W

[TEMPERATURE DATA]      [PRECIPITATION DATA]       SYMBOLS USED IN COLUMN 16

AVERAGE MONTHLY: 66.5   TOTAL FOR MONTH:   0.98    1 = FOG OR MIST
DPTR FM NORMAL:   1.1   DPTR FM NORMAL:    0.39    2 = FOG REDUCING VISIBILITY
HIGHEST:   107 ON 14    GRTST 24HR  0.70 ON  1- 1      TO 1/4 MILE OR LESS
LOWEST:     35 ON  2                               3 = THUNDER
                        SNOW, ICE PELLETS, HAIL    4 = ICE PELLETS
                        TOTAL MONTH:   0.0 INCH    5 = HAIL
                        GRTST 24HR     0.0         6 = FREEZING RAIN OR DRIZZLE
                        GRTST DEPTH:   0           7 = DUSTSTORM OR SANDSTORM:
                                                       VSBY 1/2 MILE OR LESS
                                                   8 = SMOKE OR HAZE
[NO. OF DAYS WITH]      [WEATHER - DAYS WITH]      9 = BLOWING SNOW
                                                   X = TORNADO
MAX 32 OR BELOW:   0    0.01 INCH OR MORE:   3
MAX 90 OR ABOVE:   7    0.10 INCH OR MORE:   2
MIN 32 OR BELOW:   0    0.50 INCH OR MORE:   1
MIN  0 OR BELOW:   0    1.00 INCH OR MORE:   0

[HDD (BASE 65) ]
TOTAL THIS MO.    49    CLEAR  (SCALE 0-3)  25
DPTR FM NORMAL   -44    PTCLDY (SCALE 4-7)   4
TOTAL FM JUL 1  1958    CLOUDY (SCALE 8-10)  1
DPTR FM NORMAL  -547

[CDD (BASE 65) ]
TOTAL THIS MO.    87
DPTR FM NORMAL   -17    [PRESSURE DATA]
TOTAL FM JAN 1   114    HIGHEST SLP 30.36 ON  2
DPTR FM NORMAL   -10    LOWEST  SLP 29.47 ON 29

[REMARKS]
#FINAL-04-16#
