000
CXUS55 KDVN 301100
CF6IOW
PRELIMINARY LOCAL CLIMATOLOGICAL DATA (WS FORM: F-6)

                                          STATION:   IOWA CITY IA
                                          MONTH:     SEPTEMBER
                                          YEAR:      2016
                                          LATITUDE:   41 37 N
                                          LONGITUDE:  91 33 W

  TEMPERATURE IN F:       :PCPN:    SNOW:  WIND      :SUNSHINE: SKY     :PK WND
================================================================================
1   2   3   4   5  6A  6B    7    8   9   10  11  12  13   14  15   16   17  18
                                     12Z  AVG MX 2MIN
DY MAX MIN AVG DEP HDD CDD  WTR  SNW DPTH SPD SPD DIR MIN PSBL S-S WX    SPD DR
================================================================================

 1  78  58  68  -2   0   3 0.00    M    M  5.9 15  60   M    M   1        20  60
 2  78  56  67  -2   0   2 0.00    M    M  4.6 12  70   M    M   2        14 100
 3  77  56  67  -2   0   2 0.00    M    M  5.0 13 130   M    M   2        16 110
 4  79  58  69   0   0   4 0.00    M    M  6.6 15 170   M    M   1        19 130
 5  89  62  76   8   0  11 0.00    M    M  8.3 20 180   M    M   0        25 170
 6  92  72  82  14   0  17 0.00    M    M  9.6 21 190   M    M   1        26 200
 7  87  74  81  13   0  16 1.27    M    M  6.7 22 240   M    M   8 13     30 230
 8  86  69  78  11   0  13 0.03    M    M  4.3 14  30   M    M   4 3      17  30
 9  83  66  75   8   0  10 0.07    M    M  7.7 31 310   M    M   6 13     41 300
10  74  55  65  -2   0   0 0.11    M    M 10.1 23 320   M    M   2 1      30 320
11  78  51  65  -1   0   0 0.00    M    M  5.1 16 190   M    M   0        21 200
12  83  54  69   3   0   4 0.00    M    M  7.4 21 160   M    M   1        26 150
13  78  64  71   6   0   6    T    M    M  6.5 14 360   M    M   4        18 350
14  77  61  69   4   0   4 0.01    M    M  5.1 13  20   M    M   4        17  20
15  83  61  72   7   0   7 0.00    M    M  7.0 17 300   M    M   3        21 130
16  80  63  72   8   0   7    T    M    M  6.0 17 320   M    M   4        22 320
17  80  58  69   5   0   4 0.00    M    M  6.3 22 270   M    M   1        29 260
18  86  52  69   6   0   4 0.00    M    M  5.3 17 190   M    M   2 12     21 190
19  91  58  75  12   0  10 0.00    M    M  7.4 18 210   M    M   1        26 180
20  88  62  75  13   0  10 0.00    M    M  6.4 15 120   M    M   1        20 120
21  83  67  75  13   0  10    T    M    M  8.0 24  50   M    M   3 1      30  50
22  83  68  76  14   0  11 0.69    M    M  4.6 24 180   M    M   1 138    31 200
23  81  69  75  14   0  10 0.65    M    M  7.0 16  60   M    M   6 13     19  60
24  84  66  75  14   0  10 0.00    M    M  7.5 15 130   M    M   3 18     20 140
25  81  59  70  10   0   5    T    M    M 10.0 22 260   M    M   3 1      28 270
26  72  49  61   1   4   0 0.00    M    M 10.8 25 300   M    M   0        34 300
27  73  46  60   1   5   0 0.00    M    M  9.9 24 290   M    M   0        32 280
28  65  52  59   0   6   0    T    M    M 10.4 21 350   M    M   7        25 360
29  76  53  65   7   0   0 0.00    M    M 10.8 21  20   M    M   1        26  20
================================================================================
SM 2345 1739        15 180  2.83    M    210.3          M       72
================================================================================
AV 80.9 60.0                               7.3 FASTST   M    M   2    MAX(MPH)
                                 MISC ---->  # 31 310               # 41  300
================================================================================
NOTES:
# LAST OF SEVERAL OCCURRENCES

COLUMN 17 PEAK WIND IN M.P.H.

PRELIMINARY LOCAL CLIMATOLOGICAL DATA (WS FORM: F-6) , PAGE 2

                                          STATION:  IOWA CITY IA
                                          MONTH:    SEPTEMBER
                                          YEAR:     2016
                                          LATITUDE:   41 37 N
                                          LONGITUDE:  91 33 W

[TEMPERATURE DATA]      [PRECIPITATION DATA]       SYMBOLS USED IN COLUMN 16

AVERAGE MONTHLY: 70.4   TOTAL FOR MONTH:   2.83    1 = FOG OR MIST
DPTR FM NORMAL:   6.0   DPTR FM NORMAL:   -0.47    2 = FOG REDUCING VISIBILITY
HIGHEST:    92 ON  6    GRTST 24HR  1.34 ON 22-23      TO 1/4 MILE OR LESS
LOWEST:     46 ON 27                               3 = THUNDER
                        SNOW, ICE PELLETS, HAIL    4 = ICE PELLETS
                        TOTAL MONTH:    M          5 = HAIL
                        GRTST 24HR    M  ON   M    6 = FREEZING RAIN OR DRIZZLE
                        GRTST DEPTH:  M  ON   M    7 = DUSTSTORM OR SANDSTORM:
                                                       VSBY 1/2 MILE OR LESS
                                                   8 = SMOKE OR HAZE
[NO. OF DAYS WITH]      [WEATHER - DAYS WITH]      9 = BLOWING SNOW
                                                   X = TORNADO
MAX 32 OR BELOW:   0    0.01 INCH OR MORE:   7
MAX 90 OR ABOVE:   2    0.10 INCH OR MORE:   4
MIN 32 OR BELOW:   0    0.50 INCH OR MORE:   3
MIN  0 OR BELOW:   0    1.00 INCH OR MORE:   1

[HDD (BASE 65) ]
TOTAL THIS MO.    15    CLEAR  (SCALE 0-3)  19
DPTR FM NORMAL   -82    PTCLDY (SCALE 4-7)  10
TOTAL FM JUL 1    17    CLOUDY (SCALE 8-10)  0
DPTR FM NORMAL   -88

[CDD (BASE 65) ]
TOTAL THIS MO.   180
DPTR FM NORMAL   103    [PRESSURE DATA]
TOTAL FM JAN 1  1156    HIGHEST SLP M ON M
DPTR FM NORMAL   257    LOWEST  SLP 29.76 ON 27

[REMARKS]
