000
CXUS53 KBIS 261446
CF6ISN
PRELIMINARY LOCAL CLIMATOLOGICAL DATA (WS FORM: F-6)

                                          STATION:   WILLISTON ND
                                          MONTH:     MARCH
                                          YEAR:      2015
                                          LATITUDE:   48 10 N
                                          LONGITUDE: 103 38 W

  TEMPERATURE IN F:       :PCPN:    SNOW:  WIND      :SUNSHINE: SKY     :PK WND
================================================================================
1   2   3   4   5  6A  6B    7    8   9   10  11  12  13   14  15   16   17  18
                                     12Z  AVG MX 2MIN
DY MAX MIN AVG DEP HDD CDD  WTR  SNW DPTH SPD SPD DIR MIN PSBL S-S WX    SPD DR
================================================================================

 1  26   2  14  -8  51   0    T    M    M  6.5 18 310   M    M   5 1      22 310
 2  40   2  21  -2  44   0    T    M    M 13.2 31 330   M    M   2        39 330
 3  15  -2   7 -16  58   0 0.01    M    M 16.5 29 310   M    M   6 8      37 320
 4   7 -10  -1 -25  66   0 0.00    M    M  9.1 15 330   M    M   0        22 320
 5  42   0  21  -3  44   0 0.00    M    M  8.4 14 260   0    0   0         M  M
 6  49  14  32   8  33   0    T    M    M 10.0 36 280   M    M   5        46 290
 7  43  24  34   9  31   0 0.00    M    M  8.2 18 260   M    M   4        23 260
 8  54  22  38  13  27   0 0.00    M    M  6.7 18 320   M    M   2        24 300
 9  60  24  42  16  23   0 0.00    M    M  7.8 22 260   M    M   0        27 250
10  56  30  43  17  22   0 0.00    M    M  5.9 16 300   M    M   1        22 290
11  63  27  45  18  20   0 0.00    M    M  4.6 13 140   M    M   0        17 160
12  64  32  48  21  17   0 0.00    M    M  7.2 23 290   M    M   1        29 290
13  66  25  46  18  19   0 0.00    M    M  4.9 15 270   M    M   2 12     19 270
14  66  27  47  19  18   0 0.00    M    M  6.7 20 180   M    M   0        26 180
15  63  44  54  25  11   0    T    M    M 10.2 20 350   M    M   2        23 350
16  44  24  34   5  31   0 0.07    M    M 13.8 28  30   M    M   5 1      34  30
17  46  15  31   1  34   0 0.00    M    M  3.7 10 140   M    M   0 1      14 130
18  36  32  34   4  31   0 0.13    M    M  7.4 15 130   M    M   9 1      18 130
19  56  32  44  13  21   0 0.01    M    M  8.5 23 260   M    M   7 16     28 270
20  45  31  38   7  27   0    T    M    M  7.2 16 360   M    M   9        19  10
21  43  30  37   5  28   0 0.00    M    M 12.1 21 110   M    M   7 8      28 110
22  60  27  44  12  21   0 0.01    M    M 11.8 21 280   M    M   2        27 250
23  46  20  33   0  32   0 0.00    M    M  8.0 17 110   M    M   3 1      21 110
24  35  28  32  -1  33   0 0.12    M    M 16.8 30 320   M    M   9 1      35 310
25  41  24  33  -1  32   0 0.00    M    M  9.8 22 330   M    M   7        30 320
================================================================================
SM 1166  524       774   0  0.35    M    225.0            0     88
================================================================================
AV 46.6 21.0                               9.0 FASTST    0   0   4    MAX(MPH)
                                 MISC ---->  # 36 280               # 46  290
================================================================================
NOTES:
# LAST OF SEVERAL OCCURRENCES

COLUMN 17 PEAK WIND IN M.P.H.

PRELIMINARY LOCAL CLIMATOLOGICAL DATA (WS FORM: F-6) , PAGE 2

                                          STATION:  WILLISTON ND
                                          MONTH:    MARCH
                                          YEAR:     2015
                                          LATITUDE:   48 10 N
                                          LONGITUDE: 103 38 W

[TEMPERATURE DATA]      [PRECIPITATION DATA]       SYMBOLS USED IN COLUMN 16

AVERAGE MONTHLY: 33.8   TOTAL FOR MONTH:   0.35    1 = FOG OR MIST
DPTR FM NORMAL:   6.0   DPTR FM NORMAL:   -0.21    2 = FOG REDUCING VISIBILITY
HIGHEST:    66 ON 14,13 GRTST 24HR  0.13 ON 18-18      TO 1/4 MILE OR LESS
LOWEST:    -10 ON  4                               3 = THUNDER
                        SNOW, ICE PELLETS, HAIL    4 = ICE PELLETS
                        TOTAL MONTH:    M          5 = HAIL
                        GRTST 24HR    M  ON   M    6 = FREEZING RAIN OR DRIZZLE
                        GRTST DEPTH:  M  ON   M    7 = DUSTSTORM OR SANDSTORM:
                                                       VSBY 1/2 MILE OR LESS
                                                   8 = SMOKE OR HAZE
[NO. OF DAYS WITH]      [WEATHER - DAYS WITH]      9 = BLOWING SNOW
                                                   X = TORNADO
MAX 32 OR BELOW:   3    0.01 INCH OR MORE:   6
MAX 90 OR ABOVE:   0    0.10 INCH OR MORE:   2
MIN 32 OR BELOW:  24    0.50 INCH OR MORE:   0
MIN  0 OR BELOW:   3    1.00 INCH OR MORE:   0

[HDD (BASE 65) ]
TOTAL THIS MO.   774    CLEAR  (SCALE 0-3)  14
DPTR FM NORMAL  -155    PTCLDY (SCALE 4-7)   8
TOTAL FM JUL 1  7290    CLOUDY (SCALE 8-10)  3
DPTR FM NORMAL  -407

[CDD (BASE 65) ]
TOTAL THIS MO.     0
DPTR FM NORMAL     0    [PRESSURE DATA]
TOTAL FM JAN 1     0    HIGHEST SLP  0.00 ON  5
DPTR FM NORMAL     0    LOWEST  SLP  0.00 ON  5

[REMARKS]
