000
CXUS51 KOKX 010703
CF6ISP
PRELIMINARY LOCAL CLIMATOLOGICAL DATA (WS FORM: F-6)

                                          STATION:   ISLIP NY
                                          MONTH:     AUGUST
                                          YEAR:      2015
                                          LATITUDE:   40 47 N
                                          LONGITUDE:  73  6 W

  TEMPERATURE IN F:       :PCPN:    SNOW:  WIND      :SUNSHINE: SKY     :PK WND
================================================================================
1   2   3   4   5  6A  6B    7    8   9   10  11  12  13   14  15   16   17  18
                                     12Z  AVG MX 2MIN
DY MAX MIN AVG DEP HDD CDD  WTR  SNW DPTH SPD SPD DIR MIN PSBL S-S WX    SPD DR
================================================================================

 1  90  70  80   6   0  15 0.00  0.0    0  9.0 23 220   M    M   4        30 220
 2  85  64  75   1   0  10 0.00  0.0    0  6.5 15 160   M    M   3        19 160
 3  88  69  79   5   0  14 0.00  0.0    0 11.8 24 200   M    M   2        32 200
 4  89  69  79   5   0  14 0.04  0.0    0 10.6 22 220   M    M   4 13     30 280
 5  89  65  77   3   0  12 0.00  0.0    0  7.7 18 310   M    M   4        25 310
 6  82  61  72  -2   0   7 0.00  0.0    0  5.1 15 330   M    M   6        27 260
 7  83  65  74   0   0   9 0.00  0.0    0  8.2 17 130   M    M   4        22 130
 8  83  63  73  -1   0   8 0.00  0.0    0  8.0 15  30   M    M   5        20  50
 9  82  63  73  -1   0   8 0.00  0.0    0  9.1 20  30   M    M   3        28  20
10  79  61  70  -4   0   5 0.00  0.0    0  8.1 16 160   M    M   5 8      21 150
11  77  70  74   0   0   9 1.05  0.0    0 10.6 30 180   M    M   9 1      41 190
12  85  67  76   2   0  11    T  0.0    0  8.4 16 210   M    M   4        23 320
13  83  66  75   2   0  10 0.00  0.0    0  7.5 15 300   M    M   1        20 360
14  84  61  73   0   0   8 0.00  0.0    0  6.8 15 190   M    M   1        19 190
15  87  68  78   5   0  13 0.00  0.0    0  7.2 15 180   M    M   2        19 230
16  87  70  79   6   0  14    T  0.0    0  5.5 15 210   M    M   4        20 200
17  88  71  80   7   0  15 0.00  0.0    0  6.1 14 220   M    M   3        20 220
18  86  75  81   8   0  16 0.02  0.0    0  9.5 17 190   M    M   4        23 190
19  85  74  80   7   0  15 0.00  0.0    0  8.8 16 150   M    M   7        21 170
20  85  73  79   6   0  14 0.00  0.0    0 11.2 22 140   M    M   6        27 150
21  79  71  75   3   0  10 0.37  0.0    0  5.9 16 320   M    M   8 1      18 270
22  84  67  76   4   0  11 0.00  0.0    0  7.7 16 350   M    M   5        20  10
23  81  69  75   3   0  10 0.00  0.0    0  5.7 12 150   M    M   8        14 150
24  84  70  77   5   0  12    T  0.0    0  5.1 13 170   M    M   6        19 180
25  84  72  78   6   0  13 0.00  0.0    0  9.5 17 190   M    M   6        23 210
26  83  65  74   2   0   9 0.00  0.0    0  7.6 17 240   M    M   3        22 210
27  81  61  71  -1   0   6 0.00  0.0    0  5.8 16 320   M    M   4        20 310
28  81  61  71   0   0   6 0.00  0.0    0  4.7 13 240   M    M   3        17 300
29  82  59  71   0   0   6 0.00  0.0    0  6.7 15 180   M    M   5        19 190
30  85  67  76   5   0  11    T  0.0    0  8.8 16 250   M    M   6        21 240
31  91  72  82  11   0  17 0.00  0.0    0  8.0 18 230   M    M   7        23 240
================================================================================
SM 2612 2079         0 338  1.48     0.0 241.2          M      142
================================================================================
AV 84.3 67.1                               7.8 FASTST   M    M   5    MAX(MPH)
                                 MISC ---->  # 30 180               # 41  190
================================================================================
NOTES:
# LAST OF SEVERAL OCCURRENCES

COLUMN 17 PEAK WIND IN M.P.H.

PRELIMINARY LOCAL CLIMATOLOGICAL DATA (WS FORM: F-6) , PAGE 2

                                          STATION:  ISLIP NY
                                          MONTH:    AUGUST
                                          YEAR:     2015
                                          LATITUDE:   40 47 N
                                          LONGITUDE:  73  6 W

[TEMPERATURE DATA]      [PRECIPITATION DATA]       SYMBOLS USED IN COLUMN 16

AVERAGE MONTHLY: 75.7   TOTAL FOR MONTH:   1.48    1 = FOG OR MIST
DPTR FM NORMAL:   2.9   DPTR FM NORMAL:   -2.50    2 = FOG REDUCING VISIBILITY
HIGHEST:    91 ON 31    GRTST 24HR  1.05 ON 11-11      TO 1/4 MILE OR LESS
LOWEST:     59 ON 29                               3 = THUNDER
                        SNOW, ICE PELLETS, HAIL    4 = ICE PELLETS
                        TOTAL MONTH:   0.0 INCH    5 = HAIL
                        GRTST 24HR     0.0         6 = FREEZING RAIN OR DRIZZLE
                        GRTST DEPTH:   0           7 = DUSTSTORM OR SANDSTORM:
                                                       VSBY 1/2 MILE OR LESS
                                                   8 = SMOKE OR HAZE
[NO. OF DAYS WITH]      [WEATHER - DAYS WITH]      9 = BLOWING SNOW
                                                   X = TORNADO
MAX 32 OR BELOW:   0    0.01 INCH OR MORE:   4
MAX 90 OR ABOVE:   2    0.10 INCH OR MORE:   2
MIN 32 OR BELOW:   0    0.50 INCH OR MORE:   1
MIN  0 OR BELOW:   0    1.00 INCH OR MORE:   1

[HDD (BASE 65) ]
TOTAL THIS MO.     0    CLEAR  (SCALE 0-3)   8
DPTR FM NORMAL    -3    PTCLDY (SCALE 4-7)  21
TOTAL FM JUL 1     0    CLOUDY (SCALE 8-10)  2
DPTR FM NORMAL    -5

[CDD (BASE 65) ]
TOTAL THIS MO.   338
DPTR FM NORMAL    92    [PRESSURE DATA]
TOTAL FM JAN 1   881    HIGHEST SLP M ON M
DPTR FM NORMAL   195    LOWEST  SLP 29.71 ON 11

[REMARKS]
#FINAL-08-15#
