000
CXUS52 TJSJ 280542
CF6IST
PRELIMINARY LOCAL CLIMATOLOGICAL DATA (WS FORM: F-6)

                                          STATION:   CYRIL E. KING AP/ST THOMAS
                                          MONTH:     MARCH
                                          YEAR:      2017
                                          LATITUDE:   18 19 N
                                          LONGITUDE:  64 58 W

  TEMPERATURE IN F:       :PCPN:    SNOW:  WIND      :SUNSHINE: SKY     :PK WND
================================================================================
1   2   3   4   5  6A  6B    7    8   9   10  11  12  13   14  15   16   17  18
                                     12Z  AVG MX 2MIN
DY MAX MIN AVG DEP HDD CDD  WTR  SNW DPTH SPD SPD DIR MIN PSBL S-S WX    SPD DR
================================================================================

 1  87  73  80   1   0  15 0.03  0.0    0 14.6 24  80   M    M   2 18     32  90
 2  86  75  81   2   0  16    T  0.0    0 12.7 21  70   M    M   2        26  90
 3  86  71  79   0   0  14 0.09  0.0    0 12.0 26  90   M    M   3 18     34  80
 4  86  74  80   1   0  15 0.01  0.0    0 11.6 22  90   M    M   5        26 120
 5  85  73  79   0   0  14 0.01  0.0    0 12.6 23  50   M    M   4        36  70
 6  79  71  75  -4   0  10 0.70  0.0    0 20.1 31  40   M    M   7 18     45  40
 7  76  70  73  -6   0   8 0.62  0.0    0 19.5 30  50   M    M  10 18     45  40
 8  81  72  77  -2   0  12 0.01  0.0    0 15.4 25  60   M    M   5        36  90
 9  83  73  78  -1   0  13 0.02  0.0    0 15.3 24  70   M    M   4 8      31  80
10  83  75  79   0   0  14    T  0.0    0 13.8 23 110   M    M   4        33 120
11  83  74  79   0   0  14 0.00  0.0    0 10.4 18 130   M    M   1        24 120
12  83  73  78  -1   0  13 0.00  0.0    0 10.3 17 130   M    M   1        22 140
13  83  72  78  -1   0  13 0.00  0.0    0 11.1 20 130   M    M   3        25 130
14  83  72  78  -1   0  13 0.07  0.0    0 10.5 22 130   M    M   3 1      28 130
15  83  72  78  -1   0  13 0.00  0.0    0 11.1 20 130   M    M   2        23 130
16  83  75  79   0   0  14 0.00  0.0    0 12.8 20 130   M    M   2        25 120
17  85  73  79   0   0  14    T  0.0    0 10.8 18  70   M    M   2        26  40
18  87  75  81   2   0  16    T  0.0    0 12.1 22  80   M    M   2        29 100
19  82  73  78  -1   0  13 0.08  0.0    0  7.8 22 130   M    M   4 1      27 140
20  84  72  78  -2   0  13    T  0.0    0  6.7 16 150   M    M   2        20 120
21  84  73  79  -1   0  14 0.00  0.0    0  7.8 16 130   M    M   1        20 140
22  83  73  78  -2   0  13 0.27  0.0    0 12.6 20 110   M    M   4 1      24 120
23  83  73  78  -2   0  13 1.49  0.0    0 10.0 23 110   M    M   7 1      27 120
24  79  73  76  -4   0  11 0.74  0.0    0  7.7 20 120   M    M   7 1      24 120
25  81  70  76  -4   0  11 1.60  0.0    0 12.7 24 160   M    M   7 1      31 150
26  81  76  79  -1   0  14 0.09  0.0    0 11.1 17 160   M    M   7 1      20 150
27  81  77  79  -1   0  14 0.00  0.0    0  9.4 15 150   M    M   2        18 150
================================================================================
SM 2240 1973         0 357  5.83     0.0 322.5          M      103
================================================================================
AV 83.0 73.1                              11.9 FASTST   M    M   4    MAX(MPH)
                                 MISC ---->  # 31  40               # 45   40
================================================================================
NOTES:
# LAST OF SEVERAL OCCURRENCES

COLUMN 17 PEAK WIND IN M.P.H.

PRELIMINARY LOCAL CLIMATOLOGICAL DATA (WS FORM: F-6) , PAGE 2

                                          STATION:  CYRIL E. KING AP/ST THOMAS
                                          MONTH:    MARCH
                                          YEAR:     2017
                                          LATITUDE:   18 19 N
                                          LONGITUDE:  64 58 W

[TEMPERATURE DATA]      [PRECIPITATION DATA]       SYMBOLS USED IN COLUMN 16

AVERAGE MONTHLY: 78.0   TOTAL FOR MONTH:   5.83    1 = FOG OR MIST
DPTR FM NORMAL:  -1.3   DPTR FM NORMAL:    4.62    2 = FOG REDUCING VISIBILITY
HIGHEST:    87 ON 18, 1 GRTST 24HR  1.60 ON 25-25      TO 1/4 MILE OR LESS
LOWEST:     70 ON 25, 7                            3 = THUNDER
                        SNOW, ICE PELLETS, HAIL    4 = ICE PELLETS
                        TOTAL MONTH:   0.0 INCH    5 = HAIL
                        GRTST 24HR     0.0         6 = FREEZING RAIN OR DRIZZLE
                        GRTST DEPTH:   0           7 = DUSTSTORM OR SANDSTORM:
                                                       VSBY 1/2 MILE OR LESS
                                                   8 = SMOKE OR HAZE
[NO. OF DAYS WITH]      [WEATHER - DAYS WITH]      9 = BLOWING SNOW
                                                   X = TORNADO
MAX 32 OR BELOW:   0    0.01 INCH OR MORE:  15
MAX 90 OR ABOVE:   0    0.10 INCH OR MORE:   6
MIN 32 OR BELOW:   0    0.50 INCH OR MORE:   5
MIN  0 OR BELOW:   0    1.00 INCH OR MORE:   2

[HDD (BASE 65) ]
TOTAL THIS MO.     0    CLEAR  (SCALE 0-3)  13
DPTR FM NORMAL     0    PTCLDY (SCALE 4-7)  13
TOTAL FM JUL 1     0    CLOUDY (SCALE 8-10)  1
DPTR FM NORMAL     0

[CDD (BASE 65) ]
TOTAL THIS MO.   357
DPTR FM NORMAL   -28    [PRESSURE DATA]
TOTAL FM JAN 1  1153    HIGHEST SLP M ON M
DPTR FM NORMAL   -46    LOWEST  SLP 29.84 ON M

[REMARKS]
