000
CXUS53 KGRB 290739
CF6ISW
PRELIMINARY LOCAL CLIMATOLOGICAL DATA (WS FORM: F-6)

                                          STATION:   WISCONSIN RAPIDS ASOS
                                          MONTH:     AUGUST
                                          YEAR:      2014
                                          LATITUDE:   44 22 N
                                          LONGITUDE:  89 50 W

  TEMPERATURE IN F:       :PCPN:    SNOW:  WIND      :SUNSHINE: SKY     :PK WND
================================================================================
1   2   3   4   5  6A  6B    7    8   9   10  11  12  13   14  15   16   17  18
                                     12Z  AVG MX 2MIN
DY MAX MIN AVG DEP HDD CDD  WTR  SNW DPTH SPD SPD DIR MIN PSBL S-S WX    SPD DR
================================================================================

 1  82  56  69  -1   0   4 0.16  0.0    0  3.3 16 190   M    M   2 13     22 140
 2  84  52  68  -2   0   3    T  0.0    0  3.1 13 320   M    M   1 18      M  M
 3  85  58  72   2   0   7 0.02  0.0    0  5.2 21 310   M    M   3 123    27 320
 4  74  58  66  -4   0   1 0.71  0.0    0  3.2 14 310   M    M   7 123    17 310
 5  80  58  69  -1   0   4 0.00  0.0    0  3.8 10  30   M    M   4 12     14  40
 6  83  53  68  -2   0   3 0.00  0.0    0  2.9  9  10   M    M   1 12     14  30
 7  82  55  69  -1   0   4 0.00  0.0    0  4.8 14 100   M    M   1 1      17 110
 8  84  54  69  -1   0   4 0.00  0.0    0  5.1 14  80   M    M   0        19  80
 9  83  56  70   0   0   5 0.00  0.0    0  5.4 17  90   M    M   1 8      23 120
10  83  53  68  -1   0   3    T  0.0    0  3.0 10 120   M    M   2        14 150
11  77  60  69   0   0   4 0.81  0.0    0  7.8 24  10   M    M   8 1      30 360
12  76  54  65  -4   0   0 0.00  0.0    0 11.3 25 340   M    M   2        33 350
13  80  58  69   0   0   4 0.00  0.0    0  8.0 17 350   M    M   3        24 290
14  74  46  60  -9   5   0 0.00  0.0    0  2.9 10 300   M    M   1        14 340
15  81  45  63  -6   2   0 0.00  0.0    0  4.9 12 200   M    M   2 1      15 200
16  85  63  74   6   0   9 0.00  0.0    0  8.7 17  20   M    M   5 1      20  20
17  76  60  68   0   0   3 0.00  0.0    0  8.1 14 110   M    M   7        18  70
18  76  60  68   0   0   3 3.61  0.0    0  6.6 32 220   M    M   9 13     55 210
19  79  60  70   2   0   5 0.10  0.0    0  6.8 17 280   M    M   6 1      23 250
20  79  57  68   0   0   3 0.00  0.0    0  3.6 10  10   M    M   4 12     14  10
21  80  63  72   4   0   7 0.94  0.0    0  5.5 10 140   M    M   8 13      M  M
22  88  70  79  12   0  14 0.00  0.0    0  5.4 14 210   M    M   7 1      18 210
23  76  71  74   7   0   9 0.00  0.0    0  6.9 13 100   M    M  10 1      17 120
24  84  68  76   9   0  11 0.00  0.0    0  8.5 16 130   M    M   7 1      22 140
25  87  66  77  10   0  12 0.17  0.0    0  6.9 37 250   M    M   3 13     48 230
26  73  60  67   1   0   2 0.00  0.0    0  5.9 18 350   M    M   2 8      23 350
27  75  56  66   0   0   1 0.00  0.0    0  3.0 10 320   M    M   2        14 320
28  74  53  64  -2   1   0 0.43  0.0    0  5.0 15 140   M    M   6 12     20 130
================================================================================
SM 2240 1623         8 125  6.95     0.0 155.6          M      114
================================================================================
AV 80.0 58.0                               5.6 FASTST   M    M   4    MAX(MPH)
                                 MISC ---->  # 37 250               # 55  210
================================================================================
NOTES:
# LAST OF SEVERAL OCCURRENCES

COLUMN 17 PEAK WIND IN M.P.H.

PRELIMINARY LOCAL CLIMATOLOGICAL DATA (WS FORM: F-6) , PAGE 2

                                          STATION:  WISCONSIN RAPIDS ASOS
                                          MONTH:    AUGUST
                                          YEAR:     2014
                                          LATITUDE:   44 22 N
                                          LONGITUDE:  89 50 W

[TEMPERATURE DATA]      [PRECIPITATION DATA]       SYMBOLS USED IN COLUMN 16

AVERAGE MONTHLY: 69.0   TOTAL FOR MONTH:   6.95    1 = FOG OR MIST
DPTR FM NORMAL:   0.5   DPTR FM NORMAL:    3.32    2 = FOG REDUCING VISIBILITY
HIGHEST:    88 ON 22    GRTST 24HR  3.71 ON 18-19      TO 1/4 MILE OR LESS
LOWEST:     45 ON 15                               3 = THUNDER
                        SNOW, ICE PELLETS, HAIL    4 = ICE PELLETS
                        TOTAL MONTH:   0.0 INCH    5 = HAIL
                        GRTST 24HR     0.0         6 = FREEZING RAIN OR DRIZZLE
                        GRTST DEPTH:   0           7 = DUSTSTORM OR SANDSTORM:
                                                       VSBY 1/2 MILE OR LESS
                                                   8 = SMOKE OR HAZE
[NO. OF DAYS WITH]      [WEATHER - DAYS WITH]      9 = BLOWING SNOW
                                                   X = TORNADO
MAX 32 OR BELOW:   0    0.01 INCH OR MORE:   9
MAX 90 OR ABOVE:   0    0.10 INCH OR MORE:   8
MIN 32 OR BELOW:   0    0.50 INCH OR MORE:   4
MIN  0 OR BELOW:   0    1.00 INCH OR MORE:   1

[HDD (BASE 65) ]
TOTAL THIS MO.     8    CLEAR  (SCALE 0-3)  14
DPTR FM NORMAL   -19    PTCLDY (SCALE 4-7)  11
TOTAL FM JUL 1    39    CLOUDY (SCALE 8-10)  3
DPTR FM NORMAL    -3

[CDD (BASE 65) ]
TOTAL THIS MO.   125
DPTR FM NORMAL     0    [PRESSURE DATA]
TOTAL FM JAN 1   406    HIGHEST SLP M ON M
DPTR FM NORMAL   -14    LOWEST  SLP 29.63 ON 19

[REMARKS]
