000
CXHW53 PHFO 011250
CF6ITO
PRELIMINARY LOCAL CLIMATOLOGICAL DATA (WS FORM: F-6)

                                          STATION:   HILO HI
                                          MONTH:     MAY
                                          YEAR:      2015
                                          LATITUDE:   19 43 N
                                          LONGITUDE: 155  4 W

  TEMPERATURE IN F:       :PCPN:    SNOW:  WIND      :SUNSHINE: SKY     :PK WND
================================================================================
1   2   3   4   5  6A  6B    7    8   9   10  11  12  13   14  15   16   17  18
                                     12Z  AVG MX 2MIN
DY MAX MIN AVG DEP HDD CDD  WTR  SNW DPTH SPD SPD DIR MIN PSBL S-S WX    SPD DR
================================================================================

 1  79  63  71  -2   0   6 0.13  0.0    0  5.6 16  80   M    M   7 18     19  80
 2  82  66  74   1   0   9 0.23  0.0    0  7.5 17  60   M    M   7 18     21 100
 3  81  66  74   1   0   9 1.10  0.0    0  7.8 16 100   M    M   8 18     20 100
 4  80  66  73   0   0   8 0.27  0.0    0  7.3 22  80   M    M   9 1      26  80
 5  76  67  72  -1   0   7 0.23  0.0    0  5.7 16  80   M    M   9 1      18  80
 6  82  66  74   1   0   9 0.08  0.0    0  6.5 15  80   M    M   6 1      20  70
 7  84  65  75   2   0  10 0.11  0.0    0  7.1 17  60   M    M   6 18     21  50
 8  82  68  75   2   0  10 0.24  0.0    0  7.4 21  80   M    M   8 1      26  80
 9  82  68  75   2   0  10 0.65  0.0    0  7.3 22  80   M    M   8 18     25  80
10  80  69  75   2   0  10 0.59  0.0    0  8.0 18 120   M    M  10 1      23 130
11  77  67  72  -1   0   7 0.23  0.0    0  6.2 17  70   M    M   9 18     21  80
12  80  68  74   0   0   9 0.89  0.0    0  7.3 15  50   M    M   8 18     21 270
13  81  67  74   0   0   9 0.66  0.0    0  6.5 16  60   M    M   8 1      19  50
14  80  65  73  -1   0   8 0.29  0.0    0  4.7 15  70   M    M   8 1      17  80
15  83  64  74   0   0   9 0.15  0.0    0  7.4 18  70   M    M   5 18     22  70
16  82  67  75   1   0  10 0.05  0.0    0  7.1 14  50   M    M   7 1      17  50
17  81  68  75   1   0  10 0.57  0.0    0  5.7 16  60   M    M   9 1      20  70
18  80  65  73  -1   0   8 0.02  0.0    0  6.7 16  80   M    M   6 1      21  80
19  82  68  75   1   0  10 0.43  0.0    0  7.6 15 260   M    M   9 1      19  40
20  80  68  74   0   0   9 0.02  0.0    0  5.2 13 150   M    M   9 1      15 260
21  83  65  74   0   0   9 0.00  0.0    0  5.9 14  50   M    M   8        18  50
22  83  64  74   0   0   9 0.00  0.0    0  4.6 13 340   M    M   5        15 340
23  82  68  75   1   0  10 0.11  0.0    0  8.7 20 340   M    M   8 1      24 340
24  79  69  74   0   0   9 0.00  0.0    0  9.3 16 320   M    M   9        22 340
25  78  68  73  -1   0   8 0.00  0.0    0  6.6 13 360   M    M   9        15 350
26  76  68  72  -2   0   7    T  0.0    0  4.3 10 360   M    M  10 8      13  20
27   M   M   M   M   M   M 0.27    M    0  3.4  8 340   M    M  10 18      M  M
28  79  69  74  -1   0   9 0.03  0.0    0  5.1 17  20   M    M   9 1      21  10
29  83  68  76   1   0  11 0.23  0.0    0  6.4 14 360   M    M   7 1      19  30
30  83  70  77   2   0  12 0.13  0.0    0  6.5 15  10   M    M   7 1      18  20
31  83  70  77   2   0  12 0.04  0.0    0  8.2 15  90   M    M   9 1      19  70
================================================================================
SM 2423 2010         0 273  7.75     0.0 203.6          M      247
================================================================================
AV 80.8 67.0                               6.6 FASTST   M    M   8    MAX(MPH)
                                 MISC ---->  # 22  80               # 26   80
================================================================================
NOTES:
# LAST OF SEVERAL OCCURRENCES

COLUMN 17 PEAK WIND IN M.P.H.

PRELIMINARY LOCAL CLIMATOLOGICAL DATA (WS FORM: F-6) , PAGE 2

                                          STATION:  HILO HI
                                          MONTH:    MAY
                                          YEAR:     2015
                                          LATITUDE:   19 43 N
                                          LONGITUDE: 155  4 W

[TEMPERATURE DATA]      [PRECIPITATION DATA]       SYMBOLS USED IN COLUMN 16

AVERAGE MONTHLY: 73.9   TOTAL FOR MONTH:   7.75    1 = FOG OR MIST
DPTR FM NORMAL:   0.2   DPTR FM NORMAL:   -0.37    2 = FOG REDUCING VISIBILITY
HIGHEST:    84 ON  7    GRTST 24HR  1.10 ON  3- 3      TO 1/4 MILE OR LESS
LOWEST:     63 ON  1                               3 = THUNDER
                        SNOW, ICE PELLETS, HAIL    4 = ICE PELLETS
                        TOTAL MONTH:   0.0 INCH    5 = HAIL
                        GRTST 24HR     0.0         6 = FREEZING RAIN OR DRIZZLE
                        GRTST DEPTH:   0           7 = DUSTSTORM OR SANDSTORM:
                                                       VSBY 1/2 MILE OR LESS
                                                   8 = SMOKE OR HAZE
[NO. OF DAYS WITH]      [WEATHER - DAYS WITH]      9 = BLOWING SNOW
                                                   X = TORNADO
MAX 32 OR BELOW:   0    0.01 INCH OR MORE:  26
MAX 90 OR ABOVE:   0    0.10 INCH OR MORE:  20
MIN 32 OR BELOW:   0    0.50 INCH OR MORE:   6
MIN  0 OR BELOW:   0    1.00 INCH OR MORE:   1

[HDD (BASE 65) ]
TOTAL THIS MO.     0    CLEAR  (SCALE 0-3)   0
DPTR FM NORMAL     0    PTCLDY (SCALE 4-7)  17
TOTAL FM JUL 1     0    CLOUDY (SCALE 8-10) 14
DPTR FM NORMAL     0

[CDD (BASE 65) ]
TOTAL THIS MO.   273
DPTR FM NORMAL     2    [PRESSURE DATA]
TOTAL FM JAN 1  1327    HIGHEST SLP 30.18 ON 19
DPTR FM NORMAL   259    LOWEST  SLP 29.90 ON 28

[REMARKS]
#FINAL-05-15#
