000
CXUS55 KRIW 270901
CF6JAC
PRELIMINARY LOCAL CLIMATOLOGICAL DATA (WS FORM: F-6)

                                          STATION:   JACKSON  WY
                                          MONTH:     FEBRUARY
                                          YEAR:      2015
                                          LATITUDE:   43 35 N
                                          LONGITUDE: 110 44 W

  TEMPERATURE IN F:       :PCPN:    SNOW:  WIND      :SUNSHINE: SKY     :PK WND
================================================================================
1   2   3   4   5  6A  6B    7    8   9   10  11  12  13   14  15   16   17  18
                                     12Z  AVG MX 2MIN
DY MAX MIN AVG DEP HDD CDD  WTR  SNW DPTH SPD SPD DIR MIN PSBL S-S WX    SPD DR
================================================================================

 1  27   0  14  -1  51   0    M    M    M  3.7  9 350   M    M   6 1       M  M
 2  36  27  32  17  33   0    M    M    M 10.0 21 180   M    M   9        24 180
 3  36  32  34  19  31   0    M    M    M 12.0 21 160   M    M   9 1      28 160
 4  37  30  34  19  31   0    M    M    M  6.2 16 180   M    M  10 1      20 170
 5  45  34  40  25  25   0    M    M    M  8.2 20 170   M    M   5        21 160
 6  46  32  39  24  26   0    M    M    M 10.9 18 170   M    M   1         M  M
 7  46  34  40  24  25   0    M    M    M 15.3 30 220   M    M   8        52 220
 8  45  30  38  22  27   0    M    M    M  8.9 21 180   M    M   5        23 220
 9  39  28  34  18  31   0    M    M    M  9.9 21 200   M    M   9 1      29 200
10  39  27  33  17  32   0    M    M    M  8.8 16 200   M    M   8        22 220
11  34  16  25   9  40   0    M    M    M  2.0  9  20   M    M   2         M  M
12  43  21  32  16  33   0    M    M    M  3.3  9  10   M    M   3         M  M
13  37  16  27  10  38   0    M    M    M  4.4 14 360   M    M   0         M  M
14  39  16  28  11  37   0    M    M    M  6.3 12 350   M    M   1         M  M
15  37  19  28  11  37   0    M    M    M  6.2 16 280   M    M   3        17 330
16  30  10  20   2  45   0    M    M    M 11.1 18 360   M    M   1        16  10
17  32   0  16  -2  49   0    M    M    M  5.7 14 210   M    M   0        17 360
18  37   7  22   4  43   0    M    M    M  5.0 15 360   M    M   0        16  10
19  45  12  29  11  36   0    M    M    M  7.9 16 150   M    M   1        22 150
20  39  19  29  10  36   0    M    M    M  3.3 14 230   M    M   7        24 240
21  28   9  19   0  46   0    M    M    M 10.7 23 360   M    M   8 1      29 360
22  21   1  11  -8  54   0    M    M    M 15.1 23  50   M    M   4        29  50
23  19  -9   5 -15  60   0    M    M    M  7.0 18 360   M    M   0         M  M
24  37   0  19  -1  46   0    M    M    M  5.1 17 240   M    M   3         M  M
25  32   9  21   1  44   0    M    M    M  8.0 17 280   M    M   8        22 280
26  25   3  14  -7  51   0    M    M    M  5.8 15  10   M    M   3         M  M
================================================================================
SM  931  423      1007   0    M     M    200.8          M      114
================================================================================
AV 35.8 16.3                               7.7 FASTST   M    M   4    MAX(MPH)
                                 MISC ---->    30   M                 52    M
================================================================================
NOTES:
# LAST OF SEVERAL OCCURRENCES

COLUMN 17 PEAK WIND IN M.P.H.

PRELIMINARY LOCAL CLIMATOLOGICAL DATA (WS FORM: F-6) , PAGE 2

                                          STATION:  JACKSON  WY
                                          MONTH:    FEBRUARY
                                          YEAR:     2015
                                          LATITUDE:   43 35 N
                                          LONGITUDE: 110 44 W

[TEMPERATURE DATA]      [PRECIPITATION DATA]       SYMBOLS USED IN COLUMN 16

AVERAGE MONTHLY: 26.0   TOTAL FOR MONTH:      M    1 = FOG OR MIST
DPTR FM NORMAL:   8.8   DPTR FM NORMAL:       M    2 = FOG REDUCING VISIBILITY
HIGHEST:    46 ON  7, 6 GRTST 24HR    M  ON   M        TO 1/4 MILE OR LESS
LOWEST:     -9 ON 23                               3 = THUNDER
                        SNOW, ICE PELLETS, HAIL    4 = ICE PELLETS
                        TOTAL MONTH:    M          5 = HAIL
                        GRTST 24HR    M  ON   M    6 = FREEZING RAIN OR DRIZZLE
                        GRTST DEPTH:  M  ON   M    7 = DUSTSTORM OR SANDSTORM:
                                                       VSBY 1/2 MILE OR LESS
                                                   8 = SMOKE OR HAZE
[NO. OF DAYS WITH]      [WEATHER - DAYS WITH]      9 = BLOWING SNOW
                                                   X = TORNADO
MAX 32 OR BELOW:   8    0.01 INCH OR MORE:   0
MAX 90 OR ABOVE:   0    0.10 INCH OR MORE:   0
MIN 32 OR BELOW:  24    0.50 INCH OR MORE:   0
MIN  0 OR BELOW:   4    1.00 INCH OR MORE:   0

[HDD (BASE 65) ]
TOTAL THIS MO.  1007    CLEAR  (SCALE 0-3)  10
DPTR FM NORMAL  -238    PTCLDY (SCALE 4-7)  11
TOTAL FM JUL 1  6285    CLOUDY (SCALE 8-10)  5
DPTR FM NORMAL  -753

[CDD (BASE 65) ]
TOTAL THIS MO.     0
DPTR FM NORMAL     0    [PRESSURE DATA]
TOTAL FM JAN 1     0    HIGHEST SLP M ON M
DPTR FM NORMAL     0    LOWEST  SLP M ON M

[REMARKS]
