000
CXUS55 KRIW 230945
CF6JAC
PRELIMINARY LOCAL CLIMATOLOGICAL DATA (WS FORM: F-6)

                                          STATION:   JACKSON  WY
                                          MONTH:     FEBRUARY
                                          YEAR:      2018
                                          LATITUDE:   43 35 N
                                          LONGITUDE: 110 44 W

  TEMPERATURE IN F:       :PCPN:    SNOW:  WIND      :SUNSHINE: SKY     :PK WND
================================================================================
1   2   3   4   5  6A  6B    7    8   9   10  11  12  13   14  15   16   17  18
                                     12Z  AVG MX 2MIN
DY MAX MIN AVG DEP HDD CDD  WTR  SNW DPTH SPD SPD DIR MIN PSBL S-S WX    SPD DR
================================================================================

 1  35  12  24   9  41   0    T    M    M  9.3 15 200   M    M   7 1      21 220
 2  39  29  34  19  31   0 0.31    M    M 13.6 23 190   M    M  10 1      27 250
 3  42  35  39  24  26   0 0.05    M    M 13.2 22 270   M    M   9        32 270
 4  40  33  37  22  28   0 0.08    M    M 15.2 25 190   M    M  10 1      38 230
 5  38  26  32  17  33   0    T    M    M 11.3 17 260   M    M   6 1       M  M
 6  35  24  30  15  35   0 0.01    M    M  7.8 14 200   M    M   9 1      18 220
 7  38  30  34  18  31   0    T    M    M 12.5 20 190   M    M  10        25 200
 8  43  35  39  23  26   0 0.09    M    M 15.6 25 250   M    M   8        38 260
 9  40  21  31  15  34   0    T    M    M 14.0 22 240   M    M   5 1      33 240
10  27   7  17   1  48   0    T    M    M  7.1 14  30   M    M   5        18 270
11  30   0  15  -1  50   0 0.00    M    M  8.8 18 190   M    M   3         M  M
12  30  10  20   4  45   0 0.01    M    M  9.0 18  20   M    M   8 1      25  20
13  35   7  21   4  44   0    T    M    M  5.9 13 190   M    M   3         M  M
14  40   8  24   7  41   0    T    M    M  9.9 20 190   M    M   6 1      28 200
15  27   9  18   1  47   0    T    M    M  7.5 16 180   M    M   8 1      21 270
16  24  21  23   5  42   0    T    M    M 14.5 24 190   M    M   9 1      36 190
17  34  20  27   9  38   0 0.02    M    M 17.7 29 190   M    M   9 1      37 180
18  32  14  23   5  42   0    T    M    M 15.7 24 190   M    M   8 1      36 190
19  27   0  14  -4  51   0    T    M    M  8.8 16  30   M    M   7 1       M  M
20  14  -5   5 -14  60   0    T    M    M 10.3 22 190   M    M   9 18      M  M
21  19  -7   6 -13  59   0    T    M    M  7.2 14 200   M    M   9 18      M  M
22  18  -5   7 -12  58   0    T    M    M  3.2  8 360   M    M   7         M  M
================================================================================
SM  707  324       910   0  0.57    M    238.1          M      165
================================================================================
AV 32.1 14.7                              10.8 FASTST   M    M   8    MAX(MPH)
                                 MISC ---->  # 29 190               # 38  230
================================================================================
NOTES:
# LAST OF SEVERAL OCCURRENCES

COLUMN 17 PEAK WIND IN M.P.H.

PRELIMINARY LOCAL CLIMATOLOGICAL DATA (WS FORM: F-6) , PAGE 2

                                          STATION:  JACKSON  WY
                                          MONTH:    FEBRUARY
                                          YEAR:     2018
                                          LATITUDE:   43 35 N
                                          LONGITUDE: 110 44 W

[TEMPERATURE DATA]      [PRECIPITATION DATA]       SYMBOLS USED IN COLUMN 16

AVERAGE MONTHLY: 23.4   TOTAL FOR MONTH:   0.57    1 = FOG OR MIST
DPTR FM NORMAL:   6.8   DPTR FM NORMAL:   -0.90    2 = FOG REDUCING VISIBILITY
HIGHEST:    43 ON  8    GRTST 24HR  0.31 ON  2- 2      TO 1/4 MILE OR LESS
LOWEST:     -7 ON 21                               3 = THUNDER
                        SNOW, ICE PELLETS, HAIL    4 = ICE PELLETS
                        TOTAL MONTH:    M          5 = HAIL
                        GRTST 24HR    M  ON   M    6 = FREEZING RAIN OR DRIZZLE
                        GRTST DEPTH:  M  ON   M    7 = DUSTSTORM OR SANDSTORM:
                                                       VSBY 1/2 MILE OR LESS
                                                   8 = SMOKE OR HAZE
[NO. OF DAYS WITH]      [WEATHER - DAYS WITH]      9 = BLOWING SNOW
                                                   X = TORNADO
MAX 32 OR BELOW:  10    0.01 INCH OR MORE:   7
MAX 90 OR ABOVE:   0    0.10 INCH OR MORE:   1
MIN 32 OR BELOW:  19    0.50 INCH OR MORE:   0
MIN  0 OR BELOW:   5    1.00 INCH OR MORE:   0

[HDD (BASE 65) ]
TOTAL THIS MO.   910    CLEAR  (SCALE 0-3)   2
DPTR FM NORMAL  -156    PTCLDY (SCALE 4-7)   9
TOTAL FM JUL 1  6070    CLOUDY (SCALE 8-10) 11
DPTR FM NORMAL  -789

[CDD (BASE 65) ]
TOTAL THIS MO.     0
DPTR FM NORMAL     0    [PRESSURE DATA]
TOTAL FM JAN 1     0    HIGHEST SLP M ON M
DPTR FM NORMAL     0    LOWEST  SLP M ON M

[REMARKS]
