000
CXUS54 KJAN 251200
CF6JAN
PRELIMINARY LOCAL CLIMATOLOGICAL DATA (WS FORM: F-6)

                                          STATION:   JACKSON
                                          MONTH:     SEPTEMBER
                                          YEAR:      2017
                                          LATITUDE:   32 19 N
                                          LONGITUDE:  90  5 W

  TEMPERATURE IN F:       :PCPN:    SNOW:  WIND      :SUNSHINE: SKY     :PK WND
================================================================================
1   2   3   4   5  6A  6B    7    8   9   10  11  12  13   14  15   16   17  18
                                     12Z  AVG MX 2MIN
DY MAX MIN AVG DEP HDD CDD  WTR  SNW DPTH SPD SPD DIR MIN PSBL S-S WX    SPD DR
================================================================================

 1  87  67  77  -3   0  12 0.00  0.0    0  2.8  8 330   M    M   4 1      11 230
 2  88  64  76  -4   0  11 0.00  0.0    0  1.1  9 340   M    M   2 1      13  10
 3  90  65  78  -1   0  13 0.00  0.0    0  1.0  8  30   M    M   1        12  10
 4  90  66  78  -1   0  13 0.00  0.0    0  2.9  9 190   M    M   2        14 210
 5  91  69  80   1   0  15 0.20  0.0    0  4.5 20 350   M    M   2 13     28 360
 6  81  63  72  -7   0   7 0.01  0.0    0  7.1 16  10   M    M   3        20  10
 7  80  54  67 -11   0   2 0.00  0.0    0  5.1 14 350   M    M   0        18  80
 8  80  58  69  -9   0   4 0.00  0.0    0  8.4 17 360   M    M   0        22 350
 9  85  61  73  -5   0   8 0.00  0.0    0  8.1 16  60   M    M   1        23 360
10  85  63  74  -4   0   9 0.00  0.0    0  9.9 18  30   M    M   0        25  30
11  81  62  72  -5   0   7 0.00  0.0    0 11.3 23  30   M    M   2        29  30
12  68  58  63 -14   2   0 0.13  0.0    0  7.4 21 300   M    M   8        30 300
13  80  59  70  -7   0   5 0.00  0.0    0  3.8 12 220   M    M   8        15 230
14  88  64  76   0   0  11 0.00  0.0    0  2.9 10 240   M    M   2 1      13 250
15  89  64  77   1   0  12 0.00  0.0    0  3.2 13 120   M    M   3 1      15  80
16  91  70  81   5   0  16 0.00  0.0    0  2.8  8 120   M    M   4 1      10 150
17  91  69  80   5   0  15    T  0.0    0  2.2 12 150   M    M   3 1      13 150
18  92  69  81   6   0  16    T  0.0    0  2.2 15 160   M    M   4 13     18 150
19  92  68  80   5   0  15 0.03  0.0    0  3.3 12 360   M    M   2 13     16 350
20  90  68  79   5   0  14 0.79  0.0    0  3.6 25  40   M    M   3 13     34  30
21  92  67  80   6   0  15 0.00  0.0    0  1.6  9  40   M    M   1 1      12  40
22  92  69  81   7   0  16 0.00  0.0    0  1.5 16 120   M    M   2 13     21 110
23  92  68  80   7   0  15 0.00  0.0    0  3.2 10 130   M    M   2 1      15 100
24  90  66  78   5   0  13 0.00  0.0    0  3.4 18 140   M    M   2 1      23 140
================================================================================
SM 2085 1551         2 264  1.16     0.0 103.3          M       61
================================================================================
AV 86.9 64.6                               4.3 FASTST   M    M   3    MAX(MPH)
                                 MISC ---->  # 25  40               # 34   30
================================================================================
NOTES:
# LAST OF SEVERAL OCCURRENCES

COLUMN 17 PEAK WIND IN M.P.H.

PRELIMINARY LOCAL CLIMATOLOGICAL DATA (WS FORM: F-6) , PAGE 2

                                          STATION:  JACKSON
                                          MONTH:    SEPTEMBER
                                          YEAR:     2017
                                          LATITUDE:   32 19 N
                                          LONGITUDE:  90  5 W

[TEMPERATURE DATA]      [PRECIPITATION DATA]       SYMBOLS USED IN COLUMN 16

AVERAGE MONTHLY: 75.8   TOTAL FOR MONTH:   1.16    1 = FOG OR MIST
DPTR FM NORMAL:  -0.9   DPTR FM NORMAL:   -1.22    2 = FOG REDUCING VISIBILITY
HIGHEST:    92 ON 23,22 GRTST 24HR  0.79 ON 20-20      TO 1/4 MILE OR LESS
LOWEST:     54 ON  7                               3 = THUNDER
                        SNOW, ICE PELLETS, HAIL    4 = ICE PELLETS
                        TOTAL MONTH:   0.0 INCH    5 = HAIL
                        GRTST 24HR     0.0         6 = FREEZING RAIN OR DRIZZLE
                        GRTST DEPTH:   0           7 = DUSTSTORM OR SANDSTORM:
                                                       VSBY 1/2 MILE OR LESS
                                                   8 = SMOKE OR HAZE
[NO. OF DAYS WITH]      [WEATHER - DAYS WITH]      9 = BLOWING SNOW
                                                   X = TORNADO
MAX 32 OR BELOW:   0    0.01 INCH OR MORE:   5
MAX 90 OR ABOVE:  12    0.10 INCH OR MORE:   3
MIN 32 OR BELOW:   0    0.50 INCH OR MORE:   1
MIN  0 OR BELOW:   0    1.00 INCH OR MORE:   0

[HDD (BASE 65) ]
TOTAL THIS MO.     2    CLEAR  (SCALE 0-3)  17
DPTR FM NORMAL     2    PTCLDY (SCALE 4-7)   7
TOTAL FM JUL 1     2    CLOUDY (SCALE 8-10)  0
DPTR FM NORMAL     2

[CDD (BASE 65) ]
TOTAL THIS MO.   264
DPTR FM NORMAL   -19    [PRESSURE DATA]
TOTAL FM JAN 1  2189    HIGHEST SLP M ON M
DPTR FM NORMAL   107    LOWEST  SLP 29.71 ON 12

[REMARKS]
