000
CXUS54 KJAN 191200
CF6JAN
PRELIMINARY LOCAL CLIMATOLOGICAL DATA (WS FORM: F-6)

                                          STATION:   JACKSON
                                          MONTH:     AUGUST
                                          YEAR:      2014
                                          LATITUDE:   32 19 N
                                          LONGITUDE:  90  5 W

  TEMPERATURE IN F:       :PCPN:    SNOW:  WIND      :SUNSHINE: SKY     :PK WND
================================================================================
1   2   3   4   5  6A  6B    7    8   9   10  11  12  13   14  15   16   17  18
                                     12Z  AVG MX 2MIN
DY MAX MIN AVG DEP HDD CDD  WTR  SNW DPTH SPD SPD DIR MIN PSBL S-S WX    SPD DR
================================================================================

 1  80  70  75  -7   0  10 0.03  0.0    0  1.7  7  80   M    M   9         8  90
 2  87  72  80  -2   0  15 0.01  0.0    0  4.5 13  30   M    M   8        17  30
 3  91  72  82   0   0  17 0.00  0.0    0  3.2 17 130   M    M   5        23 130
 4  93  70  82   0   0  17    T  0.0    0  2.8 20  80   M    M   4 38      M  M
 5  95  68  82   0   0  17    T  0.0    0  2.3 12 310   M    M   1        15 320
 6  97  71  84   2   0  19 0.00  0.0    0  2.2  9  10   M    M   2        14 310
 7  95  73  84   2   0  19 0.00  0.0    0  3.4 15 200   M    M   4        20 210
 8  96  73  85   3   0  20 0.00  0.0    0   M   M   M   M    M   3         M  M
 9  93  74  84   2   0  19 0.24  0.0    0  5.3 31 300   M    M   5 3      44 300
10  95  71  83   1   0  18 2.51  0.0    0  4.0 21 330   M    M   5 123    28 250
11  85  72  79  -3   0  14 0.10  0.0    0  3.5 24 350   M    M   6 13     30 360
12  92  70  81  -1   0  16    T  0.0    0  3.8 16 300   M    M   5 12      M 220
13  87  65  76  -6   0  11 0.00  0.0    0  6.0 15 350   M    M   1        22 340
14  87  61  74  -8   0   9 0.00  0.0    0  3.2 15 360   M    M   1        21 360
15  90  62  76  -6   0  11 0.00  0.0    0  1.2  9  60   M    M   1        13 170
16  92  65  79  -3   0  14 0.00  0.0    0  3.3 10 220   M    M   1        14 220
17  95  74  85   4   0  20 0.00  0.0    0  7.4 17 190   M    M   4        22 190
18  91  74  83   2   0  18 0.01  0.0    0  7.7 17 270   M    M   5 3      26 270
================================================================================
SM 1641 1257         0 284  2.90     0.0  65.5          M       70
================================================================================
AV 91.2 69.8                               3.9 FASTST   M    M   4    MAX(MPH)
                                 MISC ---->  # 31 300               # 44  300
================================================================================
NOTES:
# LAST OF SEVERAL OCCURRENCES

COLUMN 17 PEAK WIND IN M.P.H.

PRELIMINARY LOCAL CLIMATOLOGICAL DATA (WS FORM: F-6) , PAGE 2

                                          STATION:  JACKSON
                                          MONTH:    AUGUST
                                          YEAR:     2014
                                          LATITUDE:   32 19 N
                                          LONGITUDE:  90  5 W

[TEMPERATURE DATA]      [PRECIPITATION DATA]       SYMBOLS USED IN COLUMN 16

AVERAGE MONTHLY: 80.5   TOTAL FOR MONTH:   2.90    1 = FOG OR MIST
DPTR FM NORMAL:  -1.4   DPTR FM NORMAL:    0.21    2 = FOG REDUCING VISIBILITY
HIGHEST:    97 ON  6    GRTST 24HR  2.60 ON 10-11      TO 1/4 MILE OR LESS
LOWEST:     61 ON 14                               3 = THUNDER
                        SNOW, ICE PELLETS, HAIL    4 = ICE PELLETS
                        TOTAL MONTH:   0.0 INCH    5 = HAIL
                        GRTST 24HR     0.0         6 = FREEZING RAIN OR DRIZZLE
                        GRTST DEPTH:   0           7 = DUSTSTORM OR SANDSTORM:
                                                       VSBY 1/2 MILE OR LESS
                                                   8 = SMOKE OR HAZE
[NO. OF DAYS WITH]      [WEATHER - DAYS WITH]      9 = BLOWING SNOW
                                                   X = TORNADO
MAX 32 OR BELOW:   0    0.01 INCH OR MORE:   6
MAX 90 OR ABOVE:  13    0.10 INCH OR MORE:   3
MIN 32 OR BELOW:   0    0.50 INCH OR MORE:   1
MIN  0 OR BELOW:   0    1.00 INCH OR MORE:   1

[HDD (BASE 65) ]
TOTAL THIS MO.     0    CLEAR  (SCALE 0-3)   7
DPTR FM NORMAL     0    PTCLDY (SCALE 4-7)  10
TOTAL FM JUL 1     0    CLOUDY (SCALE 8-10)  1
DPTR FM NORMAL     0

[CDD (BASE 65) ]
TOTAL THIS MO.   284
DPTR FM NORMAL   -19    [PRESSURE DATA]
TOTAL FM JAN 1  1498    HIGHEST SLP M ON M
DPTR FM NORMAL  -100    LOWEST  SLP 29.87 ON 18

[REMARKS]
