000
CXUS54 KMEG 270735
CF6JBR
PRELIMINARY LOCAL CLIMATOLOGICAL DATA (WS FORM: F-6)

                                          STATION:   JONESBORO
                                          MONTH:     FEBRUARY
                                          YEAR:      2015
                                          LATITUDE:   35 49 N
                                          LONGITUDE:  90 39 W

  TEMPERATURE IN F:       :PCPN:    SNOW:  WIND      :SUNSHINE: SKY     :PK WND
================================================================================
1   2   3   4   5  6A  6B    7    8   9   10  11  12  13   14  15   16   17  18
                                     12Z  AVG MX 2MIN
DY MAX MIN AVG DEP HDD CDD  WTR  SNW DPTH SPD SPD DIR MIN PSBL S-S WX    SPD DR
================================================================================

 1  52  31  42   4  23   0 0.56  0.0    0 13.9 28 290   M    M   9 1      37 280
 2  34  24  29 -10  36   0 0.00  0.0    0  8.1 22 320   M    M   4        30 340
 3  46  23  35  -4  30   0 0.00  0.0    0  7.8 18 200   M    M   0        22 200
 4  49  30  40   1  25   0    T  0.0    0  8.1 26  30   M    M   5        34  40
 5  31  20  26 -13  39   0    T    T    0 10.0 20  20   M    M   2        27  30
 6  48  20  34  -5  31   0 0.00  0.0    0  9.0 22 210   M    M   0        27 220
 7  60  39  50  10  15   0 0.00  0.0    0 16.4 32 210   M    M   0        38 210
 8  62  51  57  17   8   0 0.00  0.0    0 14.0 28 230   M    M   4        33 230
 9  55  35  45   5  20   0 0.00  0.0    0  9.2 15  40   M    M   6 8      21  20
10  42  31  37  -3  28   0 0.00  0.0    0  7.8 16  50   M    M   6        20  40
11  56  27  42   2  23   0 0.00  0.0    0  4.4 16 350   M    M   0 1      24 360
12  35  24  30 -11  35   0 0.00  0.0    0 11.5 24  10   M    M   0        32  20
13  38  22  30 -11  35   0 0.00  0.0    0  6.6 16 230   M    M   4        18 240
14  63  22  43   2  22   0 0.00  0.0    0 10.6 28  50   M    M   1        35  40
15  27  17  22 -19  43   0 0.04    T    0 18.0 29  50   M    M   8 146    36  50
16  24  20  22 -20  43   0 0.43  1.5    1 10.8 20  60   M    M   8 16     25  30
17  31  14  23 -19  42   0    T    T    2  7.9 22 240   M    M   1 1      27 230
18  33  18  26 -16  39   0 0.00  0.0    1 11.9 24 290   M    M   2        32 300
19  23  10  17 -25  48   0 0.00  0.0    0  5.8 13 150   M    M   4        15 140
20  33  20  27 -16  38   0 0.40  0.0    0 10.2 15 140   M    M  10 136    17 130
21  37  31  34  -9  31   0 1.90  0.0    0  6.8 15 340   M    M   9 1      22 330
22  36  25  31 -12  34   0 0.00  0.0    0 13.7 24  40   M    M   6 1      30  40
23  25  18  22 -22  43   0 0.00  0.0    T 12.1 23  40   M    M   8        30  50
24  34  20  27 -17  38   0 0.00  0.0    0  6.5 15 210   M    M   6        22 230
25  35  23  29 -15  36   0 0.00  0.0    0  2.5  9  50   M    M   0 1      10  60
26  33  24  29 -15  36   0 0.00  0.0    0  8.6 17 330   M    M   6 1      26 310
================================================================================
SM 1042  639       841   0  3.33     1.5 252.2          M      109
================================================================================
AV 40.1 24.6                               9.7 FASTST   M    M   4    MAX(MPH)
                                 MISC ---->  # 32 210               # 38  210
================================================================================
NOTES:
# LAST OF SEVERAL OCCURRENCES

COLUMN 17 PEAK WIND IN M.P.H.

PRELIMINARY LOCAL CLIMATOLOGICAL DATA (WS FORM: F-6) , PAGE 2

                                          STATION:  JONESBORO
                                          MONTH:    FEBRUARY
                                          YEAR:     2015
                                          LATITUDE:   35 49 N
                                          LONGITUDE:  90 39 W

[TEMPERATURE DATA]      [PRECIPITATION DATA]       SYMBOLS USED IN COLUMN 16

AVERAGE MONTHLY: 32.3   TOTAL FOR MONTH:   3.33    1 = FOG OR MIST
DPTR FM NORMAL:  -8.8   DPTR FM NORMAL:   -0.13    2 = FOG REDUCING VISIBILITY
HIGHEST:    63 ON 14    GRTST 24HR  2.25 ON 20-21      TO 1/4 MILE OR LESS
LOWEST:     10 ON 19                               3 = THUNDER
                        SNOW, ICE PELLETS, HAIL    4 = ICE PELLETS
                        TOTAL MONTH:   1.5 INCHES  5 = HAIL
                        GRTST 24HR   1.5 ON 16-16  6 = FREEZING RAIN OR DRIZZLE
                        GRTST DEPTH:   2 ON 17     7 = DUSTSTORM OR SANDSTORM:
                                                       VSBY 1/2 MILE OR LESS
                                                   8 = SMOKE OR HAZE
[NO. OF DAYS WITH]      [WEATHER - DAYS WITH]      9 = BLOWING SNOW
                                                   X = TORNADO
MAX 32 OR BELOW:   6    0.01 INCH OR MORE:   5
MAX 90 OR ABOVE:   0    0.10 INCH OR MORE:   4
MIN 32 OR BELOW:  23    0.50 INCH OR MORE:   2
MIN  0 OR BELOW:   0    1.00 INCH OR MORE:   1

[HDD (BASE 65) ]
TOTAL THIS MO.   841    CLEAR  (SCALE 0-3)  10
DPTR FM NORMAL   222    PTCLDY (SCALE 4-7)  11
TOTAL FM JUL 1  3165    CLOUDY (SCALE 8-10)  5
DPTR FM NORMAL   250

[CDD (BASE 65) ]
TOTAL THIS MO.     0
DPTR FM NORMAL     0    [PRESSURE DATA]
TOTAL FM JAN 1     0    HIGHEST SLP M ON M
DPTR FM NORMAL     0    LOWEST  SLP 29.68 ON  1

[REMARKS]
