000
CXUS53 KSGF 270800
CF6JLN
PRELIMINARY LOCAL CLIMATOLOGICAL DATA (WS FORM: F-6)

                                          STATION:   JOPLIN MO
                                          MONTH:     FEBRUARY
                                          YEAR:      2015
                                          LATITUDE:   37 10 N
                                          LONGITUDE:  94 30 W

  TEMPERATURE IN F:       :PCPN:    SNOW:  WIND      :SUNSHINE: SKY     :PK WND
================================================================================
1   2   3   4   5  6A  6B    7    8   9   10  11  12  13   14  15   16   17  18
                                     12Z  AVG MX 2MIN
DY MAX MIN AVG DEP HDD CDD  WTR  SNW DPTH SPD SPD DIR MIN PSBL S-S WX    SPD DR
================================================================================

 1  43  16  30  -6  35   0 0.39    M    M 18.4 30 280   M    M  10 1      37 300
 2  30  13  22 -15  43   0    T    M    M  7.5 23 310   M    M   3 8      28 310
 3  54  24  39   2  26   0 0.00    M    M 13.2 23 300   M    M   0        30 210
 4  46  19  33  -4  32   0    T    M    M 12.7 22  10   M    M   5 168    29  20
 5  37  10  24 -13  41   0 0.00    M    M  6.6 14  20   M    M   1        22  20
 6  57  28  43   6  22   0 0.00    M    M 14.2 26 210   M    M   0        37 220
 7  72  39  56  18   9   0 0.00    M    M 15.9 26 200   M    M   0        32 210
 8  73  49  61  23   4   0 0.00    M    M 11.5 21 330   M    M   0        30 180
 9  50  32  41   3  24   0 0.00  0.0    0   M   M   M   M    M   6 18      M  M
10  61  28  45   7  20   0 0.00  0.0    0   M   M   M   M    M   2 18      M  M
11  44  24  34  -5  31   0 0.00  0.0    0  9.8 21 350   M    M   2        26 360
12  31  20  26 -13  39   0 0.00    M    M  9.0 23 360   M    M   1        31  10
13  50  25  38  -1  27   0 0.00    M    M  8.2 22 230   M    M   1        29 230
14  59  25  42   2  23   0 0.00    M    M 12.2 20  40   M    M   0        28 350
15  34  20  27 -13  38   0    T    M    M 12.4 21  80   M    M   4 146    27  90
16  24  12  18 -22  47   0    M    M    0  7.8 15 360   M    M   8 128    17  40
17  37  10  24 -16  41   0 0.01    M    M 10.3 25 310   M    M   4 18     32 310
18  25   9  17 -24  48   0 0.00    M    M 10.6 22 310   M    M   0        29 310
19  27   8  18 -23  47   0 0.00    M    M  6.2 15 110   M    M   6        21 120
20  36  22  29 -12  36   0 0.04    M    0  8.2 17  10   M    M   9 18     26 350
21  48  31  40  -2  25   0 0.06    M    M  6.6 14 360   M    M   7 168    19 100
22  37  20  29 -13  36   0    T    M    M 14.4 22  30   M    M  10        31  40
23  25  14  20 -22  45   0 0.00    M    M  9.0 18  20   M    M   9        26  20
24  41  22  32 -11  33   0 0.00    M    M 10.4 21 220   M    M   4        26 260
25  48  22  35  -8  30   0 0.00    M    M  7.8 25 330   M    M   1        33 350
26  29  15  22 -21  43   0 0.00    M    M 16.0 30 350   M    M   4        38 350
================================================================================
SM 1118  557       845   0  0.50     0.0 258.9          M       97
================================================================================
AV 43.0 21.4                              10.8 FASTST   M    M   4    MAX(MPH)
                                 MISC ---->  # 30 280               # 38  350
================================================================================
NOTES:
# LAST OF SEVERAL OCCURRENCES

COLUMN 17 PEAK WIND IN M.P.H.

PRELIMINARY LOCAL CLIMATOLOGICAL DATA (WS FORM: F-6) , PAGE 2

                                          STATION:  JOPLIN MO
                                          MONTH:    FEBRUARY
                                          YEAR:     2015
                                          LATITUDE:   37 10 N
                                          LONGITUDE:  94 30 W

[TEMPERATURE DATA]      [PRECIPITATION DATA]       SYMBOLS USED IN COLUMN 16

AVERAGE MONTHLY: 32.2   TOTAL FOR MONTH:   0.50    1 = FOG OR MIST
DPTR FM NORMAL:  -7.3   DPTR FM NORMAL:   -1.63    2 = FOG REDUCING VISIBILITY
HIGHEST:    73 ON  8    GRTST 24HR  0.64 ON 31- 1      TO 1/4 MILE OR LESS
LOWEST:      8 ON 19                               3 = THUNDER
                        SNOW, ICE PELLETS, HAIL    4 = ICE PELLETS
                        TOTAL MONTH:   0.0 INCH    5 = HAIL
                        GRTST 24HR     0.0         6 = FREEZING RAIN OR DRIZZLE
                        GRTST DEPTH:   0           7 = DUSTSTORM OR SANDSTORM:
                                                       VSBY 1/2 MILE OR LESS
                                                   8 = SMOKE OR HAZE
[NO. OF DAYS WITH]      [WEATHER - DAYS WITH]      9 = BLOWING SNOW
                                                   X = TORNADO
MAX 32 OR BELOW:   7    0.01 INCH OR MORE:   4
MAX 90 OR ABOVE:   0    0.10 INCH OR MORE:   1
MIN 32 OR BELOW:  24    0.50 INCH OR MORE:   0
MIN  0 OR BELOW:   0    1.00 INCH OR MORE:   0

[HDD (BASE 65) ]
TOTAL THIS MO.   845    CLEAR  (SCALE 0-3)  13
DPTR FM NORMAL   183    PTCLDY (SCALE 4-7)   8
TOTAL FM JUL 1  3444    CLOUDY (SCALE 8-10)  5
DPTR FM NORMAL   233

[CDD (BASE 65) ]
TOTAL THIS MO.     0
DPTR FM NORMAL     0    [PRESSURE DATA]
TOTAL FM JAN 1     0    HIGHEST SLP M ON M
DPTR FM NORMAL     0    LOWEST  SLP 29.72 ON M

[REMARKS]
