000
CXUS53 KBIS 240740
CF6JMS
PRELIMINARY LOCAL CLIMATOLOGICAL DATA (WS FORM: F-6)

                                          STATION:   JAMESTOWN ND
                                          MONTH:     DECEMBER
                                          YEAR:      2014
                                          LATITUDE:   46 55 N
                                          LONGITUDE:  98 40 W

  TEMPERATURE IN F:       :PCPN:    SNOW:  WIND      :SUNSHINE: SKY     :PK WND
================================================================================
1   2   3   4   5  6A  6B    7    8   9   10  11  12  13   14  15   16   17  18
                                     12Z  AVG MX 2MIN
DY MAX MIN AVG DEP HDD CDD  WTR  SNW DPTH SPD SPD DIR MIN PSBL S-S WX    SPD DR
================================================================================

 1  11 -24  -6 -25  71   0 0.00    M    M 13.6 25 170   M    M   0        30 170
 2  18   2  10  -9  55   0 0.00    M    M  9.2 18 290   M    M   2        21 290
 3  19   0  10  -8  55   0 0.00    M    M  8.1 18 290   M    M   0        24 270
 4  26   1  14  -4  51   0    T    M    M  4.4 12 150   M    M   2        15 140
 5  24   2  13  -4  52   0 0.00    M    M  7.5 17 350   M    M   2        21 340
 6  28   2  15  -2  50   0 0.00    M    M 10.9 23 170   M    M   6 128    29 170
 7  39  27  33  16  32   0    T    M    M 15.8 29 310   M    M   4 18     36 310
 8  27  12  20   4  45   0 0.00    M    M 15.6 30 310   M    M   8        37 310
 9  23  13  18   2  47   0 0.00    M    M 12.2 22 170   M    M   8 18     26 170
10  28  21  25   9  40   0 0.00    M    M 14.8 24 170   M    M   6 18     28 170
11  32  26  29  14  36   0 0.00    M    M 15.4 23 180   M    M  10 12     28 170
12  34  27  31  16  34   0 0.00    M    M 15.6 28 180   M    M   9 12     33 170
13  34  25  30  15  35   0 0.00    M    M  8.2 15 170   M    M   8 12     18 170
14  33  30  32  18  33   0 0.00    M    M 10.9 21 340   M    M  10 12     27 340
15  30  14  22   8  43   0    T    M    M 22.6 35 350   M    M  10 1      43 350
16  16   2   9  -5  56   0 0.00    M    M 10.6 22 350   M    M   1        27 350
17  18  -3   8  -5  57   0 0.00    M    M  3.9  8  90   M    M   0         9 100
18  24   3  14   1  51   0    T    M    M  9.3 14 170   M    M   9 1      18 170
19  32  21  27  14  38   0 0.00    M    M  8.7 15 180   M    M   9 12     20 180
20  30  18  24  11  41   0 0.00    M    M  9.2 16 180   M    M  10 128    21 170
21  33  21  27  15  38   0 0.00    M    M 10.1 17 150   M    M   9 12     22 140
22  34  32  33  21  32   0 0.02    M    M  8.5 13  10   M    M  10 12     15  10
23  33  26  30  18  35   0 0.01    M    M 18.0 25 340   M    M  10 1      32 340
================================================================================
SM  626  298      1027   0  0.03    M    263.1          M      143
================================================================================
AV 27.2 13.0                              11.4 FASTST   M    M   6    MAX(MPH)
                                 MISC ---->  # 35 350               # 43  350
================================================================================
NOTES:
# LAST OF SEVERAL OCCURRENCES

COLUMN 17 PEAK WIND IN M.P.H.

PRELIMINARY LOCAL CLIMATOLOGICAL DATA (WS FORM: F-6) , PAGE 2

                                          STATION:  JAMESTOWN ND
                                          MONTH:    DECEMBER
                                          YEAR:     2014
                                          LATITUDE:   46 55 N
                                          LONGITUDE:  98 40 W

[TEMPERATURE DATA]      [PRECIPITATION DATA]       SYMBOLS USED IN COLUMN 16

AVERAGE MONTHLY: 20.1   TOTAL FOR MONTH:   0.03    1 = FOG OR MIST
DPTR FM NORMAL:   5.0   DPTR FM NORMAL:   -0.26    2 = FOG REDUCING VISIBILITY
HIGHEST:    39 ON  7    GRTST 24HR  0.03 ON 22-23      TO 1/4 MILE OR LESS
LOWEST:    -24 ON  1                               3 = THUNDER
                        SNOW, ICE PELLETS, HAIL    4 = ICE PELLETS
                        TOTAL MONTH:    M          5 = HAIL
                        GRTST 24HR    M  ON   M    6 = FREEZING RAIN OR DRIZZLE
                        GRTST DEPTH:  M  ON   M    7 = DUSTSTORM OR SANDSTORM:
                                                       VSBY 1/2 MILE OR LESS
                                                   8 = SMOKE OR HAZE
[NO. OF DAYS WITH]      [WEATHER - DAYS WITH]      9 = BLOWING SNOW
                                                   X = TORNADO
MAX 32 OR BELOW:  16    0.01 INCH OR MORE:   2
MAX 90 OR ABOVE:   0    0.10 INCH OR MORE:   0
MIN 32 OR BELOW:  23    0.50 INCH OR MORE:   0
MIN  0 OR BELOW:   3    1.00 INCH OR MORE:   0

[HDD (BASE 65) ]
TOTAL THIS MO.  1027    CLEAR  (SCALE 0-3)   7
DPTR FM NORMAL  -120    PTCLDY (SCALE 4-7)   5
TOTAL FM JUL 1  3190    CLOUDY (SCALE 8-10) 11
DPTR FM NORMAL   -41

[CDD (BASE 65) ]
TOTAL THIS MO.     0
DPTR FM NORMAL     0    [PRESSURE DATA]
TOTAL FM JAN 1   367    HIGHEST SLP M ON M
DPTR FM NORMAL   -79    LOWEST  SLP 29.48 ON 22

[REMARKS]
