000
CXUS53 KBIS 210730
CF6JMS
PRELIMINARY LOCAL CLIMATOLOGICAL DATA (WS FORM: F-6)

                                          STATION:   JAMESTOWN ND
                                          MONTH:     OCTOBER
                                          YEAR:      2014
                                          LATITUDE:   46 55 N
                                          LONGITUDE:  98 40 W

  TEMPERATURE IN F:       :PCPN:    SNOW:  WIND      :SUNSHINE: SKY     :PK WND
================================================================================
1   2   3   4   5  6A  6B    7    8   9   10  11  12  13   14  15   16   17  18
                                     12Z  AVG MX 2MIN
DY MAX MIN AVG DEP HDD CDD  WTR  SNW DPTH SPD SPD DIR MIN PSBL S-S WX    SPD DR
================================================================================

 1  63  48  56   5   9   0 0.05    M    M 13.1 24 200   M    M   8        34 200
 2  66  41  54   4  11   0    T    M    M 14.1 35 310   M    M   3        47 320
 3  42  35  39 -11  26   0    T    M    M 23.6 36 320   M    M  10        45 310
 4  47  28  38 -12  27   0 0.00    M    M 11.8 21 320   M    M   3        26 290
 5  51  37  44  -5  21   0    T    M    M 15.5 30 300   M    M   8        38 300
 6  61  36  49   0  16   0 0.00    M    M 16.9 33 300   M    M   2        43 300
 7  57  40  49   1  16   0 0.00    M    M 16.9 33 320   M    M   6        40 310
 8  52  31  42  -6  23   0 0.00    M    M  7.4 20 330   M    M   1        25 330
 9  53  25  39  -8  26   0 0.00    M    M  3.7 13 330   M    M   0        16 320
10  57  23  40  -7  25   0 0.00    M    M  4.8 12 190   M    M   0        15 190
11  67  30  49   3  16   0 0.00    M    M 15.9 30 170   M    M   0        38 180
12  53  46  50   4  15   0 0.27    M    M 10.1 18 180   M    M   8 13     23 190
13  64  37  51   5  14   0 0.00    M    M 10.6 18 330   M    M   1        23 320
14  66  33  50   5  15   0 0.00    M    M  5.9 14 180   M    M   0        16 180
15  70  38  54   9  11   0 0.00    M    M 14.0 24 170   M    M   0        30 170
16  62  41  52   8  13   0 0.01    M    M 17.3 32 290   M    M   5 18     42 270
17  47  41  44   0  21   0 0.00    M    M 15.8 29 340   M    M  10 8      40 340
18  46  39  43   0  22   0 0.00    M    M  9.1 21 170   M    M   7        26 170
19  70  36  53  10  12   0 0.00    M    M 10.3 24 320   M    M   0        31 320
20  69  36  53  11  12   0 0.00    M    M  4.7 13 140   M    M   0        16 140
================================================================================
SM 1163  721       351   0  0.33    M    241.5          M       72
================================================================================
AV 58.2 36.0                              12.1 FASTST   M    M   4    MAX(MPH)
                                 MISC ---->  # 36 320               # 47  320
================================================================================
NOTES:
# LAST OF SEVERAL OCCURRENCES

COLUMN 17 PEAK WIND IN M.P.H.

PRELIMINARY LOCAL CLIMATOLOGICAL DATA (WS FORM: F-6) , PAGE 2

                                          STATION:  JAMESTOWN ND
                                          MONTH:    OCTOBER
                                          YEAR:     2014
                                          LATITUDE:   46 55 N
                                          LONGITUDE:  98 40 W

[TEMPERATURE DATA]      [PRECIPITATION DATA]       SYMBOLS USED IN COLUMN 16

AVERAGE MONTHLY: 47.1   TOTAL FOR MONTH:   0.33    1 = FOG OR MIST
DPTR FM NORMAL:   0.4   DPTR FM NORMAL:   -0.77    2 = FOG REDUCING VISIBILITY
HIGHEST:    70 ON 19,15 GRTST 24HR  0.27 ON 12-12      TO 1/4 MILE OR LESS
LOWEST:     23 ON 10                               3 = THUNDER
                        SNOW, ICE PELLETS, HAIL    4 = ICE PELLETS
                        TOTAL MONTH:    M          5 = HAIL
                        GRTST 24HR    M  ON   M    6 = FREEZING RAIN OR DRIZZLE
                        GRTST DEPTH:  M  ON   M    7 = DUSTSTORM OR SANDSTORM:
                                                       VSBY 1/2 MILE OR LESS
                                                   8 = SMOKE OR HAZE
[NO. OF DAYS WITH]      [WEATHER - DAYS WITH]      9 = BLOWING SNOW
                                                   X = TORNADO
MAX 32 OR BELOW:   0    0.01 INCH OR MORE:   3
MAX 90 OR ABOVE:   0    0.10 INCH OR MORE:   1
MIN 32 OR BELOW:   5    0.50 INCH OR MORE:   0
MIN  0 OR BELOW:   0    1.00 INCH OR MORE:   0

[HDD (BASE 65) ]
TOTAL THIS MO.   351    CLEAR  (SCALE 0-3)  12
DPTR FM NORMAL   -17    PTCLDY (SCALE 4-7)   6
TOTAL FM JUL 1   625    CLOUDY (SCALE 8-10)  2
DPTR FM NORMAL   -61

[CDD (BASE 65) ]
TOTAL THIS MO.     0
DPTR FM NORMAL     0    [PRESSURE DATA]
TOTAL FM JAN 1   367    HIGHEST SLP M ON M
DPTR FM NORMAL   -78    LOWEST  SLP 29.46 ON 16

[REMARKS]
