000
CXHW50 PHFO 281250
CF6JRF
PRELIMINARY LOCAL CLIMATOLOGICAL DATA (WS FORM: F-6)

                                          STATION:   KALAELOA ARPT/OAHU HI
                                          MONTH:     MAY
                                          YEAR:      2017
                                          LATITUDE:   21 19 N
                                          LONGITUDE: 158  4 W

  TEMPERATURE IN F:       :PCPN:    SNOW:  WIND      :SUNSHINE: SKY     :PK WND
================================================================================
1   2   3   4   5  6A  6B    7    8   9   10  11  12  13   14  15   16   17  18
                                     12Z  AVG MX 2MIN
DY MAX MIN AVG DEP HDD CDD  WTR  SNW DPTH SPD SPD DIR MIN PSBL S-S WX    SPD DR
================================================================================

 1  86  66  76   1   0  11    T  0.0    M  6.0 18 140   M    M   M        23 150
 2  86  72  79   4   0  14 0.00  0.0    M  5.8 16 140   M    M   M        19 140
 3  88  71  80   5   0  15 0.00  0.0    M  5.3 16 150   M    M   M        20 140
 4  89  72  81   6   0  16    T  0.0    M  6.9 13  50   M    M   M        21  40
 5  88  70  79   4   0  14 0.00  0.0    M  6.6 16 120   M    M   M        22 120
 6  89  70  80   5   0  15 0.00  0.0    M  7.1 14 130   M    M   M        21 110
 7  87  72  80   5   0  15 0.00  0.0    M  7.0 17 120   M    M   M        25 120
 8  85  72  79   4   0  14 0.06  0.0    M  4.3 13  30   M    M   M        16  20
 9  87  70  79   4   0  14 0.00  0.0    M  6.3 17 120   M    M   M        25 130
10  88  71  80   4   0  15    T  0.0    M  6.6 14  60   M    M   M        23  70
11  88  70  79   3   0  14    T  0.0    M  7.3 16 120   M    M   M        22 120
12  88  73  81   5   0  16 0.00  0.0    M  7.6 15 130   M    M   M        23 120
13  89  72  81   5   0  16    T  0.0    M  8.3 18  70   M    M   M        29  70
14  87  73  80   4   0  15    T  0.0    M  8.6 16  60   M    M   M        27  90
15  89  74  82   6   0  17    T  0.0    M  7.8 16  40   M    M   M        28  30
16  88  74  81   5   0  16    T  0.0    M  8.1 18  50   M    M   M        29  90
17  87  70  79   3   0  14 0.00  0.0    M  6.2 15  70   M    M   M        23 120
18  86  67  77   1   0  12 0.35  0.0    M  5.9 16 140   M    M   M        19 150
19  85  66  76   0   0  11 0.01  0.0    M  5.8 13 150   M    M   M        17 150
20  85  70  78   2   0  13    T  0.0    M  5.0 13 150   M    M   M        16 150
21  90  68  79   3   0  14 0.00  0.0    M  6.2 15  60   M    M   M        21  50
22  87  68  78   2   0  13 0.00  0.0    M  7.8 17  50   M    M   M        27  60
23  89  72  81   5   0  16 0.08  0.0    M  7.7 18  70   M    M   M 1      27  70
24  87  70  79   2   0  14 0.02  0.0    M  5.0 14  40   M    M   M        22  30
25  88  71  80   3   0  15 0.05  0.0    M  6.6 13 110   M    M   M        22 120
26  85  68  77   0   0  12    T  0.0    M  4.6 12 170   M    M   M        15 150
27  84  66  75  -2   0  10 0.00  0.0    M  5.8 13 150   M    M   M        18 150
================================================================================
SM 2355 1898         0 381  0.57     0.0 176.2          M        M
================================================================================
AV 87.2 70.3                               6.5 FASTST   M    M -nan   MAX(MPH)
                                 MISC ---->  # 18 140               # 29   70
================================================================================
NOTES:
# LAST OF SEVERAL OCCURRENCES

COLUMN 17 PEAK WIND IN M.P.H.

PRELIMINARY LOCAL CLIMATOLOGICAL DATA (WS FORM: F-6) , PAGE 2

                                          STATION:  KALAELOA ARPT/OAHU HI
                                          MONTH:    MAY
                                          YEAR:     2017
                                          LATITUDE:   21 19 N
                                          LONGITUDE: 158  4 W

[TEMPERATURE DATA]      [PRECIPITATION DATA]       SYMBOLS USED IN COLUMN 16

AVERAGE MONTHLY: 78.8   TOTAL FOR MONTH:   0.57    1 = FOG OR MIST
DPTR FM NORMAL:   2.9   DPTR FM NORMAL:   -0.37    2 = FOG REDUCING VISIBILITY
HIGHEST:    90 ON 21    GRTST 24HR  1.10 ON 30- 1      TO 1/4 MILE OR LESS
LOWEST:     66 ON 27,19                            3 = THUNDER
                        SNOW, ICE PELLETS, HAIL    4 = ICE PELLETS
                        TOTAL MONTH:   0.0 INCH    5 = HAIL
                        GRTST 24HR     0.0         6 = FREEZING RAIN OR DRIZZLE
                        GRTST DEPTH:  M  ON   M    7 = DUSTSTORM OR SANDSTORM:
                                                       VSBY 1/2 MILE OR LESS
                                                   8 = SMOKE OR HAZE
[NO. OF DAYS WITH]      [WEATHER - DAYS WITH]      9 = BLOWING SNOW
                                                   X = TORNADO
MAX 32 OR BELOW:   0    0.01 INCH OR MORE:   6
MAX 90 OR ABOVE:   1    0.10 INCH OR MORE:   1
MIN 32 OR BELOW:   0    0.50 INCH OR MORE:   0
MIN  0 OR BELOW:   0    1.00 INCH OR MORE:   0

[HDD (BASE 65) ]
TOTAL THIS MO.     0    CLEAR  (SCALE 0-3)   0
DPTR FM NORMAL     0    PTCLDY (SCALE 4-7)   0
TOTAL FM JUL 1     0    CLOUDY (SCALE 8-10)  0
DPTR FM NORMAL     0

[CDD (BASE 65) ]
TOTAL THIS MO.   381
DPTR FM NORMAL    89    [PRESSURE DATA]
TOTAL FM JAN 1  1632    HIGHEST SLP M ON M
DPTR FM NORMAL   313    LOWEST  SLP 29.97 ON M

[REMARKS]
